-- Table structure for table `1_sales_pos`
--

CREATE TABLE `1_sales_pos` (
  `id` smallint unsigned NOT NULL AUTO_INCREMENT,
  `pos_name` varchar(30) CHARACTER SET utf8mb3 COLLATE utf8mb3_unicode_ci NOT NULL,
  `cash_sale` tinyint(1) NOT NULL,
  `credit_sale` tinyint(1) NOT NULL,
  `pos_location` varchar(5) CHARACTER SET utf8mb3 COLLATE utf8mb3_unicode_ci NOT NULL,
  `pos_account` smallint unsigned NOT NULL,
  `inactive` tinyint(1) NOT NULL DEFAULT '0',
  PRIMARY KEY (`id`),
  UNIQUE KEY `pos_name` (`pos_name`)
) ENGINE=InnoDB AUTO_INCREMENT=2 DEFAULT CHARSET=utf8mb3 COLLATE=utf8mb3_unicode_ci;

--
-- Dumping data for table `1_sales_pos`
--

INSERT INTO `1_sales_pos` (`id`, `pos_name`, `cash_sale`, `credit_sale`, `pos_location`, `pos_account`, `inactive`) VALUES (1,'Default',1,1,'DEF',3,0);

--
-- Table structure for table `1_sales_types`
--

CREATE TABLE `1_sales_types` (
  `id` int NOT NULL AUTO_INCREMENT,
  `sales_type` char(50) CHARACTER SET utf8mb3 COLLATE utf8mb3_unicode_ci NOT NULL DEFAULT '',
  `tax_included` int NOT NULL DEFAULT '0',
  `factor` double NOT NULL DEFAULT '1',
  `inactive` tinyint(1) NOT NULL DEFAULT '0',
  PRIMARY KEY (`id`),
  UNIQUE KEY `sales_type` (`sales_type`)
) ENGINE=InnoDB AUTO_INCREMENT=3 DEFAULT CHARSET=utf8mb3 COLLATE=utf8mb3_unicode_ci;

--
-- Dumping data for table `1_sales_types`
--

INSERT INTO `1_sales_types` (`id`, `sales_type`, `tax_included`, `factor`, `inactive`) VALUES (1,'Ritel',0,1,0),(2,'Grosir',0,0.7,0);

--
-- Table structure for table `1_salesman`
--

CREATE TABLE `1_salesman` (
  `salesman_code` int NOT NULL AUTO_INCREMENT,
  `salesman_name` char(60) CHARACTER SET utf8mb3 COLLATE utf8mb3_unicode_ci NOT NULL DEFAULT '',
  `salesman_phone` char(30) CHARACTER SET utf8mb3 COLLATE utf8mb3_unicode_ci NOT NULL DEFAULT '',
  `salesman_fax` char(30) CHARACTER SET utf8mb3 COLLATE utf8mb3_unicode_ci NOT NULL DEFAULT '',
  `salesman_email` varchar(100) CHARACTER SET utf8mb3 COLLATE utf8mb3_unicode_ci NOT NULL DEFAULT '',
  `provision` double NOT NULL DEFAULT '0',
  `break_pt` double NOT NULL DEFAULT '0',
  `provision2` double NOT NULL DEFAULT '0',
  `inactive` tinyint(1) NOT NULL DEFAULT '0',
  PRIMARY KEY (`salesman_code`),
  UNIQUE KEY `salesman_name` (`salesman_name`)
) ENGINE=InnoDB AUTO_INCREMENT=4 DEFAULT CHARSET=utf8mb3 COLLATE=utf8mb3_unicode_ci;

--
-- Dumping data for table `1_salesman`
--

INSERT INTO `1_salesman` (`salesman_code`, `salesman_name`, `salesman_phone`, `salesman_fax`, `salesman_email`, `provision`, `break_pt`, `provision2`, `inactive`) VALUES (1,'Sales Person','','','',5,20000,4,0),(2,'Eko Mulyono','085777708572','','eko091175@yahoo.com',0,0,0,0),(3,'Selvi Fuji Rahmayanti','08118308088','','',0,0,0,0);

--
-- Table structure for table `1_security_roles`
--

CREATE TABLE `1_security_roles` (
  `id` int NOT NULL AUTO_INCREMENT,
  `role` varchar(30) CHARACTER SET utf8mb3 COLLATE utf8mb3_unicode_ci NOT NULL,
  `description` varchar(50) CHARACTER SET utf8mb3 COLLATE utf8mb3_unicode_ci DEFAULT NULL,
  `sections` text CHARACTER SET utf8mb3 COLLATE utf8mb3_unicode_ci,
  `areas` text CHARACTER SET utf8mb3 COLLATE utf8mb3_unicode_ci,
  `inactive` tinyint(1) NOT NULL DEFAULT '0',
  PRIMARY KEY (`id`),
  UNIQUE KEY `role` (`role`)
) ENGINE=InnoDB AUTO_INCREMENT=11 DEFAULT CHARSET=utf8mb3 COLLATE=utf8mb3_unicode_ci;

--
-- Dumping data for table `1_security_roles`
--

INSERT INTO `1_security_roles` (`id`, `role`, `description`, `sections`, `areas`, `inactive`) VALUES (1,'Pencarian','Pencarian','768;2816;3072;3328;5632;5888;8192;8448;10752;11008;13312;15872;16128','257;258;259;260;513;514;515;516;517;518;519;520;521;522;523;524;525;773;774;2822;3073;3075;3076;3077;3329;3330;3331;3332;3333;3334;3335;5377;5633;5640;5889;5890;5891;7937;7938;7939;7940;8193;8194;8450;8451;10497;10753;11009;11010;11012;13313;13315;15617;15618;15619;15620;15621;15622;15623;15624;15625;15626;15873;15882;16129;16130;16131;16132;775',0),(2,'Admin Sistem','Admin Sistem','256;512;768;2816;3072;3328;5376;5632;5888;7936;8192;8448;9216;9472;9728;10496;10752;11008;13056;13312;15616;15872;16128','257;258;259;260;513;514;515;516;517;518;519;520;521;522;523;524;525;526;769;770;771;772;773;774;775;2817;2818;2819;2820;2821;2822;2823;3073;3074;3082;3075;3076;3077;3078;3079;3080;3081;3329;3330;3331;3332;3333;3334;3335;5377;5633;5634;5635;5636;5637;5641;5638;5639;5640;5889;5890;5891;7937;7938;7939;7940;8193;8194;8195;8196;8197;8449;8450;8451;9217;9218;9220;9473;9474;9475;9476;9729;10497;10753;10754;10755;10756;10757;11009;11010;11011;11012;13057;13313;13314;13315;15617;15618;15619;15620;15621;15622;15623;15624;15628;15625;15626;15627;15630;15629;15873;15874;15875;15876;15877;15878;15879;15880;15883;15881;15882;15884;16129;16130;16131;16132',0),(3,'Mgr Sales','Mgr Sales','768;3072;5632;8192;15872','773;774;3073;3075;3081;5633;8194;15873;775',0),(4,'Mgr Gudang','Mgr Gudang','7936;8192;8448;11008;13312;15872;16128','7937;7938;7939;7940;8193;8194;8195;8196;8197;8449;8450;8451;775',0),(5,'Mgr Produksi','Mgr Produksi','512;2816;3072;3328;5632;5888;8192;8448;10752;11008;13312;15616;15872;16128;768','775',0),(6,'Pembelian','Pembelian','512;768;2816;3072;3328;5376;5632;5888;7936;8192;8448;9472;9728;10752;11008;13312;15616;15872;16128','775;5377;5633;5634;5635;5636;5637;5641;5638;5639;5640;5889;5890;5891;7937;7938;7939;7940;8193;8194;8195;8196;8197;8449;8450;8451;9473;9474;9475;9476;9729',0),(7,'Penagihan','Penagihan','512;768;2816;3072;3328;5632;5888;8192;8448;10752;11008;13312;15616;15872;16128','521;523;524;771;773;774;2818;2819;2820;2821;2822;2823;3073;3073;3074;3075;3076;3077;3078;3079;3080;3081;3081;3329;3330;3330;3330;3331;3331;3332;3333;3334;3335;5633;5633;5634;5637;5638;5639;5640;5640;5889;5890;5891;8193;8194;8194;8196;8197;8450;8451;10753;10755;11009;11010;11012;13313;13315;15617;15619;15620;15621;15624;15624;15873;15876;15877;15878;15880;15882;16129;16130;16131;16132;775',0),(8,'Pembayaran','Pembayaran','512;2816;3072;3328;5376;5632;5888;8192;8448;10752;11008;13312;15616;15872;16128;768','775',0),(9,'Akuntan','Akuntan Baru','512;768;2816;3072;3328;5376;5632;5888;8192;8448;10752;11008;13312;15616;15872;16128','257;258;259;260;521;523;524;771;772;773;774;2818;2819;2820;2821;2822;2823;3073;3074;3075;3076;3077;3078;3079;3080;3081;3329;3330;3331;3332;3333;3334;3335;5377;5633;5634;5635;5637;5638;5639;5640;5889;5890;5891;7937;7938;7939;7940;8193;8194;8196;8197;8449;8450;8451;10497;10753;10755;11009;11010;11012;13313;13315;15617;15618;15619;15620;15621;15624;15873;15876;15877;15878;15880;15882;16129;16130;16131;16132;775',0),(10,'Sub Admin','Sub Admin','512;768;2816;3072;3328;5376;5632;5888;8192;8448;10752;11008;13312;15616;15872;16128','257;258;259;260;521;523;524;771;772;773;774;2818;2819;2820;2821;2822;2823;3073;3074;3082;3075;3076;3077;3078;3079;3080;3081;3329;3330;3331;3332;3333;3334;3335;5377;5633;5634;5635;5637;5638;5639;5640;5889;5890;5891;7937;7938;7939;7940;8193;8194;8196;8197;8449;8450;8451;10497;10753;10755;11009;11010;11012;13057;13313;13315;15617;15619;15620;15621;15624;15873;15874;15876;15877;15878;15879;15880;15882;16129;16130;16131;16132;775',0);

--
-- Table structure for table `1_shippers`
--

CREATE TABLE `1_shippers` (
  `shipper_id` int NOT NULL AUTO_INCREMENT,
  `shipper_name` varchar(60) CHARACTER SET utf8mb3 COLLATE utf8mb3_unicode_ci NOT NULL DEFAULT '',
  `phone` varchar(30) CHARACTER SET utf8mb3 COLLATE utf8mb3_unicode_ci NOT NULL DEFAULT '',
  `phone2` varchar(30) CHARACTER SET utf8mb3 COLLATE utf8mb3_unicode_ci NOT NULL DEFAULT '',
  `contact` tinytext CHARACTER SET utf8mb3 COLLATE utf8mb3_unicode_ci NOT NULL,
  `address` tinytext CHARACTER SET utf8mb3 COLLATE utf8mb3_unicode_ci NOT NULL,
  `inactive` tinyint(1) NOT NULL DEFAULT '0',
  PRIMARY KEY (`shipper_id`),
  UNIQUE KEY `name` (`shipper_name`)
) ENGINE=InnoDB AUTO_INCREMENT=3 DEFAULT CHARSET=utf8mb3 COLLATE=utf8mb3_unicode_ci;

--
-- Dumping data for table `1_shippers`
--

INSERT INTO `1_shippers` (`shipper_id`, `shipper_name`, `phone`, `phone2`, `contact`, `address`, `inactive`) VALUES (2,'Kantor Pusat','083807831739','','Achmad Fauzi','Cluster Makarona 1 No. 2. Jl. Masjid Al Falak.',0);

--
-- Table structure for table `1_sql_trail`
--

CREATE TABLE `1_sql_trail` (
  `id` int unsigned NOT NULL AUTO_INCREMENT,
  `sql` text CHARACTER SET utf8mb3 COLLATE utf8mb3_unicode_ci NOT NULL,
  `result` tinyint(1) NOT NULL,
  `msg` varchar(255) CHARACTER SET utf8mb3 COLLATE utf8mb3_unicode_ci NOT NULL,
  PRIMARY KEY (`id`)
) ENGINE=InnoDB DEFAULT CHARSET=utf8mb3 COLLATE=utf8mb3_unicode_ci;

--
-- Dumping data for table `1_sql_trail`
--


--
-- Table structure for table `1_stock_category`
--

CREATE TABLE `1_stock_category` (
  `category_id` int NOT NULL AUTO_INCREMENT,
  `description` varchar(60) CHARACTER SET utf8mb3 COLLATE utf8mb3_unicode_ci NOT NULL DEFAULT '',
  `dflt_tax_type` int NOT NULL DEFAULT '1',
  `dflt_units` varchar(20) CHARACTER SET utf8mb3 COLLATE utf8mb3_unicode_ci NOT NULL DEFAULT 'each',
  `dflt_mb_flag` char(1) CHARACTER SET utf8mb3 COLLATE utf8mb3_unicode_ci NOT NULL DEFAULT 'B',
  `dflt_sales_act` varchar(15) CHARACTER SET utf8mb3 COLLATE utf8mb3_unicode_ci NOT NULL DEFAULT '',
  `dflt_cogs_act` varchar(15) CHARACTER SET utf8mb3 COLLATE utf8mb3_unicode_ci NOT NULL DEFAULT '',
  `dflt_inventory_act` varchar(15) CHARACTER SET utf8mb3 COLLATE utf8mb3_unicode_ci NOT NULL DEFAULT '',
  `dflt_adjustment_act` varchar(15) CHARACTER SET utf8mb3 COLLATE utf8mb3_unicode_ci NOT NULL DEFAULT '',
  `dflt_wip_act` varchar(15) CHARACTER SET utf8mb3 COLLATE utf8mb3_unicode_ci NOT NULL DEFAULT '',
  `dflt_dim1` int DEFAULT NULL,
  `dflt_dim2` int DEFAULT NULL,
  `inactive` tinyint(1) NOT NULL DEFAULT '0',
  `dflt_no_sale` tinyint(1) NOT NULL DEFAULT '0',
  `dflt_no_purchase` tinyint(1) NOT NULL DEFAULT '0',
  PRIMARY KEY (`category_id`),
  UNIQUE KEY `description` (`description`)
) ENGINE=InnoDB AUTO_INCREMENT=7 DEFAULT CHARSET=utf8mb3 COLLATE=utf8mb3_unicode_ci;

--
-- Dumping data for table `1_stock_category`
--

INSERT INTO `1_stock_category` (`category_id`, `description`, `dflt_tax_type`, `dflt_units`, `dflt_mb_flag`, `dflt_sales_act`, `dflt_cogs_act`, `dflt_inventory_act`, `dflt_adjustment_act`, `dflt_wip_act`, `dflt_dim1`, `dflt_dim2`, `inactive`, `dflt_no_sale`, `dflt_no_purchase`) VALUES (1,'Komponen',1,'each','B','4100','5101','1410','5104','1415',0,0,0,0,0),(2,'Jasa',1,'each','D','4100','5101','1420','5104','1415',0,0,0,0,0),(3,'Barang Dagang',1,'each','B','4100','5101','1420','5104','1415',0,0,0,0,0),(4,'Barang Jadi',1,'each','M','4100','5101','1420','5104','1415',0,0,0,0,0),(5,'Peralatan Kerja',1,'each','F','4100','5101','1420','5104','1415',0,0,0,0,1),(6,'Peralatan Kantor',1,'each','F','4100','5101','1420','5104','1415',0,0,0,0,1);

--
-- Table structure for table `1_stock_fa_class`
--

CREATE TABLE `1_stock_fa_class` (
  `fa_class_id` varchar(20) CHARACTER SET utf8mb3 COLLATE utf8mb3_unicode_ci NOT NULL DEFAULT '',
  `parent_id` varchar(20) CHARACTER SET utf8mb3 COLLATE utf8mb3_unicode_ci NOT NULL DEFAULT '',
  `description` varchar(200) CHARACTER SET utf8mb3 COLLATE utf8mb3_unicode_ci NOT NULL DEFAULT '',
  `long_description` tinytext CHARACTER SET utf8mb3 COLLATE utf8mb3_unicode_ci NOT NULL,
  `depreciation_rate` double NOT NULL DEFAULT '0',
  `inactive` tinyint(1) NOT NULL DEFAULT '0',
  PRIMARY KEY (`fa_class_id`)
) ENGINE=InnoDB DEFAULT CHARSET=utf8mb3 COLLATE=utf8mb3_unicode_ci;

--
-- Dumping data for table `1_stock_fa_class`
--


--
-- Table structure for table `1_stock_master`
--

CREATE TABLE `1_stock_master` (
  `stock_id` varchar(20) CHARACTER SET utf8mb3 COLLATE utf8mb3_unicode_ci NOT NULL DEFAULT '',
  `category_id` int NOT NULL DEFAULT '0',
  `tax_type_id` int NOT NULL DEFAULT '0',
  `description` varchar(200) CHARACTER SET utf8mb3 COLLATE utf8mb3_unicode_ci NOT NULL DEFAULT '',
  `long_description` tinytext CHARACTER SET utf8mb3 COLLATE utf8mb3_unicode_ci NOT NULL,
  `units` varchar(20) CHARACTER SET utf8mb3 COLLATE utf8mb3_unicode_ci NOT NULL DEFAULT 'each',
  `mb_flag` char(1) CHARACTER SET utf8mb3 COLLATE utf8mb3_unicode_ci NOT NULL DEFAULT 'B',
  `sales_account` varchar(15) CHARACTER SET utf8mb3 COLLATE utf8mb3_unicode_ci NOT NULL DEFAULT '',
  `cogs_account` varchar(15) CHARACTER SET utf8mb3 COLLATE utf8mb3_unicode_ci NOT NULL DEFAULT '',
  `inventory_account` varchar(15) CHARACTER SET utf8mb3 COLLATE utf8mb3_unicode_ci NOT NULL DEFAULT '',
  `adjustment_account` varchar(15) CHARACTER SET utf8mb3 COLLATE utf8mb3_unicode_ci NOT NULL DEFAULT '',
  `wip_account` varchar(15) CHARACTER SET utf8mb3 COLLATE utf8mb3_unicode_ci NOT NULL DEFAULT '',
  `dimension_id` int DEFAULT NULL,
  `dimension2_id` int DEFAULT NULL,
  `purchase_cost` double NOT NULL DEFAULT '0',
  `material_cost` double NOT NULL DEFAULT '0',
  `labour_cost` double NOT NULL DEFAULT '0',
  `overhead_cost` double NOT NULL DEFAULT '0',
  `inactive` tinyint(1) NOT NULL DEFAULT '0',
  `no_sale` tinyint(1) NOT NULL DEFAULT '0',
  `no_purchase` tinyint(1) NOT NULL DEFAULT '0',
  `editable` tinyint(1) NOT NULL DEFAULT '0',
  `depreciation_method` char(1) CHARACTER SET utf8mb3 COLLATE utf8mb3_unicode_ci NOT NULL DEFAULT 'S',
  `depreciation_rate` double NOT NULL DEFAULT '0',
  `depreciation_factor` double NOT NULL DEFAULT '0',
  `depreciation_start` date NOT NULL DEFAULT '0000-00-00',
  `depreciation_date` date NOT NULL DEFAULT '0000-00-00',
  `fa_class_id` varchar(20) CHARACTER SET utf8mb3 COLLATE utf8mb3_unicode_ci NOT NULL DEFAULT '',
  PRIMARY KEY (`stock_id`)
) ENGINE=InnoDB DEFAULT CHARSET=utf8mb3 COLLATE=utf8mb3_unicode_ci;

--
-- Dumping data for table `1_stock_master`
--

INSERT INTO `1_stock_master` (`stock_id`, `category_id`, `tax_type_id`, `description`, `long_description`, `units`, `mb_flag`, `sales_account`, `cogs_account`, `inventory_account`, `adjustment_account`, `wip_account`, `dimension_id`, `dimension2_id`, `purchase_cost`, `material_cost`, `labour_cost`, `overhead_cost`, `inactive`, `no_sale`, `no_purchase`, `editable`, `depreciation_method`, `depreciation_rate`, `depreciation_factor`, `depreciation_start`, `depreciation_date`, `fa_class_id`) VALUES ('6208',2,1,'Biaya Perawatan Barang','Biaya Perawatan Barang','each','D','4100','5101','1420','5104','1415',0,0,48300,0,0,0,0,0,0,1,'',0,0,'0000-00-00','0000-00-00',''),('6209',2,1,'Biaya Materai','Biaya Materai','each','D','4100','5101','1420','5104','1415',0,0,0,0,0,0,0,0,0,0,'',0,0,'0000-00-00','0000-00-00',''),('AC001',3,1,'1PK DAIKIN Inverter Air Conditioner Split Wall','1PK DAIKIN Inverter Air Conditioner Split Wall','each','B','4100','5101','1420','5104','1415',0,0,0,0,0,0,0,0,0,1,'',0,0,'0000-00-00','0000-00-00',''),('AC002',2,1,'Cuci AC Split 0.5-2PK','Cuci AC Split 0.5-2PK','each','D','4100','5101','1420','5104','1415',0,0,0,0,0,0,0,0,0,1,'',0,0,'0000-00-00','0000-00-00',''),('AC003',2,1,'Cuci AC Cassette 4PK - 5PK','Cuci AC Cassette 4PK - 5PK','each','D','4100','5101','1420','5104','1415',0,0,0,0,0,0,0,0,0,1,'',0,0,'0000-00-00','0000-00-00',''),('AC005',1,1,'Analaog CCTV Outdoor DS-2CE16D0T-EXLPF 2MP','Analaog CCTV Outdoor DS-2CE16D0T-EXLPF 2MP','each','B','4100','5101','1410','5104','1415',0,0,0,0,0,0,0,0,0,1,'',0,0,'0000-00-00','0000-00-00',''),('AC006',1,1,'Analaog CCTV Indoor DS-2CE76D0T-EXLPF 2MP','Analaog CCTV Indoor DS-2CE76D0T-EXLPF 2MP','each','B','4100','5101','1410','5104','1415',0,0,0,0,0,0,0,0,0,1,'',0,0,'0000-00-00','0000-00-00',''),('AC007',2,1,'Cuci AC Split 2.5PK	','Cuci AC Split 2.5PK	','each','D','4100','5101','1420','5104','1415',0,0,0,0,0,0,0,0,0,1,'',0,0,'0000-00-00','0000-00-00',''),('AC008',1,1,'Isi Freon R32/R410','Isi Freon R32/R410','each','B','4100','5101','1410','5104','1415',0,0,0,0,0,0,0,0,0,1,'',0,0,'0000-00-00','0000-00-00',''),('AC009',1,1,'Tambah Freon R32/410','Tambah Freon R32/410','each','B','4100','5101','1410','5104','1415',0,0,0,0,0,0,0,0,0,1,'',0,0,'0000-00-00','0000-00-00',''),('AD001',1,1,'Adaptor Jack DC Male','Adaptor Jack DC Male','each','D','4100','5101','1410','5104','1415',0,0,155700,0,0,0,0,0,0,1,'',0,0,'0000-00-00','0000-00-00',''),('AD002',3,1,'ZKTeko LX50 Access Door RFID - Complete','ZKTeko LX50 Access Door RFID - Complete','each','B','4100','5101','1420','5104','1415',0,0,0,0,0,0,0,0,0,1,'',0,0,'0000-00-00','0000-00-00',''),('AD003',3,1,'ZKTeko LX50 - Time Attendace - Included with 50 RFID Cards','ZKTeko LX50 - Time Attendace - Included with 50 RFID Cards','each','B','4100','5101','1420','5104','1415',0,0,0,0,0,0,0,0,0,1,'',0,0,'0000-00-00','0000-00-00',''),('AD004',3,1,'HikVision DS-K1T8003MF Network Time Attendance','HikVision DS-K1T8003MF Network Time Attendance','each','B','4100','5101','1420','5104','1415',0,0,0,0,0,0,0,0,0,1,'',0,0,'0000-00-00','0000-00-00',''),('AD005',3,1,'Hikvision DS-K1T801M Value Series Card Terminal','Standalone access control card terminal,\r\n3000 card storage, Access control function,\r\nSupports authentication method of card and password, Saved data is retained even when device is powered-off','each','B','4100','5101','1420','5104','1415',0,0,0,0,0,0,0,0,0,1,'',0,0,'0000-00-00','0000-00-00',''),('AD006',3,1,'Hikvision DS-KAS-7M01 Accessory Kit','Hikvision DS-KAS-7M01 Accessory Kit','each','B','4100','5101','1420','5104','1415',0,0,0,0,0,0,0,0,0,1,'',0,0,'0000-00-00','0000-00-00',''),('AE001',3,1,'Automated External Defibrilator HR501','Automated External Defibrilator HR501','each','B','4100','5101','1420','5104','1415',0,0,0,0,0,0,0,0,0,1,'',0,0,'0000-00-00','0000-00-00',''),('AE002',3,1,'AED Box With Alarm and Strobe light WAP-812-M2B','AED Box With Alarm and Strobe light WAP-812-M2B','each','B','4100','5101','1420','5104','1415',0,0,0,0,0,0,0,0,0,1,'',0,0,'0000-00-00','0000-00-00',''),('AM001',2,1,' IT Support Annual Maintenance Contract Business Hours - Monthly','AM01 IT Support Annual Maintenance Contract Business Hours - Monthly','each','D','4100','5101','1420','5104','1415',0,0,0,0,0,0,0,0,0,1,'',0,0,'0000-00-00','0000-00-00',''),('AMC01',1,1,'IT Support Business Hour Contract','IT Support Annual Maintenance Contract - Monthly\r\n- 4x/Month Business Hours onsite Response 1 hour response\r\n- Business Hours Remote Support 30 minutes response\r\n- Business Hours Ticketing System 15 minutes response\r\n- Next Day Escalation Support','each','D','4100','5101','1410','5104','1415',0,0,0,0,0,0,0,0,0,1,'',0,0,'0000-00-00','0000-00-00',''),('AMC02',2,1,'IT Support 24 Hours Contract','IT Support Annual Maintenance Contract - Monthly\r\n- 4x/Month 24 Hours onsite Response 1 hour response\r\n- 24 Hours Remote Support 30 minutes response\r\n- 24 Hours Ticketing System 15 minutes response\r\n- Next Day Escalation Support','each','D','4100','5101','1420','5104','1415',0,0,0,0,0,0,0,0,0,1,'',0,0,'0000-00-00','0000-00-00',''),('AP001',1,1,'Access Point Unifi','Access Point Unifi','each','D','4100','5101','1420','5104','1415',0,0,0,0,0,0,0,0,0,1,'',0,0,'0000-00-00','0000-00-00',''),('AP002',1,1,'Access Point TPLink Archer AX1500','Access Point TPLink Archer AX1500','each','D','4100','5101','1410','5104','1415',0,0,717000,0,0,0,0,0,0,1,'',0,0,'0000-00-00','0000-00-00',''),('AP003',1,1,'Access Point TPLink Archer C54','Access Point TPLink Archer C54','each','D','4100','5101','1410','5104','1415',0,0,278000,0,0,0,0,0,0,1,'',0,0,'0000-00-00','0000-00-00',''),('AP004',3,1,'Fortinet Access Point FAP-221E-F','Fortinet Access Point FAP-221E-F','each','B','4100','5101','1420','5104','1415',0,0,0,0,0,0,0,0,0,1,'',0,0,'0000-00-00','0000-00-00',''),('AP005',3,1,'Aruba AP-635','Aruba AP-635 (RW) Campus AP R7J27A','each','B','4100','5101','1420','5104','1415',0,0,0,0,0,0,0,0,0,1,'',0,0,'0000-00-00','0000-00-00',''),('AP006',3,1,'Ubiquity Unifi UAP-AC-M','Ubiquity Unifi UAP-AC-M','each','B','4100','5101','1420','5104','1415',0,0,0,0,0,0,0,0,0,1,'',0,0,'0000-00-00','0000-00-00',''),('AP007',4,1,'Ruijie Wall Mount Access Point RG-RAP1200(P)','Ruijie Wall Mount Access Point RG-RAP1200(P)','each','M','4100','5101','1420','5104','1415',0,0,0,0,0,0,0,0,0,1,'',0,0,'0000-00-00','0000-00-00',''),('AP008',4,1,'Ruijie RG-RAP1200(P)-MNT Wall Mount Kit','Ruijie RG-RAP1200(P)-MNT Wall Mount Kit','each','M','4100','5101','1420','5104','1415',0,0,0,0,0,0,0,0,0,1,'',0,0,'0000-00-00','0000-00-00',''),('AP009',3,1,'Ruijie RG-RAP6202(G)','RG-RAP6202(G)AC1300 Dual Band Outdoor Access Point, IP68 waterproof, 867Mbps at 5GHz + 400Mbps at 2.4GHz, 2 10/100/1000base-t Ethernet port, Internal omnidirectional antennas support 802.11a/b/g/n/ac, 2x2 MIMO,;802.3at/af PoE Local power supply, DC 12V/1.','each','B','4100','5101','1420','5104','1415',0,0,0,0,0,0,0,0,0,1,'',0,0,'0000-00-00','0000-00-00',''),('AP010',1,1,'TP-Link Archer C80 AC1900','TP-Link Archer C80 AC1900 Wireless MU-MIMO Wi-Fi Router\r\n','each','B','4100','5101','1410','5104','1415',0,0,0,0,0,0,0,0,0,1,'',0,0,'0000-00-00','0000-00-00',''),('AP011',3,1,'RG-RAP2200(E) Reyee Wi-Fi 5 1267Mbps','Akses Point Model Ceiling RG-RAP2200(E) Reyee Wi-Fi 5 1267Mbps','each','B','4100','5101','1420','5104','1415',0,0,0,0,0,0,0,0,0,1,'',0,0,'0000-00-00','0000-00-00',''),('AP012',3,1,'Reyee RG-RAP2200 F','Akses Point Model Ceiling RG-RAP2200(F) Reyee Wi-Fi 5 1267Mbps\r\n','each','B','4100','5101','1420','5104','1415',0,0,0,0,0,0,0,0,0,1,'',0,0,'0000-00-00','0000-00-00',''),('AP013',3,1,'Unifi UACC-Pro-Max-16-RM','Unifi Pro Max 16 Rack Mount\r\n1U rack-mount accessory for Pro Max 16 switches.\r\nCompatibility: USW-Pro-Max-16, USW-Pro-Max-16-PoE','each','B','4100','5101','1420','5104','1415',0,0,0,0,0,0,0,0,0,1,'',0,0,'0000-00-00','0000-00-00',''),('AP014',3,1,'Unifi U7 Lite','Unifi U7 Lite Compact, ceiling-mounted WiFi 7 AP with 4 spatial streams and 2.5 GbE uplink.','each','B','4100','5101','1420','5104','1415',0,0,0,0,0,0,0,0,0,1,'',0,0,'0000-00-00','0000-00-00',''),('AP015',3,1,'TPLink EAP620 HD AX1800','TPLink EAP620 HD AX1800 Ceiling Mount WiFi 6 Access Point','each','B','4100','5101','1420','5104','1415',0,0,0,0,0,0,0,0,0,1,'',0,0,'0000-00-00','0000-00-00',''),('AW001',3,1,'Asenware AW-FP001','FireSafety Controller Asenware AW-FP001','each','B','4100','5101','1420','5104','1415',0,0,0,0,0,0,0,0,0,1,'',0,0,'0000-00-00','0000-00-00',''),('BA001',2,1,'Biaya Asuransi Pengiriman','Biaya Asuransi Pengiriman','each','D','4100','5101','1420','5104','1415',0,0,12100,0,0,0,0,0,0,1,'',0,0,'0000-00-00','0000-00-00',''),('BB01',3,1,'Blood Bank Refrigerator GM BR 150','Blood Bank Refrigerator GM BR 150','each','B','4100','5101','1420','5104','1415',0,0,0,0,0,0,0,0,0,1,'',0,0,'0000-00-00','0000-00-00',''),('BC001',1,1,'Biological Safety Cabinet Biobase BSC-1100 II B2-X','Biological Safety Cabinet Biobase BSC-1100 II B2-X','each','B','4100','5101','1410','5104','1415',0,0,0,0,0,0,0,0,0,1,'',0,0,'0000-00-00','0000-00-00',''),('BC002',3,1,'Biological Safety Cabinet Scitek BSC-IIB2-1100','Biological Safety Cabinet Scitek BSC-IIB2-1100','each','B','4100','5101','1420','5104','1415',0,0,0,0,0,0,0,0,0,1,'',0,0,'0000-00-00','0000-00-00',''),('BC003',3,1,'Biological Safety Cabinet GZLab Type Class II A2','Biological Safety Cabinet GZLab Type Class II A2','each','B','4100','5101','1420','5104','1415',0,0,0,0,0,0,0,0,0,1,'',0,0,'0000-00-00','0000-00-00',''),('BD001',2,1,'Bandwidth on Demand','Bandwidth on Demand','each','D','4100','5101','1420','5104','1415',0,0,99047545,0,0,0,0,0,0,1,'',0,0,'0000-00-00','0000-00-00',''),('BF001',1,1,'Bafo USB to Serial DB9 BF810','Bafo USB to Serial DB9 BF810','each','D','4100','5101','1410','5104','1415',0,0,0,0,0,0,0,0,0,1,'',0,0,'0000-00-00','0000-00-00',''),('BF002',3,1,'Ugreen FTDL DB9 USB 2M','Ugreen FTDL DB9 USB 2M','each','B','4100','5101','1420','5104','1415',0,0,0,0,0,0,0,0,0,1,'',0,0,'0000-00-00','0000-00-00',''),('BG001',3,1,'Backdrop','Backdrop','each','B','4100','5101','1420','5104','1415',0,0,0,0,0,0,0,0,0,1,'',0,0,'0000-00-00','0000-00-00',''),('BJ001',2,1,'Biaya Jasa Aplikasi','Biaya Jasa Aplikasi','each','D','4100','5101','1420','5104','1415',0,0,1000,0,0,0,0,0,0,1,'',0,0,'0000-00-00','0000-00-00',''),('BL001',2,1,'Biaya Layanan','Biaya Layanan','each','D','4100','5101','1420','5104','1415',0,0,1000,0,0,0,0,0,0,1,'',0,0,'0000-00-00','0000-00-00',''),('BP001',3,1,'Belden Blank Patch Panel 24 port','Belden Blank Patch Panel 24 port','each','B','4100','5101','1420','5104','1415',0,0,0,0,0,0,0,0,0,1,'',0,0,'0000-00-00','0000-00-00',''),('BP002',3,1,'Barcode Printer Honeywell PC42T','Barcode Printer Honeywell PC42T','each','B','4100','5101','1420','5104','1415',0,0,32500,32500,0,0,0,0,0,1,'',0,0,'0000-00-00','0000-00-00',''),('BP003',2,1,'Biaya Parkir','Biaya Parkir','each','D','4100','5101','1420','5104','1415',0,0,450000,0,0,0,0,0,0,1,'',0,0,'0000-00-00','0000-00-00',''),('BP004',4,1,'AMP Commscope Modular Ptach Panel 24 Port','AMP Commscope Modular Ptach Panel 24 Port','each','M','4100','5101','1420','5104','1415',0,0,0,0,0,0,0,0,0,1,'',0,0,'0000-00-00','0000-00-00',''),('BP005',3,1,'Box panel outdoor 40x50x20','Box panel outdoor topi 40x50x20','each','B','4100','5101','1420','5104','1415',0,0,0,0,0,0,0,0,0,1,'',0,0,'0000-00-00','0000-00-00',''),('BR001',1,1,'Bracket TV NBP4 55inch','Bracket TV NBP4 55inch','each','B','4100','5101','1410','5104','1415',0,0,145000,145000,0,0,0,0,0,1,'',0,0,'0000-00-00','0000-00-00',''),('BR002',2,1,'Biaya Registrasi IP-ADD','Biaya Registrasi IP-ADD','each','D','4100','5101','1420','5104','1415',0,0,5000000,0,0,0,0,0,0,1,'',0,0,'0000-00-00','0000-00-00',''),('BR003',3,1,'Wallmount Ambalan Siku','Wallmount Ambalan Siku','each','B','4100','5101','1420','5104','1415',0,0,0,0,0,0,0,0,0,1,'',0,0,'0000-00-00','0000-00-00',''),('BS001',2,1,'Basic Service User License','Basic Service User License','each','D','4100','5101','1420','5104','1415',0,0,0,0,0,0,0,0,0,1,'',0,0,'0000-00-00','0000-00-00',''),('BS002',2,1,'Bimtek Penggunaan SINDE di Lingkungan Ditjen GTK','Bimtek Penggunaan SINDE di Lingkungan Ditjen GTK','each','D','4100','5101','1420','5104','1415',0,0,0,0,0,0,0,0,0,1,'',0,0,'0000-00-00','0000-00-00',''),('BS003',3,1,'Scanner Barcode Honeywell 1991-SR Granit 2D Wireless Industrial','Scanner Barcode Honeywell 1991-SR Granit 2D Wireless Industrial','each','B','4100','5101','1420','5104','1415',0,0,0,0,0,0,0,0,0,1,'',0,0,'0000-00-00','0000-00-00',''),('BS004',3,1,'Scanner Barcode Honeywell 1470G','Scanner Barcode Honeywell 1470G','each','B','4100','5101','1420','5104','1415',0,0,0,0,0,0,0,0,0,1,'',0,0,'0000-00-00','0000-00-00',''),('BS005',2,1,'BuanterSat Maritime 1:1 128kbps/128kbps','BuanterSat Maritime 1:1 128kbps/128kbps','each','D','4100','5101','1420','5104','1415',0,0,0,0,0,0,0,0,0,1,'',0,0,'0000-00-00','0000-00-00',''),('BS006',2,1,'BuanterSat Maritime 1:1 256kbps/256kbps','BuanterSat Maritime 1:1 256kbps/256kbps','each','D','4100','5101','1420','5104','1415',0,0,0,0,0,0,0,0,0,1,'',0,0,'0000-00-00','0000-00-00',''),('BS007',2,1,'BuanterSat Maritime 1:1 512kbps/512kbps','BuanterSat Maritime 1:1 512kbps/512kbps','each','D','4100','5101','1420','5104','1415',0,0,0,0,0,0,0,0,0,1,'',0,0,'0000-00-00','0000-00-00',''),('BS008',2,1,'BuanterSat Maritime 1:1 768kbps/768kbps','BuanterSat Maritime 1:1 768kbps/768kbps','each','D','4100','5101','1420','5104','1415',0,0,0,0,0,0,0,0,0,1,'',0,0,'0000-00-00','0000-00-00',''),('BU001',2,1,'OneWeb Maritime Dedicated 256kbps','OneWeb Maritime Dedicated 256kbps','each','D','4100','5101','1420','5104','1415',0,0,0,0,0,0,0,0,0,1,'',0,0,'0000-00-00','0000-00-00',''),('BU002',2,1,'OneWeb Maritime Dedicated 512kbps','OneWeb Maritime Dedicated 512kbps','each','D','4100','5101','1420','5104','1415',0,0,0,0,0,0,0,0,0,1,'',0,0,'0000-00-00','0000-00-00',''),('BU003',2,1,'OneWeb Maritime Dedicated 1024kbps','OneWeb Maritime Dedicated 1024kbps','each','D','4100','5101','1420','5104','1415',0,0,0,0,0,0,0,0,0,1,'',0,0,'0000-00-00','0000-00-00',''),('BU004',2,1,'OneWeb Maritime Dedicated 1536kbps','OneWeb Maritime Dedicated 1536kbps','each','D','4100','5101','1420','5104','1415',0,0,0,0,0,0,0,0,0,1,'',0,0,'0000-00-00','0000-00-00',''),('BU005',2,1,'Antenna Intellian diameter 100cm','Antenna Intellian diameter 100cm','each','D','4100','5101','1420','5104','1415',0,0,0,0,0,0,0,0,0,1,'',0,0,'0000-00-00','0000-00-00',''),('BU006',2,1,'AIS Receiver','AIS Receiver','each','D','4100','5101','1420','5104','1415',0,0,0,0,0,0,0,0,0,1,'',0,0,'0000-00-00','0000-00-00',''),('BU007',2,1,'Modem iDirect','Modem iDirect','each','D','4100','5101','1420','5104','1415',0,0,0,0,0,0,0,0,0,1,'',0,0,'0000-00-00','0000-00-00',''),('BU008',2,1,'Vessel Monitoring System','Vessel Monitoring System','each','D','4100','5101','1420','5104','1415',0,0,0,0,0,0,0,0,0,1,'',0,0,'0000-00-00','0000-00-00',''),('BU009',3,1,'Orbit Star A2 Modem 4G Telkomsel ','Orbit Star A2 Modem 4G Telkomsel ','each','B','4100','5101','1420','5104','1415',0,0,0,0,0,0,0,0,0,1,'',0,0,'0000-00-00','0000-00-00',''),('BU010',3,1,'Paket Data Orbit 300GB','Paket Data Telkomsel Orbit 300GB','each','B','4100','5101','1420','5104','1415',0,0,0,0,0,0,0,0,0,1,'',0,0,'0000-00-00','0000-00-00',''),('BW001',1,1,'Bubble Warp 40x50cm roll','Bubble Warp 40x50cm roll','each','D','4100','5101','1410','5104','1415',0,0,39900,0,0,0,0,0,0,1,'',0,0,'0000-00-00','0000-00-00',''),('C3001',1,1,'Collocation Half Rack ','Collocation Half Rack','each','B','4100','5101','1410','5104','1415',0,0,16600000,16600000,0,0,0,0,0,1,'',0,0,'0000-00-00','0000-00-00',''),('CF001',2,1,'Cloudflare Business','','each','D','4100','5101','1420','5104','1415',0,0,0,0,0,0,0,0,0,1,'',0,0,'0000-00-00','0000-00-00',''),('CF002',2,1,'Content Filtered By Topic Keyword','Content Filtered By Topic Keyword - Online Media, Realtime Monitoring, Media Printed Daily National, Soccial Media Fanpage','each','D','4100','5101','1420','5104','1415',0,0,0,0,0,0,0,0,0,1,'',0,0,'0000-00-00','0000-00-00',''),('CF003',3,1,'Conventional Fire Bell','Conventional Fire Bell','each','B','4100','5101','1420','5104','1415',0,0,0,0,0,0,0,0,0,1,'',0,0,'0000-00-00','0000-00-00',''),('CF007',2,1,'Cloud Recording','Cloud Recording ','each','D','4100','5101','1420','5104','1415',0,0,0,0,0,0,0,0,0,1,'',0,0,'0000-00-00','0000-00-00',''),('CG001',2,1,'Cat Gypsum warna Putih','Cat Gypsum warna Putih','each','D','4100','5101','1420','5104','1415',0,0,0,0,0,0,0,0,0,1,'',0,0,'0000-00-00','0000-00-00',''),('CM001',3,1,'Asenware Addressable Control Module','Asenware Addressable Control Module','each','B','4100','5101','1420','5104','1415',0,0,0,0,0,0,0,0,0,1,'',0,0,'0000-00-00','0000-00-00',''),('CP001',1,1,'CPU Intel Core i7 11700k box','CPU Intel Core i7 11700k box','each','D','4100','5101','1410','5104','1415',0,0,4795000,0,0,0,0,0,0,1,'',0,0,'0000-00-00','0000-00-00',''),('CR001',2,1,'Colocation Half Rack','Colocation Half Rack','each','D','4100','5101','1420','5104','1415',0,0,0,0,0,0,0,0,0,1,'',0,0,'0000-00-00','0000-00-00',''),('CR002',2,1,'Colocation Server 4U','Colocation Server 4U','each','D','4100','5101','1420','5104','1415',0,0,0,0,0,0,0,0,0,1,'',0,0,'0000-00-00','0000-00-00',''),('CR003',3,1,'IR9042G - INDORACK Close Rack 19&quot; 42U Depth 900mm Glass Door','Glass Front Door,Steel Rear Door,2 Side Door With Lock\r\n1 Unit PDU 12 Socket with Switch\r\n2 Unit Modular Fan with 2 Fan\r\n1 Unit Brush Panel\r\n1 Unit Cable Ring\r\n1 Pcs Fixed Shelf\r\n1 Set Adjustable Foot &amp; Castor of 4\r\n100 Set Cagenut &amp; Screw','each','B','4100','5101','1420','5104','1415',0,0,0,0,0,0,0,0,0,1,'',0,0,'0000-00-00','0000-00-00',''),('CR004',3,1,'Hagane 18U Close Rack with Tempered Glass Door','Hagane 18U Close Rack with Tempered Glass Door','each','B','4100','5101','1420','5104','1415',0,0,0,0,0,0,0,0,0,1,'',0,0,'0000-00-00','0000-00-00',''),('CR005',3,1,'WALLMOUNT indorack WIR4512S Single Glass Door','WALLMOUNT indorack WIR4512S Single Glass Door\r\n450 x 600 x 660 mm','each','B','4100','5101','1420','5104','1415',0,0,0,0,0,0,0,0,0,1,'',0,0,'0000-00-00','0000-00-00',''),('CR006',3,1,'Credenza','Credenza','each','B','4100','5101','1420','5104','1415',0,0,0,0,0,0,0,0,0,1,'',0,0,'0000-00-00','0000-00-00',''),('CR007',4,1,'WALLMOUNT indorack WIR6012S Single Glass Door 19in	','WALLMOUNT indorack WIR6012S Single Glass Door 19in','each','M','4100','5101','1420','5104','1415',0,0,0,0,0,0,0,0,0,1,'',0,0,'0000-00-00','0000-00-00',''),('CR008',3,1,'WALLMOUNT indorack WR5004S Single Glass Door','WALLMOUNT indorack WR5004S Single Glass Door','each','B','4100','5101','1420','5104','1415',0,0,0,0,0,0,0,0,0,1,'',0,0,'0000-00-00','0000-00-00',''),('CR009',3,1,'Wallmount Rack INDORACK Perforated 8UDepth 600mm Rack Server WIP6008S','Wallmount Rack INDORACK Perforated 8UDepth 600mm Rack Server WIP6008S','each','B','4100','5101','1420','5104','1415',0,0,0,0,0,0,0,0,0,1,'',0,0,'0000-00-00','0000-00-00',''),('CR010',3,1,'Indorack WIP6012S Wallmount Rack Single Perforated Door','Indorack WIP6012S Wallmount 12U Depth 600mm Single Perforated Door INDORACK','each','B','4100','5101','1420','5104','1415',0,0,0,0,0,0,0,0,0,1,'',0,0,'0000-00-00','0000-00-00',''),('CR011',4,1,'Indorack WIR6010S Wallmount Rack Single Glass Door	','Indorack WIR6010S Wallmount Rack 19&quot; 10U\r\nSingle Glass Door Depth 600mm','each','M','4100','5101','1420','5104','1415',0,0,0,0,0,0,0,0,0,1,'',0,0,'0000-00-00','0000-00-00',''),('CR012',3,1,'Indorack IR6020G - 20U','Indorack IR6020G - 20U. Standing Close Rack 20U Glass Door','each','B','4100','5101','1420','5104','1415',0,0,0,0,0,0,0,0,0,1,'',0,0,'0000-00-00','0000-00-00',''),('CS001',3,1,'Conventional Strobe Sounder','Conventional Strobe Sounder','each','B','4100','5101','1420','5104','1415',0,0,0,0,0,0,0,0,0,1,'',0,0,'0000-00-00','0000-00-00',''),('CS002',3,1,'Indorack Cantilever Shelf CS01','Indorack Cantilever Shelf CS01 250x440x45','each','B','4100','5101','1420','5104','1415',0,0,0,0,0,0,0,0,0,1,'',0,0,'0000-00-00','0000-00-00',''),('CS003',1,1,'INDORACK SLIDING SHELF DEPTH 900MM SS90P','INDORACK SLIDING SHELF DEPTH 900MM SS90P','each','B','4100','5101','1410','5104','1415',0,0,0,0,0,0,0,0,0,1,'',0,0,'0000-00-00','0000-00-00',''),('CS004',3,1,'Indorack Cantilever Shelf CS02','CS02 - 2U Cantilever Shelf','each','B','4100','5101','1420','5104','1415',0,0,0,0,0,0,0,0,0,1,'',0,0,'0000-00-00','0000-00-00',''),('DB001',3,1,'Ducting AC BJLS','Ducting AC BJLS','each','B','4100','5101','1420','5104','1415',0,0,0,0,0,0,0,0,0,1,'',0,0,'0000-00-00','0000-00-00',''),('DC001',2,1,'Discount','Discount','each','D','4100','5101','1420','5104','1415',0,0,0,0,0,0,0,0,0,1,'',0,0,'0000-00-00','0000-00-00',''),('DG001',2,1,'DigiCert Secure Site SSL Wildcard','DigiCert Secure Site SSL Wildcard','each','D','4100','5101','1420','5104','1415',0,0,0,0,0,0,0,0,0,1,'',0,0,'0000-00-00','0000-00-00',''),('DH001',4,1,'DVR DAHUA DH-XVR1B08','DVR DAHUA DH-XVR1B08','each','B','4100','5101','1420','5104','1415',0,0,0,0,0,0,0,0,0,1,'',0,0,'0000-00-00','0000-00-00',''),('DH002',3,1,'Dahua HAC-B1A21-U','Dahua HAC-B1A21-U 2MP IR HDCVI Fixed-focal Bullet Camera','each','B','4100','5101','1420','5104','1415',0,0,0,0,0,0,0,0,0,1,'',0,0,'0000-00-00','0000-00-00',''),('DH003',3,1,'Dahua HAC-B1A51-U','Dahua HAC-B1A51-U 5MP IR HDCVI Fixed-focal Bullet Camera','each','B','4100','5101','1420','5104','1415',0,0,0,0,0,0,0,0,0,1,'',0,0,'0000-00-00','0000-00-00',''),('DH004',3,1,'Dahua XVR5116HS-5M-I3','Dahua XVR5116HS-5M-I3 16CH Penta-brid 5MP Compact 1U 1HDD WizSense Digital Video Recorder','each','B','4100','5101','1420','5104','1415',0,0,0,0,0,0,0,0,0,1,'',0,0,'0000-00-00','0000-00-00',''),('DH005',3,1,'Dahua PFM344D-8CH-EN','Dahua PFM344D-8CH-EN Switching Power Supply','each','B','4100','5101','1420','5104','1415',0,0,0,0,0,0,0,0,0,1,'',0,0,'0000-00-00','0000-00-00',''),('DL001',2,1,'Dokumentasi dan Laporan','Dokumentasi dan Laporan','each','D','4100','5101','1420','5104','1415',0,0,0,0,0,0,0,0,0,1,'',0,0,'0000-00-00','0000-00-00',''),('DM001',2,1,'Domain Name Renewal','Domain Name Renewal','each','D','4100','5101','1420','5104','1415',0,0,165910,0,0,0,0,0,0,1,'',0,0,'0000-00-00','0000-00-00',''),('DM002',2,1,'Domain Transfer-In','Domain Transfer In','each','D','4100','5101','1420','5104','1415',0,0,0,0,0,0,0,0,0,1,'',0,0,'0000-00-00','0000-00-00',''),('DM003',1,1,'Domain Registration','Domain Registration','each','D','4100','5101','1410','5104','1415',0,0,0,0,0,0,0,0,0,1,'',0,0,'0000-00-00','0000-00-00',''),('DP001',2,1,'Ducting Protector 100x50','Ducting Protector 100x50','each','D','4100','5101','1420','5104','1415',0,0,0,0,0,0,0,0,0,1,'',0,0,'0000-00-00','0000-00-00',''),('DP002',2,1,'Ducting Protector 50x50','Ducting Protector 50x50','each','D','4100','5101','1420','5104','1415',0,0,0,0,0,0,0,0,0,1,'',0,0,'0000-00-00','0000-00-00',''),('DP003',2,1,'Ducting Protector 16x25','Ducting Protector 16x25','each','D','4100','5101','1420','5104','1415',0,0,0,0,0,0,0,0,0,1,'',0,0,'0000-00-00','0000-00-00',''),('DP004',3,1,'Ducting Cable Protector 50x80','Ducting Cable Protector 50x80','each','B','4100','5101','1420','5104','1415',0,0,0,0,0,0,0,0,0,1,'',0,0,'0000-00-00','0000-00-00',''),('DP005',3,1,'Ducting Cable Protector 15x30','Ducting Cable Protector 15x30','each','B','4100','5101','1420','5104','1415',0,0,0,0,0,0,0,0,0,1,'',0,0,'0000-00-00','0000-00-00',''),('DR001',1,1,'Jasa Dekorasi Ruangan','Jasa Dekorasi Ruangan','each','D','4100','5101','1410','5104','1415',0,0,2500000,0,0,0,0,0,0,1,'',0,0,'0000-00-00','0000-00-00',''),('DS001',2,1,'Dedicated Server Monthly','Dedicated Server Monthly','each','D','4100','5101','1420','5104','1415',0,0,15184800,0,0,0,0,0,0,1,'',0,0,'0000-00-00','0000-00-00',''),('DT001',2,1,'Jasa Desain Tema','Jasa Desain Tema','each','D','4100','5101','1420','5104','1415',0,0,0,0,0,0,0,0,0,1,'',0,0,'0000-00-00','0000-00-00',''),('DT002',2,1,'Desain Frontend UI / UX','Desain Frontend UI / UX','each','D','4100','5101','1410','5104','1415',0,0,0,0,0,0,0,0,0,1,'',0,0,'0000-00-00','0000-00-00',''),('DTC001',2,1,'Perapihan Dinding Tembok','Perapihan Dinding Tembok','each','D','4100','5101','1420','5104','1415',0,0,0,0,0,0,0,0,0,1,'',0,0,'0000-00-00','0000-00-00',''),('DY001',3,1,'Dynabolt M5x70','Dynabolt M5x70','each','B','4100','5101','1420','5104','1415',0,0,6500,6500,0,0,0,0,0,1,'',0,0,'0000-00-00','0000-00-00',''),('ED001',1,1,'Edging Taco HPL 22/1mm','Edging Taco HPL 22/1mm','each','D','4100','5101','1410','5104','1415',0,0,2184,0,0,0,0,0,0,1,'',0,0,'0000-00-00','0000-00-00',''),('EH001',1,1,'Email Hosting','Email Hosting','each','D','4100','5101','1410','5104','1415',0,0,0,0,0,0,0,0,0,1,'',0,0,'0000-00-00','0000-00-00',''),('EL001',3,1,'Extended License Fortigate 60F FG-60F UTM &amp; RMA NBD 1 Year','Extended License Fortigate 60F FG-60F UTM &amp; RMA NBD 1 Year','each','B','4100','5101','1420','5104','1415',0,0,0,0,0,0,0,0,0,1,'',0,0,'0000-00-00','0000-00-00',''),('EL002',3,1,'Extended License Fortigate 40F FG-40F UTM &amp; RMA NBD 1 Year','Extended License Fortigate 40F FG-40F UTM &amp; RMA NBD 1 Year','each','B','4100','5101','1420','5104','1415',0,0,0,0,0,0,0,0,0,1,'',0,0,'0000-00-00','0000-00-00',''),('EL003',3,1,'FortiCare Premium Support','FortiCare Premium Support FC-10-PE221-\r\n247-02-1','each','B','4100','5101','1420','5104','1415',0,0,0,0,0,0,0,0,0,1,'',0,0,'0000-00-00','0000-00-00',''),('EL004',3,1,'Examination Lamp LED-5','Examination Lamp LED-5','each','B','4100','5101','1420','5104','1415',0,0,0,0,0,0,0,0,0,1,'',0,0,'0000-00-00','0000-00-00',''),('EL005',3,1,'Medical Examination Light Halogen KD 201 B','Medical Examination Light Halogen KD 201 B\r\n','each','B','4100','5101','1420','5104','1415',0,0,0,0,0,0,0,0,0,1,'',0,0,'0000-00-00','0000-00-00',''),('EL006',3,1,'EVERLIGHT Halogen Examination','EVERLIGHT Halogen Examination','each','B','4100','5101','1420','5104','1415',0,0,0,0,0,0,0,0,0,0,'',0,0,'0000-00-00','0000-00-00',''),('EL007',3,1,'Extended License Fortigate 60F FG-60F UTM &amp; RMA NBD 3 Year','Extended License Fortigate 60F FG-60F UTM &amp; RMA NBD 3 Year','each','B','4100','5101','1420','5104','1415',0,0,0,0,0,0,0,0,0,1,'',0,0,'0000-00-00','0000-00-00',''),('EL008',2,1,'Extended License Fortigate 40F FG-40F UTM &amp; RMA NBD 3 Year	','Extended License Fortigate 40F FG-40F UTM &amp; RMA NBD 3 Year	','each','D','4100','5101','1420','5104','1415',0,0,0,0,0,0,0,0,0,1,'',0,0,'0000-00-00','0000-00-00',''),('ET001',1,1,'E-Toll','E-Toll','each','B','4100','5101','1410','5104','1415',0,0,50000,50000,0,0,0,0,0,1,'',0,0,'0000-00-00','0000-00-00',''),('FD001',1,1,'Floor Duct Oval 90x25mm','Floor Duct Oval 90x25mm','each','D','4100','5101','1410','5104','1415',0,0,59000,0,0,0,0,0,0,1,'',0,0,'0000-00-00','0000-00-00',''),('FD002',1,1,'Floor Duct Oval 70x20mm','Floor Duct Oval 70x20mm','each','D','4100','5101','1410','5104','1415',0,0,23500,0,0,0,0,0,0,1,'',0,0,'0000-00-00','0000-00-00',''),('FH001',3,1,'Flexible Hose FM200','Flexible Hose FM200','each','B','4100','5101','1420','5104','1415',0,0,0,0,0,0,0,0,0,1,'',0,0,'0000-00-00','0000-00-00',''),('FL001',2,1,'Jasa Pasang Floring','Jasa Pasang Floring LG Vinyl','each','D','4100','5101','1420','5104','1415',0,0,0,0,0,0,0,0,0,1,'',0,0,'0000-00-00','0000-00-00',''),('FL002',4,1,'Floring LG Vinyl','Floring LG Vinyl','each','B','4100','5101','1420','5104','1415',0,0,0,0,0,0,0,0,0,1,'',0,0,'0000-00-00','0000-00-00',''),('FM001',3,1,'FM200 Fire Supression System','FM200 Fire Supression System','each','B','4100','5101','1420','5104','1415',0,0,0,0,0,0,0,0,0,1,'',0,0,'0000-00-00','0000-00-00',''),('FP001',3,1,'Face Plate ','Face Plate ','each','B','4100','5101','1420','5104','1415',0,0,0,0,0,0,0,0,0,1,'',0,0,'0000-00-00','0000-00-00',''),('FS001',3,1,'Fischer Gypsum Nylon','Fischer Gypsum Nylon','each','B','4100','5101','1420','5104','1415',0,0,60000,60000,0,0,0,0,0,1,'',0,0,'0000-00-00','0000-00-00',''),('FS002',3,1,'Faschia Keramik','Faschia Keramik','each','B','4100','5101','1420','5104','1415',0,0,0,0,0,0,0,0,0,1,'',0,0,'0000-00-00','0000-00-00',''),('GD001',3,1,'Gas Dischage Sign','Gas Dischage Sign','each','B','4100','5101','1420','5104','1415',0,0,0,0,0,0,0,0,0,1,'',0,0,'0000-00-00','0000-00-00',''),('GS001',1,1,'Google Suite','Google Suite Southeast Asia &amp; Egypt','each','D','4100','5101','1410','5104','1415',0,0,9600000,0,0,0,0,0,0,1,'',0,0,'0000-00-00','0000-00-00',''),('HD001',1,1,'Hard Disk Seagate Skyhawk 6TB','Hard Disk Seagate Skyhawk 6TB','each','D','4100','5101','1410','5104','1415',0,0,1650000,0,0,0,0,0,0,1,'',0,0,'0000-00-00','0000-00-00',''),('HD002',3,1,'Dell 1.2TB 10K RPM SAS 12Gbps 512n 2.5in Hot-plug Hard Drive, 3.5in HYB CARR, CK','1.2TB 10K RPM SAS 12Gbps 512n 2.5in Hot-plug Hard Drive, 3.5in HYB CARR, CK','each','B','4100','5101','1420','5104','1415',0,0,0,0,0,0,0,0,0,1,'',0,0,'0000-00-00','0000-00-00',''),('HD003',3,1,'Seagate Expansion HDD External 5TB','Seagate Expansion HDD External 5TB','each','B','4100','5101','1420','5104','1415',0,0,0,0,0,0,0,0,0,1,'',0,0,'0000-00-00','0000-00-00',''),('HK001',1,1,'HikVision DS-7232HQHI-K2 32 Channel Analog DVR','HikVision DS-7232HQHI-K2 32 Channel Analog DVR','each','B','4100','5101','1410','5104','1415',0,0,0,0,0,0,0,0,0,1,'',0,0,'0000-00-00','0000-00-00',''),('HK002',1,1,'HIKVISION DS-2CD1023G0E - I 2MP - Outdoor Camera','HIKVISION DS-2CD1023G0E-I 2MP - Outdoor Camera','each','B','4100','5101','1410','5104','1415',0,0,0,0,0,0,0,0,0,1,'',0,0,'0000-00-00','0000-00-00',''),('HK003',1,1,'HIKVISION PTZ DS-4225IW-DE 1080p 2mp ','HIKVISION PTZ DS-4225IW-DE 1080p 2mp ','each','B','4100','5101','1410','5104','1415',0,0,0,0,0,0,0,0,0,1,'',0,0,'0000-00-00','0000-00-00',''),('HK004',1,1,'HIKVISION DS-2CD1121-1 2MP','HIKVISION DS-2CD1121-1 2MP','each','B','4100','5101','1410','5104','1415',0,0,0,0,0,0,0,0,0,1,'',0,0,'0000-00-00','0000-00-00',''),('HK005',1,1,'HIKVISION 32Ch POE DS-7732NI-I4/24P','HIKVISION 32Ch POE DS-7732NI-I4/24P','each','B','4100','5101','1410','5104','1415',0,0,0,0,0,0,0,0,0,1,'',0,0,'0000-00-00','0000-00-00',''),('HK006',3,1,'HIKVision DH-XVR1B08-I','HIKVision DH-XVR1B08-I','each','B','4100','5101','1420','5104','1415',0,0,0,0,0,0,0,0,0,1,'',0,0,'0000-00-00','0000-00-00',''),('HK007',4,1,'HIKVISION ETHERNET SWITCH DS-3E0109P','HIKVISION ETHERNET SWITCH DS-3E0109P','each','B','4100','5101','1420','5104','1415',0,0,0,0,0,0,0,0,0,1,'',0,0,'0000-00-00','0000-00-00',''),('HK008',3,1,'HIKVISION DS-2CD1023G2-LIU 2 MP Smart Hybrid Fixed Bullet','HIKVISION DS-2CD1023G2-LIU 2 MP Smart Hybrid Fixed Bullet','each','B','4100','5101','1420','5104','1415',0,0,0,0,0,0,0,0,0,1,'',0,0,'0000-00-00','0000-00-00',''),('HK009',3,1,'HIKVISION 16ch NVR DS-7616NXI-K2/16P','HIKVISION 16ch NVR DS-7616NXI-K2/16P','each','B','4100','5101','1420','5104','1415',0,0,0,0,0,0,0,0,0,1,'',0,0,'0000-00-00','0000-00-00',''),('HK010',3,1,'HIKVISION DS-2CD1021G0-I','HIKVISION DS-2CD1021G0-I 2 MP Fixed Bullet Network Camera\r\n','each','B','4100','5101','1420','5104','1415',0,0,0,0,0,0,0,0,0,1,'',0,0,'0000-00-00','0000-00-00',''),('HK011',3,1,'HikvisionDS-7732NXI-K4(D)','DS-7732NXI-K4(D) 32-ch 1.5U K Series AcuSense 4K NVR','each','B','4100','5101','1420','5104','1415',0,0,0,0,0,0,0,0,0,1,'',0,0,'0000-00-00','0000-00-00',''),('HK012',3,1,'Hikvision DS-2CD1143G2-LIU(F) 4 MP','DS-2CD1143G2-LIU(F)\r\n4 MP Smart Hybrid Light Fixed Dome Network Camera','each','B','4100','5101','1420','5104','1415',0,0,0,0,0,0,0,0,0,1,'',0,0,'0000-00-00','0000-00-00',''),('HK013',3,1,'HikVision iDS-7216HQHI-M1/S','HikVision iDS-7216HQHI-M1/S 16-ch 1080p 1U H.265 AcuSense DVR\r\n','each','B','4100','5101','1420','5104','1415',0,0,0,0,0,0,0,0,0,1,'',0,0,'0000-00-00','0000-00-00',''),('HK014',3,1,'Hikvision DS-2FA1205-D8','Hikvision DS-2FA1205-D8 Multi-channel SMPS, 12 VDC/1 A per channel, Over current/short circuit/over voltage protection','each','B','4100','5101','1420','5104','1415',0,0,0,0,0,0,0,0,0,1,'',0,0,'0000-00-00','0000-00-00',''),('HK015',3,1,'Hikvision DS-2CD2345G0P-I 4 MP Super Wide Angle','Hikvision DS-2CD2345G0P-I 4 MP Super Wide AngleFixed Turret Network Camera','each','B','4100','5101','1420','5104','1415',0,0,0,0,0,0,0,0,0,1,'',0,0,'0000-00-00','0000-00-00',''),('HK016',3,1,'Hikvision iDS-7216HUHI-M2/S 16-ch','Hikvision iDS-7208HUHI-M1/E 16-ch 5 MP 1U H.265 AcuSense DVR','each','B','4100','5101','1420','5104','1415',0,0,0,0,0,0,0,0,0,1,'',0,0,'0000-00-00','0000-00-00',''),('HK017',3,1,'Hikvision DS-2CD2387G2P-LSU/SL 8 MP Panoramic','Hikvision DS-2CD2387G2P-LSU/SL 8 MP Panoramic ColorVu Fixed Turret Network Camera','each','B','4100','5101','1420','5104','1415',0,0,0,0,0,0,0,0,0,1,'',0,0,'0000-00-00','0000-00-00',''),('HK018',3,1,'Hikvision DS-3WAP622G-SI Wi-Fi 6','Hikvision DS-3WAP622G-SI Wi-Fi 6 1800M Ceiling Access Point','each','B','4100','5101','1420','5104','1415',0,0,0,0,0,0,0,0,0,1,'',0,0,'0000-00-00','0000-00-00',''),('HK019',3,1,'Hikvision DS-3E1510P-EI/M','Hikvision DS-3E1510P-EI/M 8 Port Gigabit Smart POE Switch\r\n','each','B','4100','5101','1420','5104','1415',0,0,0,0,0,0,0,0,0,1,'',0,0,'0000-00-00','0000-00-00',''),('HK020',3,1,'Hikvision DS-3E1518P-EI/M','Hikvision DS-3E1518P-EI/M16 Port Gigabit Smart POE Switch','each','B','4100','5101','1420','5104','1415',0,0,0,0,0,0,0,0,0,1,'',0,0,'0000-00-00','0000-00-00',''),('HK021',3,1,'Hikvision DS-7616NI-Q2','Hikvision DS-7616NI-Q2 16-ch 1U 4K NVR\r\n','each','B','4100','5101','1420','5104','1415',0,0,0,0,0,0,0,0,0,1,'',0,0,'0000-00-00','0000-00-00',''),('HK022',3,1,'Hikvision UTP Cat6 DS-1LN6U-W/CCA','Hikvision DS-1LN6U-W/CCA 305 m CAT6 UTP Network Cable (CCA,0.565 mm)\r\n','each','B','4100','5101','1420','5104','1415',0,0,0,0,0,0,0,0,0,1,'',0,0,'0000-00-00','0000-00-00',''),('HK023',3,1,'Hikvision DS-2CD1027G2H-LIUF','Hikvision DS-2CD1027G2H-LIUF 2 MP ColorVu with Smart Hybrid Light Fixed Bullet Network Camera\r\n','each','B','4100','5101','1420','5104','1415',0,0,0,0,0,0,0,0,0,1,'',0,0,'0000-00-00','0000-00-00',''),('HK024',3,1,'Hikvision DS-K1T320MFX','Hikvision DS-K1T320MFX Value Series Face Access Terminal 2.4-inch LCD screen, 2 MP lens\r\nMultiple authentication modes, including face, fingerprint, card, and PIN, etc.\r\nSupports M1 card\r\nMax. 500 faces, 1,000 cards, 1,000 fingerprints and 100,000 events','each','B','4100','5101','1420','5104','1415',0,0,0,0,0,0,0,0,0,1,'',0,0,'0000-00-00','0000-00-00',''),('IC001',2,1,'Jasa Instalasi CCTV','Jasa Instalasi CCTV','each','D','4100','5101','1420','5104','1415',0,0,350000,0,0,0,0,0,0,1,'',0,0,'0000-00-00','0000-00-00',''),('IC002',3,1,'Unifi UVC-G5-Bullet','Unifi G5 Bullet\r\nUVC-G5-Bullet Next-gen indoor/outdoor 2K HD PoE Camera.','each','B','4100','5101','1420','5104','1415',0,0,0,0,0,0,0,0,0,1,'',0,0,'0000-00-00','0000-00-00',''),('IC003',3,1,'Unifi UVC-G5-Dome-Ultra-B','Unifi G5 Dome Ultra UVC-G5-Dome-Ultra-B Ultra-compact and tamper-resistant 2K HD PoE camera with night vision designed for low-profile indoor security.','each','B','4100','5101','1420','5104','1415',0,0,0,0,0,0,0,0,0,1,'',0,0,'0000-00-00','0000-00-00',''),('IJ001',2,1,'Jasa Instalasi Jaringan','Jasa Instalasi Jaringan dan Perlengkapannya','each','D','4100','5101','1420','5104','1415',0,0,2500000,0,0,0,0,0,0,1,'',0,0,'0000-00-00','0000-00-00',''),('IJ002',2,1,'Layanan Konfigurasi Jaringan Internet dan Relokasi Rack Server Miroring','Layanan Konfigurasi Jaringan Internet dan Relokasi Rack Server Miroring','each','D','4100','5101','1420','5104','1415',0,0,115375500,0,0,0,0,0,0,1,'',0,0,'0000-00-00','0000-00-00',''),('IJ003',2,1,'Instalasi Kabel LAN dan Listrik','Instalasi Kabel LAN dan Listrik','each','D','4100','5101','1420','5104','1415',0,0,1015000,0,0,0,0,0,0,1,'',0,0,'0000-00-00','0000-00-00',''),('IJ004',2,1,'Remote Installation Guide','Remote Installation Guide','each','D','4100','5101','1420','5104','1415',0,0,0,0,0,0,0,0,0,1,'',0,0,'0000-00-00','0000-00-00',''),('IM001',2,1,'Aplikasi Intelligence Media Analytics','Aplikasi Intelligence Media Analytics','each','D','4100','5101','1420','5104','1415',0,0,20560811,0,0,0,0,0,0,1,'',0,0,'0000-00-00','0000-00-00',''),('IN001',2,1,'Internet Rumah Dinas Wisma Handayani','Internet Rumah Dinas Wisma Handayani 100mbps','each','D','4100','5101','1420','5104','1415',0,0,46292402,0,0,0,0,0,0,1,'',0,0,'0000-00-00','0000-00-00',''),('IN002',2,1,'Internet Fiber Optic','Internet Fiber Optic','each','D','4100','5101','1410','5104','1415',0,0,4500000,0,0,0,0,0,0,1,'',0,0,'0000-00-00','0000-00-00',''),('IN003',2,1,'Internet Broadband Rumah Dika','Internet Broadband Rumah Dika','each','D','4100','5101','1420','5104','1415',0,0,915750,0,0,0,0,0,0,1,'',0,0,'0000-00-00','0000-00-00',''),('IN004',2,1,'Biznet Metronet 2A','Biznet Metronet 2A','each','D','4100','5101','1420','5104','1415',0,0,1700000,0,0,0,0,0,0,1,'',0,0,'0000-00-00','0000-00-00',''),('IN005',2,1,'Internet Data Center 10mbps','Internet Data Center 10mbps','each','D','4100','5101','1420','5104','1415',0,0,0,0,0,0,0,0,0,1,'',0,0,'0000-00-00','0000-00-00',''),('IN006',2,1,'Dedicated Wireless Internet','Dedicated Wireless Internet','each','D','4100','5101','1420','5104','1415',0,0,0,0,0,0,0,0,0,1,'',0,0,'0000-00-00','0000-00-00',''),('IN007',2,1,'FirstAsia (Internet Via Starlink)','FirstAsia (Internet Via Starlink) 10mbps/2mbps','each','D','4100','5101','1420','5104','1415',0,0,0,0,0,0,0,0,0,1,'',0,0,'0000-00-00','0000-00-00',''),('IP001',1,1,'Annual Fee IP-Address IPv4 /23','Annual Fee IP-Address IPv4 /23','each','D','4100','5101','1410','5104','1415',0,0,10500000,0,0,0,0,0,0,1,'',0,0,'0000-00-00','0000-00-00',''),('IP002',2,1,'Public IP Address /28','Public IP Address /28','each','D','4100','5101','1420','5104','1415',0,0,0,0,0,0,0,0,0,1,'',0,0,'0000-00-00','0000-00-00',''),('IP003',1,1,'IP Phone X3S Fanvil','IP Phone X3S Fanvil 2 SIP Line','each','D','4100','5101','1410','5104','1415',0,0,711500,0,0,0,0,0,0,1,'',0,0,'0000-00-00','0000-00-00',''),('IP004',1,1,'Instalasi Projector dan Bracket','Instalasi Projector dan Bracket','each','B','4100','5101','1410','5104','1415',0,0,0,0,0,0,0,0,0,1,'',0,0,'0000-00-00','0000-00-00',''),('IP005',4,1,'Yealink SIP-T31P - HD Voice Entry level IP-Phone [2 SIP - PoE]','Yealink SIP-T31P - HD Voice IP-Phone 2 SIP - PoE','each','M','4100','5101','1420','5104','1415',0,0,0,0,0,0,0,0,0,1,'',0,0,'0000-00-00','0000-00-00',''),('IP006',3,1,'Yeastar S50 VoIP PBX','Yeastar S50 VoIP PBX, 50 Users, 25 Concurrent Calls, Up to 8 FXS/FXO/BRI Ports','each','B','4100','5101','1420','5104','1415',0,0,0,0,0,0,0,0,0,1,'',0,0,'0000-00-00','0000-00-00',''),('IP007',3,1,'Yealink T21P E2','Yealink T21P E2Entry-level IP phone with 2 Lines &amp; HD voice','each','B','4100','5101','1420','5104','1415',0,0,0,0,0,0,0,0,0,1,'',0,0,'0000-00-00','0000-00-00',''),('IP008',3,1,'Public IP Address /29 via Tunnel','Public IP Address /29','each','B','4100','5101','1420','5104','1415',0,0,0,0,0,0,0,0,0,1,'',0,0,'0000-00-00','0000-00-00',''),('IS001',2,1,'Instalasi SSL Certificate per Server','Instalasi SSL Certificate per Server','each','D','4100','5101','1420','5104','1415',0,0,0,0,0,0,0,0,0,1,'',0,0,'0000-00-00','0000-00-00',''),('IT001',2,1,'Instalasi TV dan Bracket','Instalasi TV dan Bracket','each','D','4100','5101','1420','5104','1415',0,0,0,0,0,0,0,0,0,1,'',0,0,'0000-00-00','0000-00-00',''),('JA001',2,1,'Jasa Aplikasi','','each','D','4100','5101','1420','5104','1415',0,0,1000,0,0,0,0,0,0,1,'',0,0,'0000-00-00','0000-00-00',''),('JF001',2,1,'Bongkar Pasang Furniture','Jasa Bongkar Pasang Furniture','each','D','4100','5101','1420','5104','1415',0,0,0,0,0,0,0,0,0,1,'',0,0,'0000-00-00','0000-00-00',''),('JF002',2,1,'Jasa Pemindahan Furniture','Jasa Pemindahan Furniture','each','D','4100','5101','1420','5104','1415',0,0,0,0,0,0,0,0,0,1,'',0,0,'0000-00-00','0000-00-00',''),('JF003',2,1,'Pemindahan Furniture dan Elektronik Kantor','Jasa Pemindahan Furniture dan Elektronik Kantor','each','D','4100','5101','1420','5104','1415',0,0,0,0,0,0,0,0,0,1,'',0,0,'0000-00-00','0000-00-00',''),('JF004',3,1,'Jasa Instalasi Fire Safety','Jasa Instalasi Fire System, \\tabung FM200, FIre Safety Piping dan programming\r\n','each','B','4100','5101','1420','5104','1415',0,0,0,0,0,0,0,0,0,1,'',0,0,'0000-00-00','0000-00-00',''),('JG001',2,1,'Jasa Gulung Ulang Label Sticker per Roll','Jasa Gulung Ulang Label Sticker per Roll','each','D','4100','5101','1420','5104','1415',0,0,0,0,0,0,0,0,0,1,'',0,0,'0000-00-00','0000-00-00',''),('JK001',2,1,'Pekerjaan Jasa Konsultan Pengelolaan Mail System Zimbra','Pekerjaan Jasa Konsultan Pengelolaan Mail System Zimbra','each','D','4100','5101','1420','5104','1415',0,0,0,0,0,0,0,0,0,1,'',0,0,'0000-00-00','0000-00-00',''),('JK002',2,1,'Jasa Pengiriman Tolo','Jasa Pengiriman Tolo','each','D','4100','5101','1420','5104','1415',0,0,0,0,0,0,0,0,0,1,'',0,0,'0000-00-00','0000-00-00',''),('JM001',4,1,'JavaMifix 200GB Unlimited FUP','JavaMifix 200GB Unlimited FUP','each','M','4100','5101','1420','5104','1415',0,0,0,0,0,0,0,0,0,1,'',0,0,'0000-00-00','0000-00-00',''),('JN001',2,1,'Jasa Notaris','Jasa Notaris','each','D','4100','5101','1420','5104','1415',0,0,0,0,0,0,0,0,0,0,'',0,0,'0000-00-00','0000-00-00',''),('JP001',2,1,'Jasa Penambahan Ruang Kantor','Jasa Penambahan Ruang Kantor','each','D','4100','5101','1420','5104','1415',0,0,6500000,0,0,0,0,0,0,1,'',0,0,'0000-00-00','0000-00-00',''),('JP002',2,1,'Jasa Pindah Barang','Jasa Pindah Barang','each','D','4100','5101','1420','5104','1415',0,0,1400000,0,0,0,0,0,0,1,'',0,0,'0000-00-00','0000-00-00',''),('JP003',2,1,'Jasa Pekerjaan Bongkar Pasang Plafon','Jasa Pekerjaan Bongkar/Pasang Plafon','each','D','4100','5101','1420','5104','1415',0,0,0,0,0,0,0,0,0,1,'',0,0,'0000-00-00','0000-00-00',''),('JP004',1,1,'Material Partisi Ruangan Kantor','Material Partisi Ruangan Kantor','each','D','4100','5101','1410','5104','1415',0,0,0,0,0,0,0,0,0,1,'',0,0,'0000-00-00','0000-00-00',''),('JP005',1,1,'Jasa Pembuatan Partisi Ruangan Kantor	','Jasa Pembuatan Partisi Ruangan Kantor	','each','D','4100','5101','1410','5104','1415',0,0,0,0,0,0,0,0,0,1,'',0,0,'0000-00-00','0000-00-00',''),('JP006',1,1,'Material Partisi Lis Bawah','Material Partisi Lis Bawah','each','D','4100','5101','1410','5104','1415',0,0,0,0,0,0,0,0,0,1,'',0,0,'0000-00-00','0000-00-00',''),('JP007',1,1,'Jasa Pemasangan Partisi Lis Bawah','Jasa Pemasangan Partisi Lis Bawah','each','D','4100','5101','1410','5104','1415',0,0,0,0,0,0,0,0,0,1,'',0,0,'0000-00-00','0000-00-00',''),('JP008',1,1,'Material Partisi Lipat Ruangan Kantor','Material Partisi Lipat Ruangan Kantor','each','D','4100','5101','1410','5104','1415',0,0,0,0,0,0,0,0,0,1,'',0,0,'0000-00-00','0000-00-00',''),('JP009',2,1,'Jasa Pemeriksaan CCTV','Jasa Pemeriksaan CCTV','each','D','4100','5101','1420','5104','1415',0,0,0,0,0,0,0,0,0,1,'',0,0,'0000-00-00','0000-00-00',''),('JS001',2,1,'APC Supervision Service - W8X5NBH','APC Supervision Service - W8X5NBH','each','D','4100','5101','1420','5104','1415',0,0,0,0,0,0,0,0,0,1,'',0,0,'0000-00-00','0000-00-00',''),('JS002',3,1,'Jasa Pekerjaan Sipil','Jasa Pekerjaan Sipil','each','B','4100','5101','1420','5104','1415',0,0,0,0,0,0,0,0,0,1,'',0,0,'0000-00-00','0000-00-00',''),('KAB001',4,1,'Kitchen Set Alumunium box kabinet atas dan pintu bagian bawah putih','Kitchen Set Alumunium box kabinet atas dan pintu bagian bawah putih','Set','B','4100','5101','1420','5104','1415',0,0,0,0,0,0,0,0,0,1,'',0,0,'0000-00-00','0000-00-00',''),('KB001',1,1,'Kabel Belden Cat 6','Kabel Belden Cat 6','each','D','4100','5101','1420','5104','1415',0,0,1050000,0,0,0,0,0,0,1,'',0,0,'0000-00-00','0000-00-00',''),('KB002',2,1,'Kabel Listrik','Kabel Listrik','each','D','4100','5101','1420','5104','1415',0,0,355000,0,0,0,0,0,0,1,'',0,0,'0000-00-00','0000-00-00',''),('KB003',3,1,'Kabel Listrik Supreme 3x2.5 50m','Kabel Listrik Supreme 3x2.5 50m','each','B','4100','5101','1420','5104','1415',0,0,805000,805000,0,0,0,0,0,1,'',0,0,'0000-00-00','0000-00-00',''),('KB004',2,1,'Kabel Patchcord Panduit Cat6','Kabel Patchcord Panduit Cat6','each','D','4100','5101','1420','5104','1415',0,0,90000,0,0,0,0,0,0,1,'',0,0,'0000-00-00','0000-00-00',''),('KB005',1,1,'Kabel Belden RG59','Kabel Belden RG59','each','D','4100','5101','1410','5104','1415',0,0,1650000,0,0,0,0,0,0,1,'',0,0,'0000-00-00','0000-00-00',''),('KB006',1,1,'Konektor BNC Drat','Konektor BNC Drat','each','D','4100','5101','1410','5104','1415',0,0,137499,0,0,0,0,0,0,1,'',0,0,'0000-00-00','0000-00-00',''),('KB007',1,1,'Kabel Ties Label','Kabel Ties Label','each','D','4100','5101','1410','5104','1415',0,0,12000,0,0,0,0,0,0,1,'',0,0,'0000-00-00','0000-00-00',''),('KB008',4,1,'Kabel Ties','Kabel Ties','each','D','4100','5101','1420','5104','1415',0,0,0,0,0,0,0,0,0,1,'',0,0,'0000-00-00','0000-00-00',''),('KB009',1,1,'PANDUIT Patch Cord FO LC - LC OM4 10G 30Mtr - FZ2ERLNLNSNM030','PANDUIT Patch Cord FO LC - LC OM4 10G 30Mtr - FZ2ERLNLNSNM030','each','D','4100','5101','1410','5104','1415',0,0,0,0,0,0,0,0,0,1,'',0,0,'0000-00-00','0000-00-00',''),('KB010',4,1,'Penutup Kabel Meja','Penutup Kabel Meja','each','B','4100','5101','1420','5104','1415',0,0,2849,5698,0,0,0,0,0,1,'',0,0,'0000-00-00','0000-00-00',''),('KB011',1,1,'Kabel Fiber Optic Armored 2 Core 500M','Kabel Fiber Optic Armored 2 Core 500M','each','B','4100','5101','1410','5104','1415',0,0,0,0,0,0,0,0,0,1,'',0,0,'0000-00-00','0000-00-00',''),('KB012',3,1,'Unifi UACC-Cable-Patch-EL-C6A-0.15M-W-24','UniFi Premium Patch Cable Ultra-thin braided patch cable, designed and optimized for 10 GbE networking.','each','B','4100','5101','1420','5104','1415',0,0,0,0,0,0,0,0,0,1,'',0,0,'0000-00-00','0000-00-00',''),('KB013',3,1,'Unifi UACC-DAC-SFP10-0.5M','Unifi 10G Direct Attach Cable UACC-DAC-SFP10-0.5M SFP+ direct attach cable with a 10 Gbps max data rate.','each','B','4100','5101','1420','5104','1415',0,0,0,0,0,0,0,0,0,1,'',0,0,'0000-00-00','0000-00-00',''),('KB014',3,1,'Kabel Dahua RG59+Power','Kabel Dahua RG59+Power','each','B','4100','5101','1420','5104','1415',0,0,0,0,0,0,0,0,0,1,'',0,0,'0000-00-00','0000-00-00',''),('KB015',3,1,'Fiber Optic 2Core 1 Seling SC-SC 250m','Fiber Optic 2Core 1 Seling SC-SC 250m','each','B','4100','5101','1420','5104','1415',0,0,0,0,0,0,0,0,0,1,'',0,0,'0000-00-00','0000-00-00',''),('KB016',3,1,'Patchcord Belden Cat6 10m','Patchcord Belden Cat6 10m','each','B','4100','5101','1420','5104','1415',0,0,0,0,0,0,0,0,0,1,'',0,0,'0000-00-00','0000-00-00',''),('KB017',3,1,'Projeane PJ107-FTP6C03T','Projeane PJ107-FTP6C03T FTP CAT 6 23AWG OD\r\n','each','B','4100','5101','1420','5104','1415',0,0,0,0,0,0,0,0,0,1,'',0,0,'0000-00-00','0000-00-00',''),('KC001',3,1,'Kitchen Kabinet Bawah','Kitchen Kabinet Bawah','each','B','4100','5101','1420','5104','1415',0,0,0,0,0,0,0,0,0,1,'',0,0,'0000-00-00','0000-00-00',''),('KC002',3,1,'Kitchen Kabinet Atas','Kitchen Kabinet Atas','each','B','4100','5101','1420','5104','1415',0,0,0,0,0,0,0,0,0,1,'',0,0,'0000-00-00','0000-00-00',''),('KG001',2,1,'Kompon Gypsum','Kompon Gypsum','each','D','4100','5101','1420','5104','1415',0,0,0,0,0,0,0,0,0,1,'',0,0,'0000-00-00','0000-00-00',''),('KG002',3,1,'Kaca Glasstone','Kaca Glasstone','each','B','4100','5101','1420','5104','1415',0,0,0,0,0,0,0,0,0,1,'',0,0,'0000-00-00','0000-00-00',''),('KK001',3,1,'Kabinet Kulkas','Kabinet Kulkas','each','B','4100','5101','1420','5104','1415',0,0,0,0,0,0,0,0,0,1,'',0,0,'0000-00-00','0000-00-00',''),('KM001',3,1,'Kursi Makan','Kursi Makan','each','B','4100','5101','1420','5104','1415',0,0,0,0,0,0,0,0,0,1,'',0,0,'0000-00-00','0000-00-00',''),('KP001',3,1,'Klem Pipa Jepit','Klem Pipa Jepit','each','B','4100','5101','1420','5104','1415',0,0,0,0,0,0,0,0,0,1,'',0,0,'0000-00-00','0000-00-00',''),('KS001',1,1,'Kaos Sablon','Kaos Sablon','each','D','4100','5101','1410','5104','1415',0,0,27140500,0,0,0,0,0,0,1,'',0,0,'0000-00-00','0000-00-00',''),('KT001',2,1,'Instalasi Kabel Telepon','Instalasi Kabel Telepon','each','D','4100','5101','1420','5104','1415',0,0,0,0,0,0,0,0,0,1,'',0,0,'0000-00-00','0000-00-00',''),('KT002',1,1,'Kuota Telkomsel OMG','Kuota Telkomsel OMG','each','D','4100','5101','1410','5104','1415',0,0,160000,0,0,0,0,0,0,1,'',0,0,'0000-00-00','0000-00-00',''),('KT003',3,1,'Kabinet TV Bawah','Kabinet TV Bawah','each','B','4100','5101','1420','5104','1415',0,0,0,0,0,0,0,0,0,1,'',0,0,'0000-00-00','0000-00-00',''),('KV001',3,1,'HPE G3 KVM CONSOLE SWITCH AF651A','HPE G3 KVM CONSOLE SWITCH AF651A','each','B','4100','5101','1420','5104','1415',0,0,0,0,0,0,0,0,0,1,'',0,0,'0000-00-00','0000-00-00',''),('KV002',3,1,'HPE LCD8500 1U INTL Rackmount Console Kit AF644A','AF644A','each','B','4100','5101','1420','5104','1415',0,0,0,0,0,0,0,0,0,1,'',0,0,'0000-00-00','0000-00-00',''),('KV003',3,1,'HP AF628A KVM Console USB Interface Adapter','HP AF628A KVM Console USB Interface Adapter','each','B','4100','5101','1420','5104','1415',0,0,0,0,0,0,0,0,0,1,'',0,0,'0000-00-00','0000-00-00',''),('KV004',3,1,'Orico Type-C 15-in-1 Thunderbolt 3','Orico Type-C 15-in-1 Thunderbolt 3','each','B','4100','5101','1420','5104','1415',0,0,0,0,0,0,0,0,0,1,'',0,0,'0000-00-00','0000-00-00',''),('LB001',1,1,'Lakban Bening custom printing 72 mm 300 YARD','Lakban Bening custom printing 72 mm 300 YARD','each','D','4100','5101','1410','5104','1415',0,0,0,0,0,0,0,0,0,1,'',0,0,'0000-00-00','0000-00-00',''),('LB002',3,1,'Clear Tape 24cm x 100 Yard','Clear Tape 24cm x 100 Yard','each','M','4100','5101','1420','5104','1415',0,0,0,0,0,0,0,0,0,1,'',0,0,'0000-00-00','0000-00-00',''),('LB003',3,1,'Clear Tape 12cm x 100 Yard','Clear Tape 12cm x 100 Yard','each','M','4100','5101','1420','5104','1415',0,0,0,0,0,0,0,0,0,1,'',0,0,'0000-00-00','0000-00-00',''),('LC001',1,1,'IPS LCD HP 14FHD AGUWVA 250','N35732-001 SPS-RAW PANEL 14FHD AGUWVA 250 LP F','each','B','4100','5101','1410','5104','1415',0,0,0,0,0,0,0,0,0,1,'',0,0,'0000-00-00','0000-00-00',''),('LE001',1,1,'Le Minerale 600ml','Le Minerale 600ml','each','D','4100','6207','1410','5104','1415',0,0,7200,0,0,0,0,0,0,1,'',0,0,'0000-00-00','0000-00-00',''),('LF001',1,1,'Lem Fox Kuning Kaleng 600ml','Lem Fox Kuning Kaleng 600ml','each','D','4100','5101','1410','5104','1415',0,0,51500,0,0,0,0,0,0,1,'',0,0,'0000-00-00','0000-00-00',''),('LH001',3,1,'Lemari Handuk','Lemari Handuk','each','B','4100','5101','1420','5104','1415',0,0,0,0,0,0,0,0,0,1,'',0,0,'0000-00-00','0000-00-00',''),('LO001',3,1,'Pekerjaan Lemari Obat Include Material','Pekerjaan Lemari Obat Include Material','each','B','4100','5101','1420','5104','1415',0,0,0,0,0,0,0,0,0,1,'',0,0,'0000-00-00','0000-00-00',''),('LP001',3,1,'HP Laser Color MFP 178nw WiFi','HP Laser Color MFP 178nw WiFi','each','B','4100','5101','1420','5104','1415',0,0,0,0,0,0,0,0,0,1,'',0,0,'0000-00-00','0000-00-00',''),('LP002',3,1,'Lantai Parkit','Lantai Parkit','each','B','4100','5101','1420','5104','1415',0,0,0,0,0,0,0,0,0,1,'',0,0,'0000-00-00','0000-00-00',''),('LR001',3,1,'Holder Label Roll','Holder Label Roll','each','B','4100','5101','1420','5104','1415',0,0,0,0,0,0,0,0,0,1,'',0,0,'0000-00-00','0000-00-00',''),('LT001',1,1,'Lan Tester Good Hand','Lan Tester Good Hand','each','D','4100','5101','1410','5104','1415',0,0,350000,0,0,0,0,0,0,1,'',0,0,'0000-00-00','0000-00-00',''),('LT002',3,1,'HP 14 INTEL CORE I5 1135G7','Laptop HP 14 INTEL CORE I5 1135G7','each','B','4100','5101','1420','5104','1415',0,0,0,0,0,0,0,0,0,1,'',0,0,'0000-00-00','0000-00-00',''),('LT003',3,1,'LAPTOP HP 14S-DQ4016TU i5-1155G7 8GB 512GB','LAPTOP HP 14S-DQ4016TU i5-1155G7 8GB 512GB','each','B','4100','5101','1420','5104','1415',0,0,0,0,0,0,0,0,0,1,'',0,0,'0000-00-00','0000-00-00',''),('LT004',3,1,'Laptop HP 14s-fq0562AU Athlon 3050U Radeon 4GB RAM 512GB SSD W11 AMD','Laptop HP 14s-fq0562AU Athlon 3050U Radeon 4GB RAM 512GB SSD W11 AMD','each','B','4100','5101','1420','5104','1415',0,0,0,0,0,0,0,0,0,1,'',0,0,'0000-00-00','0000-00-00',''),('LT005',3,1,'HP 14 I5 1335U 8GB 512GB W11+OHS','Laptop HP 14S EP0001TU/EP0002TU I5 1335U 8GB 512SSD W11 14&quot; FHD IPS - Non Bundle, WINDOWS 11 HOME','each','B','4100','5101','1420','5104','1415',0,0,0,0,0,0,0,0,0,1,'',0,0,'0000-00-00','0000-00-00',''),('LT006',3,1,'HP Laptop 14-ep0022TU i7-1360P Silver','HP 14S EP0022TU i7 1360P RAM 16GB 512SSD IRIS XE W11+OHS 14 FHD IPS - Non Bundle, WINDOWS 11 HOME','each','B','4100','5101','1420','5104','1415',0,0,0,0,0,0,0,0,0,1,'',0,0,'0000-00-00','0000-00-00',''),('LT007',1,1,'Baterai Original L11119-855 ASSY-BATT 3C 41W','Baterai Original L11119-855 ASSY-BATT 3C 41W 3.6A LI HT03041XL-PR+PL','each','B','4100','5101','1410','5104','1415',0,0,0,0,0,0,0,0,0,1,'',0,0,'0000-00-00','0000-00-00',''),('LT008',1,1,'Baterai Laptop HP HT03XL ','Baterai Compatible Laptop HP HT03XL ','each','B','4100','5101','1410','5104','1415',0,0,0,0,0,0,0,0,0,1,'',0,0,'0000-00-00','0000-00-00',''),('LY001',3,1,'Layar Projector 2-in-1 72inch','Layar Projector 2-in-1 72inch','each','B','4100','5101','1420','5104','1415',0,0,0,0,0,0,0,0,0,1,'',0,0,'0000-00-00','0000-00-00',''),('LY002',3,1,'Layar Projector 2-in-1 84inch','Layar Projector 2-in-1 84inch','each','B','4100','5101','1420','5104','1415',0,0,0,0,0,0,0,0,0,1,'',0,0,'0000-00-00','0000-00-00',''),('LY003',3,1,'Digitalscreen Motorizes Wall Screen 70inch','Digitalscreen Motorizes Wall Screen 70inch','each','B','4100','5101','1420','5104','1415',0,0,0,0,0,0,0,0,0,1,'',0,0,'0000-00-00','0000-00-00',''),('LY004',3,1,'Digitalscreen Motorizes Wall Screen 84inch','Digitalscreen Motorizes Wall Screen 84inch','each','B','4100','5101','1420','5104','1415',0,0,0,0,0,0,0,0,0,1,'',0,0,'0000-00-00','0000-00-00',''),('LY005',3,1,'Digitalscreen Motorizes Wall Screen 96inch','Digitalscreen Motorizes Wall Screen 96inch','each','B','4100','5101','1420','5104','1415',0,0,0,0,0,0,0,0,0,1,'',0,0,'0000-00-00','0000-00-00',''),('MA001',3,1,'Manual Abort','Manual Abort','each','B','4100','5101','1420','5104','1415',0,0,0,0,0,0,0,0,0,1,'',0,0,'0000-00-00','0000-00-00',''),('MB001',3,1,'Mesin Bor Makita Cordless HP488D002','Mesin Bor Makita Cordless HP488D002','each','B','4100','5101','1420','5104','1415',0,0,2523000,2523000,0,0,0,0,0,1,'',0,0,'0000-00-00','0000-00-00',''),('MB002',2,1,'Macbook Pro M2 512GB','Macbook Pro M2 512GB','each','D','4100','5101','1420','5104','1415',0,0,23970000,0,0,0,0,0,0,1,'',0,0,'0000-00-00','0000-00-00',''),('MC001',3,1,'HONEYWELL EDA51K SCANNER BARCODE','HONEYWELL EDA51K SCANNER BARCODE','each','B','4100','5101','1420','5104','1415',0,0,0,0,0,0,0,0,0,1,'',0,0,'0000-00-00','0000-00-00',''),('MC002',2,1,'Honeywell Enterprise Browser','Honeywell, Software, License, Enterprise Browser For Android And\r\nW10 IOT, Includes 1 Year Of Software Maintenance','each','D','4100','5101','1420','5104','1415',0,0,0,0,0,0,0,0,0,1,'',0,0,'0000-00-00','0000-00-00',''),('MC003',3,1,'TPLink MC210CS Gigabit Media Converter','TPLink MC210CS Gigabit Single-Mode Media Converter','each','B','4100','5101','1420','5104','1415',0,0,0,0,0,0,0,0,0,1,'',0,0,'0000-00-00','0000-00-00',''),('MM001',3,1,'Asenware Addressable Monitor Module','Asenware Addressable Monitor Module','each','B','4100','5101','1420','5104','1415',0,0,0,0,0,0,0,0,0,1,'',0,0,'0000-00-00','0000-00-00',''),('MM002',3,1,'Mindray manset NIBP - Adult 25-35cm','Mindray manset NIBP - Adult 25-35cm','each','B','4100','5101','1420','5104','1415',0,0,0,0,0,0,0,0,0,1,'',0,0,'0000-00-00','0000-00-00',''),('MM003',3,1,'Mindray manset NIBP - Child 18-26cm','Mindray manset NIBP - Child 18-26cm','each','B','4100','5101','1420','5104','1415',0,0,0,0,0,0,0,0,0,1,'',0,0,'0000-00-00','0000-00-00',''),('MM004',3,1,'Meja Makan','Meja Makan','each','B','4100','5101','1420','5104','1415',0,0,0,0,0,0,0,0,0,1,'',0,0,'0000-00-00','0000-00-00',''),('MN001',3,1,'Nakas','Nakas','each','B','4100','5101','1420','5104','1415',0,0,0,0,0,0,0,0,0,1,'',0,0,'0000-00-00','0000-00-00',''),('MP001',2,1,'Material Penambahan Ruang Kantor','Material Penambahan Ruang Kantor','each','D','4100','5101','1420','5104','1415',0,0,0,0,0,0,0,0,0,1,'',0,0,'0000-00-00','0000-00-00',''),('MP002',2,1,'Material Instalasi kabel LAN dan Listrik','Material Instalasi kabel LAN dan Listrik','each','D','4100','5101','1420','5104','1415',0,0,1000000,0,0,0,0,0,0,1,'',0,0,'0000-00-00','0000-00-00',''),('MP003',3,1,'All In One MINIPOS MP-E156C','All In One MINIPOS MP-E156C','each','B','4100','5101','1420','5104','1415',0,0,0,0,0,0,0,0,0,1,'',0,0,'0000-00-00','0000-00-00',''),('MS001',3,1,'Microsoft Windows 11 Pro Bundle Office 2019','Microsoft Windows 11 Pro Bundle Office 2019','each','B','4100','5101','1420','5104','1415',0,0,310000,310000,0,0,0,0,0,1,'',0,0,'0000-00-00','0000-00-00',''),('MS002',2,1,'MagicSpam PLUS for Zimbra','MagicSpam PLUS for Zimbra per Tahun per Server','each','D','4100','5101','1420','5104','1415',0,0,0,0,0,0,0,0,0,1,'',0,0,'0000-00-00','0000-00-00',''),('MS003',2,1,'Project Plan 3','Project Plan 3','each','D','4100','5101','1420','5104','1415',0,0,0,0,0,0,0,0,0,1,'',0,0,'0000-00-00','0000-00-00',''),('MS004',2,1,'Power BI Pro','Power BI Pro','each','D','4100','5101','1420','5104','1415',0,0,0,0,0,0,0,0,0,1,'',0,0,'0000-00-00','0000-00-00',''),('MT001',1,1,'Materai','Materai 10000','each','B','4100','5101','1410','5104','1415',0,0,0,0,0,0,0,0,0,0,'',0,0,'0000-00-00','0000-00-00',''),('NE001',1,1,'Nescafe Ice Coffee Original 240ml','Nescafe Ice Coffee Original 240ml','each','D','4100','6207','1410','5104','1415',0,0,10600,0,0,0,0,0,0,1,'',0,0,'0000-00-00','0000-00-00',''),('NE002',1,1,'Nescafe Ice Coffee Latte 240ml','Nescafe Ice Coffee Latte 240ml','each','D','4100','6207','1410','5104','1415',0,0,9600,0,0,0,0,0,0,1,'',0,0,'0000-00-00','0000-00-00',''),('NL001',3,1,'NiceLabel 2019 Designer Express','NiceLabel 2019 Designer Express','each','B','4100','5101','1420','5104','1415',0,0,0,0,0,0,0,0,0,1,'',0,0,'0000-00-00','0000-00-00',''),('NL002',3,1,'NiceLabel 2019 Designer Express Software','NiceLabel 2019 Designer 1 year Express Software','each','B','4100','5101','1420','5104','1415',0,0,0,0,0,0,0,0,0,1,'',0,0,'0000-00-00','0000-00-00',''),('NS001',3,1,'Synology RS820+ RackStation 4-Bay NAS Server Personal Cloud RS 820+ Included with 4x 1TB WD NASWare','Synology RS820+ RackStation 4-Bay NAS Server Personal Cloud RS 820+ Included with 4x 1TB WD NASWare','each','B','4100','5101','1420','5104','1415',0,0,0,0,0,0,0,0,0,1,'',0,0,'0000-00-00','0000-00-00',''),('OK001',2,1,'Ongkos Kirim','Ongkos Kirim','each','D','4100','5101','1420','5104','1415',0,0,31000,0,0,0,0,0,0,1,'',0,0,'0000-00-00','0000-00-00',''),('OT001',2,1,'One Time Setup Fee','One Time Setup Fee','each','D','4100','5101','1420','5104','1415',0,0,0,0,0,0,0,0,0,1,'',0,0,'0000-00-00','0000-00-00',''),('OT002',2,1,'One Time Accomodation Fee','One Time Accomodation Fee','each','D','4100','5101','1420','5104','1415',0,0,0,0,0,0,0,0,0,1,'',0,0,'0000-00-00','0000-00-00',''),('PB001',1,1,'Plugboot Vascolink RJ45','Plugboot Vascolink RJ45','each','D','4100','5101','1410','5104','1415',0,0,32000,0,0,0,0,0,0,1,'',0,0,'0000-00-00','0000-00-00',''),('PB002',1,1,'Plugboot Belden 50pcs','Plugboot Belden 50pcs','each','D','4100','5101','1410','5104','1415',0,0,185000,0,0,0,0,0,0,1,'',0,0,'0000-00-00','0000-00-00',''),('PC001',1,1,'Pintu Cowboy','Pintu Cowboy','each','M','4100','5101','1420','5104','1415',0,0,1923000,0,0,0,0,0,0,1,'',0,0,'0000-00-00','0000-00-00',''),('PC002',3,1,'HP Desktop PC M01-F2019d','HP Desktop PC M01-F2019d','each','B','4100','5101','1420','5104','1415',0,0,0,0,0,0,0,0,0,1,'',0,0,'0000-00-00','0000-00-00',''),('PC003',3,1,'HP Desktop PC M01-F2019d with Wireless Adapter','HP Desktop PC M01-F2019d with Wireless Adapter','each','B','4100','5101','1420','5104','1415',0,0,0,0,0,0,0,0,0,1,'',0,0,'0000-00-00','0000-00-00',''),('PC004',3,1,'HP Desktop PC M01-F2025d','HP Desktop PC M01-F2025d','each','B','4100','5101','1420','5104','1415',0,0,0,0,0,0,0,0,0,1,'',0,0,'0000-00-00','0000-00-00',''),('PC005',3,1,'Lenovo IdeaCentre AIO 3 24IAP7 Core i3-1215U 8GB 512GB W11 OHS - Black, 8GB','Lenovo IdeaCentre AIO 3 24IAP7 Core i3-1215U 8GB 512GB W11 OHS - Black, 8GB\r\n','each','B','4100','5101','1420','5104','1415',0,0,0,0,0,0,0,0,0,1,'',0,0,'0000-00-00','0000-00-00',''),('PD001',2,1,'Indorack PDU8G Germany Outlet','Indorack PDU8G Germany Outlet','each','D','4100','5101','1420','5104','1415',0,0,532000,0,0,0,0,0,0,1,'',0,0,'0000-00-00','0000-00-00',''),('PD002',3,1,'PDU12G - INDORACK PDU 12 Socket witch Swicth','PDU12G - INDORACK PDU 12 Socket witch Swicth\r\n4 Set Cagenut &amp; Screw','each','B','4100','5101','1410','5104','1415',0,0,0,0,0,0,0,0,0,1,'',0,0,'0000-00-00','0000-00-00',''),('PD003',3,1,'PDU6G - INDORACK PDU 6 Socket witch Swicth	','PDU6G - INDORACK PDU 6 Socket witch Swicth	','each','B','4100','5101','1420','5104','1415',0,0,0,0,0,0,0,0,0,1,'',0,0,'0000-00-00','0000-00-00',''),('PF001',3,1,'Pipa Fire Safety','Pipa Fire Safety','each','B','4100','5101','1420','5104','1415',0,0,0,0,0,0,0,0,0,1,'',0,0,'0000-00-00','0000-00-00',''),('PFC001',2,1,'Perbaikan plafon + cat','Perbaikan plafon + cat','each','D','4100','5101','1420','5104','1415',0,0,0,0,0,0,0,0,0,1,'',0,0,'0000-00-00','0000-00-00',''),('PG001',3,1,'Papan Gypsum A Plus 9mm','Papan Gypsum A Plus 9mm','each','B','4100','5101','1420','5104','1415',0,0,0,0,0,0,0,0,0,1,'',0,0,'0000-00-00','0000-00-00',''),('PI001',4,1,'Printer InkJet HP Smart 315 Print Scan Copy','Printer InkJet HP Smart 315 Print Scan Copy','each','B','4100','5101','1420','5104','1415',0,0,0,0,0,0,0,0,0,1,'',0,0,'0000-00-00','0000-00-00',''),('PJ001',4,1,'Proyektor Viewsonic PS502X Short Throw 4000 Lumens','Proyektor Viewsonic PS502X Short Throw 4000 Lumens','each','M','4100','5101','1420','5104','1415',0,0,0,0,0,0,0,0,0,1,'',0,0,'0000-00-00','0000-00-00',''),('PJ002',4,1,'Proyektor Epson EB-L210SW','Proyektor Epson EB-L210SW','each','M','4100','5101','1420','5104','1415',0,0,1975000,1975000,0,0,0,0,0,1,'',0,0,'0000-00-00','0000-00-00',''),('PJ003',4,1,'Proyektor Infocus IN-138HDST Short Throw','Proyektor Infocus IN-138HDST Short Throw','each','M','4100','5101','1420','5104','1415',0,0,0,0,0,0,0,0,0,1,'',0,0,'0000-00-00','0000-00-00',''),('PJ004',1,1,'Proyektor ViewSonic PS600W Short Throw 3700 Lumens','Proyektor ViewSonic PS600W Short Throw 3700 Lumens','each','B','4100','5101','1410','5104','1415',0,0,0,0,0,0,0,0,0,1,'',0,0,'0000-00-00','0000-00-00',''),('PJ005',3,1,'Proyektor ViewSonic PS501X Short Throw 3500 Lumens','Proyektor ViewSonic PS501X Short Throw 3500 Lumens','each','B','4100','5101','1420','5104','1415',0,0,0,0,0,0,0,0,0,1,'',0,0,'0000-00-00','0000-00-00',''),('PJ006',3,1,'Epson EB-685W Ultra-Short Throw WXGA 3LCD Projector','Epson EB-685W Ultra-Short Throw WXGA 3LCD Projector 3500 Lumens','each','B','4100','5101','1420','5104','1415',0,0,0,0,0,0,0,0,0,1,'',0,0,'0000-00-00','0000-00-00',''),('PK001',2,1,'Perbaikan Kebocoran Sink (Bak cuci piring)','Perbaikan Kebocoran Sink (Bak cuci piring)','each','D','4100','5101','1420','5104','1415',0,0,0,0,0,0,0,0,0,1,'',0,0,'0000-00-00','0000-00-00',''),('PL001',2,1,'Pipa Listrik Conduit 20mm','Pipa Listrik Conduit 20mm','each','D','4100','5101','1420','5104','1415',0,0,0,0,0,0,0,0,0,1,'',0,0,'0000-00-00','0000-00-00',''),('PL002',2,1,'Pipa Listrik Flexible 20mm','Pipa Listrik Flexible 20mm','each','D','4100','5101','1420','5104','1415',0,0,0,0,0,0,0,0,0,1,'',0,0,'0000-00-00','0000-00-00',''),('PL003',2,1,'Sok Pipa Listrik Conduit 20mm','Sok Pipa Listrik Conduit 20mm','each','D','4100','5101','1420','5104','1415',0,0,0,0,0,0,0,0,0,1,'',0,0,'0000-00-00','0000-00-00',''),('PL004',1,1,'Pipa Galvanis 3 meter','Pipa Galvanis 3 meter','each','D','4100','5101','1410','5104','1415',0,0,0,0,0,0,0,0,0,1,'',0,0,'0000-00-00','0000-00-00',''),('PP001',2,1,'Pendukung Pekerjaan Furniture','Pendukung Pekerjaan Furniture','each','D','4100','5101','1420','5104','1415',0,0,0,0,0,0,0,0,0,1,'',0,0,'0000-00-00','0000-00-00',''),('PP002',2,1,'Pengecatan Partisi Meja Kerja','Pengecatan Partisi Meja Kerja','each','D','4100','5101','1420','5104','1415',0,0,600000,0,0,0,0,0,0,1,'',0,0,'0000-00-00','0000-00-00',''),('PP003',2,1,'Pemetaan dan Penataan Pegawai BGP','Pemetaan dan Penataan Pegawai BGP','each','D','4100','5101','1420','5104','1415',0,0,0,0,0,0,0,0,0,1,'',0,0,'0000-00-00','0000-00-00',''),('PS001',1,1,'Power Supply Central 20A 12V','Power Supply Central 20A 12V','each','D','4100','5101','1410','5104','1415',0,0,197500,0,0,0,0,0,0,1,'',0,0,'0000-00-00','0000-00-00',''),('PS002',1,1,'Power Supply Central 10A 12V','Power Supply Central 10A 12V','each','D','4100','5101','1410','5104','1415',0,0,146999,0,0,0,0,0,0,1,'',0,0,'0000-00-00','0000-00-00',''),('PS003',1,1,'Material Pintu Sliding','Material Pintu Sliding','each','B','4100','5101','1410','5104','1415',0,0,0,0,0,0,0,0,0,1,'',0,0,'0000-00-00','0000-00-00',''),('PS004',1,1,'Jasa Pemasangan Pintu Sliding','Jasa Pemasangan Pintu Sliding','each','B','4100','5101','1410','5104','1415',0,0,0,0,0,0,0,0,0,1,'',0,0,'0000-00-00','0000-00-00',''),('PW001',3,1,'Pekerjaan Wallpaper','Pekerjaan Wallpaper','each','B','4100','5101','1420','5104','1415',0,0,0,0,0,0,0,0,0,1,'',0,0,'0000-00-00','0000-00-00',''),('RB001',1,1,'Rak Besi 50x100x200','Rak Besi 50x100x200','each','D','4100','5101','1410','5104','1415',0,0,680000,0,0,0,0,0,0,1,'',0,0,'0000-00-00','0000-00-00',''),('RB002',3,1,'Full Resin Ribbon Face Out 110x300m','Full Resin Ribbon Face Out 110x300m','each','D','4100','5101','1420','5104','1415',0,0,0,0,0,0,0,0,0,1,'',0,0,'0000-00-00','0000-00-00',''),('RB003',3,1,'Rangka Baja CNP 75','Rangka Baja CNP 75','each','B','4100','5101','1420','5104','1415',0,0,0,0,0,0,0,0,0,1,'',0,0,'0000-00-00','0000-00-00',''),('RD001',4,1,'Rak Dispenser 50cm x 165cm','Rak Dispenser 50cm x 165cm','Set','B','4100','5101','1420','5104','1415',0,0,0,0,0,0,0,0,0,1,'',0,0,'0000-00-00','0000-00-00',''),('RJ001',2,1,'Konektor RJ45','Konektor RJ45','each','D','4100','5101','1420','5104','1415',0,0,77700,0,0,0,0,0,0,1,'',0,0,'0000-00-00','0000-00-00',''),('RJ002',1,1,'Vention B07 RJ45 Connector','Vention B07 Female to Female RJ45 Connector','each','B','4100','5101','1410','5104','1415',0,0,0,0,0,0,0,0,0,1,'',0,0,'0000-00-00','0000-00-00',''),('RK001',2,1,'Rekondisi Perangkat Furniture','Rekondisi Perangkat Furniture','each','D','4100','5101','1420','5104','1415',0,0,1300000,0,0,0,0,0,0,1,'',0,0,'0000-00-00','0000-00-00',''),('RM001',3,1,'Asenware Addressable Relay Module','Asenware Addressable Relay Module','each','B','4100','5101','1420','5104','1415',0,0,0,0,0,0,0,0,0,1,'',0,0,'0000-00-00','0000-00-00',''),('RS001',3,1,'HPE Proliant DL360 G10 - 1U Rackmounted','HPE Proliant DL360 G10 - 1U Rackmounted','each','B','4100','5101','1420','5104','1415',0,0,0,0,0,0,0,0,0,1,'',0,0,'0000-00-00','0000-00-00',''),('RT001',2,1,'Router Mikrotik RB1100Dx4','Indorack PDU8G Germany Outlet','each','D','4100','5101','1420','5104','1415',0,0,5235000,0,0,0,0,0,0,1,'',0,0,'0000-00-00','0000-00-00',''),('RT002',1,1,'Mikrotik RB450Gx4','Mikrotik RB450Gx4','each','D','4100','5101','1410','5104','1415',0,0,1814000,0,0,0,0,0,0,1,'',0,0,'0000-00-00','0000-00-00',''),('RT003',3,1,'Fortinet Fortigate FG-60F Bundled with 1 Year UTM Bundle License 24x7 and NBD-RMA','Fortinet Fortigate FG-60F Bundled with 1 Year UTM Bundle License 24x7 and NBD-RMA','each','B','4100','5101','1420','5104','1415',0,0,0,0,0,0,0,0,0,1,'',0,0,'0000-00-00','0000-00-00',''),('RT004',3,1,'Fortinet Fortigate FG-40F Bundled with 1 Year UTM Bundle License 24x7 and NBD-RMA','Fortinet Fortigate FG-40F Bundled with 1 Year UTM Bundle License 24x7 and NBD-RMA','each','B','4100','5101','1420','5104','1415',0,0,0,0,0,0,0,0,0,1,'',0,0,'0000-00-00','0000-00-00',''),('RT005',3,1,'Mikrotik RB750P-PBr2 ','Mikrotik RB750P-PBr2 ','each','D','4100','5101','1420','5104','1415',0,0,0,0,0,0,0,0,0,1,'',0,0,'0000-00-00','0000-00-00',''),('RT006',3,1,'Ruijie RG-EG310GH-P-E','Ruijie RG-EG310GH-P-E','each','B','4100','5101','1420','5104','1415',0,0,0,0,0,0,0,0,0,1,'',0,0,'0000-00-00','0000-00-00',''),('RT007',4,1,'Mikrotik RB750Gr3 (hEX) ','Mikrotik RB750Gr3 (hEX) ','each','M','4100','5101','1420','5104','1415',0,0,0,0,0,0,0,0,0,1,'',0,0,'0000-00-00','0000-00-00',''),('RT008',4,1,'Fortinet Fortigate FG-60F Bundled with 4 Year UTM Bundle License 24x7 and NBD-RMA	','Fortinet Fortigate FG-60F Bundled with 4 Year UTM Bundle License 24x7 and NBD-RMA	','each','M','4100','5101','1420','5104','1415',0,0,0,0,0,0,0,0,0,1,'',0,0,'0000-00-00','0000-00-00',''),('RT009',4,1,'Ruijie RG-EG305GH-P-E','Ruijie RG-EG305GH-P-E','each','B','4100','5101','1420','5104','1415',0,0,0,0,0,0,0,0,0,1,'',0,0,'0000-00-00','0000-00-00',''),('RT010',4,1,'Ruijie RG-RAP2260-G Indoor AP AX1800','Ruijie RG-RAP2260-G Indoor AP AX1800','each','M','4100','5101','1420','5104','1415',0,0,0,0,0,0,0,0,0,1,'',0,0,'0000-00-00','0000-00-00',''),('RT011',4,1,'Ruijie RG-RAP6262 AP Outdoor AX3000','Ruijie RG-RAP6262 AP Outdoor AX3000','each','M','4100','5101','1420','5104','1415',0,0,0,0,0,0,0,0,0,1,'',0,0,'0000-00-00','0000-00-00',''),('RT012',3,1,'RG-EG1510XS, Reyee High-performance Cloud Managed Router','RG-EG1510XS,1500 Concurrent Clients,1000 IPsec VPN Tunnels,4Gbps Throughput,1TB Storage for 4~5 Months Syslog','each','B','4100','5101','1420','5104','1415',0,0,0,0,0,0,0,0,0,1,'',0,0,'0000-00-00','0000-00-00',''),('RT013',3,1,'Mikrotik CRS326-24S+2Q+RM','Mikrotik CRS326-24S+2Q+RM Switch 24 port SFP+ (10G) + 2 x QSFP+ (40G)\r\n','each','B','4100','5101','1420','5104','1415',0,0,0,0,0,0,0,0,0,1,'',0,0,'0000-00-00','0000-00-00',''),('RT014',3,1,'Reyee RG-EG105GW(T) Router Wireless','RG-EG105GW(T) Router Wireless 5-Port Gigabit All-in-one Reyee AC1300\r\n','each','B','4100','5101','1420','5104','1415',0,0,0,0,0,0,0,0,0,1,'',0,0,'0000-00-00','0000-00-00',''),('RT015',3,1,'hEX refresh - E50UG','hEX refresh - E50UG MIKROTIK Router Desktop','each','B','4100','5101','1420','5104','1415',0,0,0,0,0,0,0,0,0,1,'',0,0,'0000-00-00','0000-00-00',''),('RT016',3,1,'Unifi UDM-SE (180W)','Unifi Dream Machine Special Edition\r\nUDM-SE (180W) 10G Cloud Gateway with 100+ UniFi device / 1,000+ client support, 3.5 Gbps IPS routing, and built-in PoE switching.','each','B','4100','5101','1420','5104','1415',0,0,0,0,0,0,0,0,0,1,'',0,0,'0000-00-00','0000-00-00',''),('RT017',3,1,'TPLink ER7212PC Omada 3-in-1','TPLink ER7212PC Omada 3-in-1 Gigabit VPN Router','each','B','4100','5101','1420','5104','1415',0,0,0,0,0,0,0,0,0,1,'',0,0,'0000-00-00','0000-00-00',''),('RT018',3,1,'Ruijie RG-EG105G-V3','Ruijie RG-EG105G-V3, 5 Gigabit Ports,100 Users,600Mbps, 32MB Flash','each','B','4100','5101','1420','5104','1415',0,0,0,0,0,0,0,0,0,1,'',0,0,'0000-00-00','0000-00-00',''),('SA001',1,1,'Flexible Hose (Selang AC)','Flexible Hose (Selang AC)','each','B','4100','5101','1410','5104','1415',0,0,0,0,0,0,0,0,0,1,'',0,0,'0000-00-00','0000-00-00',''),('SD001',3,1,'Conventional Smoke Detector','Conventional Smoke Detector','each','B','4100','5101','1420','5104','1415',0,0,0,0,0,0,0,0,0,1,'',0,0,'0000-00-00','0000-00-00',''),('SE001',1,1,'Seagate Skyhawk Surveillance 8TB SATA RAID1','Skyhawk Surveillance 8TB SATA RAID1','each','B','4100','5101','1410','5104','1415',0,0,0,0,0,0,0,0,0,0,'',0,0,'0000-00-00','0000-00-00',''),('SE002',3,1,'Seagate Skyhawk Surveillance 10TB SATA','Seagate Skyhawk Surveillance 10TB SATA Hard Disk SkyHawk Video\r\n','each','B','4100','5101','1420','5104','1415',0,0,0,0,0,0,0,0,0,1,'',0,0,'0000-00-00','0000-00-00',''),('SE003',3,1,'Seagate Skyhawk Surveillance 2TB SATA','Hard Disk SkyHawk Video 2TB SATA','each','B','4100','5101','1420','5104','1415',0,0,0,0,0,0,0,0,0,1,'',0,0,'0000-00-00','0000-00-00',''),('SE004',3,1,'Seagate Skyhawk Surveillance 4TB SATA	','Seagate Skyhawk Surveillance 4TB SATA	','each','B','4100','5101','1420','5104','1415',0,0,0,0,0,0,0,0,0,1,'',0,0,'0000-00-00','0000-00-00',''),('SF001',3,1,'Mikrobits SFP-10G-SR-MM SFP Transceiver Multimode SFP+','Mikrobits SFP+ Transceiver 10G SFP+ 850nm 300m Multimode and DDM/DOM Supported.','each','B','4100','5101','1420','5104','1415',0,0,0,0,0,0,0,0,0,1,'',0,0,'0000-00-00','0000-00-00',''),('SF002',3,1,'Mikrobits SFP-10G-DAC-3M','SFP+ Direct Attach Cable 10G 3M','each','B','4100','5101','1420','5104','1415',0,0,0,0,0,0,0,0,0,1,'',0,0,'0000-00-00','0000-00-00',''),('SH001',2,1,'Shopee','Biaya Shopee','each','D','4100','5101','1420','5104','1415',0,0,1000,0,0,0,0,0,0,1,'',0,0,'0000-00-00','0000-00-00',''),('SK001',3,1,'Skrup Gypsum 6X2','Skrup Gypsum 6X2','each','B','4100','5101','1420','5104','1415',0,0,50000,50000,0,0,0,0,0,1,'',0,0,'0000-00-00','0000-00-00',''),('SK002',3,1,'40k Smart Key Management','40Key,Wallmount,7 inch Touchscreen Display, Face Recognition, Fingerprint, and Card Authentication, Mobile &amp; PC Management','each','B','4100','5101','1420','5104','1415',0,0,0,0,0,0,0,0,0,1,'',0,0,'0000-00-00','0000-00-00',''),('SK003',3,1,'60k Smart Key Management Standing','60Key, Standing, 7 inch Touchscreen Display, Face Recognition, Fingerprint, and Card Authentication, Mobile &amp; PC Management, Automated Reporting System, 4G/WiFi/LAN Connectivity','each','B','4100','5101','1420','5104','1415',0,0,0,0,0,0,0,0,0,1,'',0,0,'0000-00-00','0000-00-00',''),('SK004',3,1,'100k Smart Key Management','100Key, Standing, 7 inch Touchscreen Display, Face Recognition, Fingerprint, and Card Authentication, Mobile &amp; PC Management, Automated Reporting System, 4G/WiFi/LAN Connectivity, Centralized Management, Full Activity Logging, Manual Override','each','B','4100','5101','1420','5104','1415',0,0,0,0,0,0,0,0,0,1,'',0,0,'0000-00-00','0000-00-00',''),('SL001',3,1,'Selenoid FM200','Selenoid FM200','each','B','4100','5101','1420','5104','1415',0,0,0,0,0,0,0,0,0,1,'',0,0,'0000-00-00','0000-00-00',''),('SM001',2,1,'Sewa Mobil Truk','Sewa Mobil Truk','each','D','4100','5101','1420','5104','1415',0,0,1500000,0,0,0,0,0,0,1,'',0,0,'0000-00-00','0000-00-00',''),('SM002',3,1,'Asenware Addressable Supervisory Moduule','Asenware Addressable Supervisory Moduule','each','B','4100','5101','1420','5104','1415',0,0,0,0,0,0,0,0,0,1,'',0,0,'0000-00-00','0000-00-00',''),('SN001',1,1,'SIP Number Monthly','SIP Number Monthly','each','D','4100','5101','1410','5104','1415',0,0,0,0,0,0,0,0,0,1,'',0,0,'0000-00-00','0000-00-00',''),('SN002',1,1,'SIP Phone Local Credit 300 Minutes','SIP Phone Local Credit 300 Minutes','each','D','4100','5101','1410','5104','1415',0,0,0,0,0,0,0,0,0,1,'',0,0,'0000-00-00','0000-00-00',''),('SN003',1,1,'SIP Phone Interlocal &amp; GSM Credit 100 Minutes','SIP Phone Interlocal &amp; GSM Credit 100 Minutes','each','D','4100','5101','1410','5104','1415',0,0,0,0,0,0,0,0,0,1,'',0,0,'0000-00-00','0000-00-00',''),('SN004',2,1,'Indonesia Local Zone Call','Indonesia Local Zone Call','each','D','4100','5101','1420','5104','1415',0,0,0,0,0,0,0,0,0,1,'',0,0,'0000-00-00','0000-00-00',''),('SN005',2,1,'Indonesia Mobile Operator Call','Indonesia Mobile Operator Call','each','D','4100','5101','1420','5104','1415',0,0,0,0,0,0,0,0,0,1,'',0,0,'0000-00-00','0000-00-00',''),('SN006',2,1,'International Call','International Call','each','D','4100','5101','1420','5104','1415',0,0,0,0,0,0,0,0,0,1,'',0,0,'0000-00-00','0000-00-00',''),('SP001',1,1,'Speaker HP DHE-6002','Speaker HP DHE-6002','each','D','4100','5101','1410','5104','1415',0,0,498000,0,0,0,0,0,0,1,'',0,0,'0000-00-00','0000-00-00',''),('SS001',2,1,'SSD NvME Midasforce 2TB','SSD NvME Midasforce 2TB','each','D','4100','5101','1420','5104','1415',0,0,2200000,0,0,0,0,0,0,1,'',0,0,'0000-00-00','0000-00-00',''),('ST001',3,1,'Steker Uticon Bulat S28R','Steker Uticon Bulat S28R','each','B','4100','5101','1420','5104','1415',0,0,8300,8300,0,0,0,0,0,1,'',0,0,'0000-00-00','0000-00-00',''),('ST002',3,1,'Stop Kontak Uticon 4 Lubang','Stop Kontak Uticon 4 Lubang','each','B','4100','5101','1420','5104','1415',0,0,16870,16870,0,0,0,0,0,1,'',0,0,'0000-00-00','0000-00-00',''),('ST003',3,1,'Sticker Roll','Sticker Roll','each','B','4100','5101','1420','5104','1415',0,0,3680000,3680000,0,0,0,0,0,1,'',0,0,'0000-00-00','0000-00-00',''),('ST004',4,1,'Starlink Flat High Performance Kit','Starlink Flat High Performance Kit','each','D','4100','5101','1420','5104','1415',0,0,49000676,0,0,0,0,0,0,1,'',0,0,'0000-00-00','0000-00-00',''),('ST005',2,1,'Airtime Starlink Maritime 50GB','Airtime Starlink Maritime 50GB','each','D','4100','5101','1420','5104','1415',0,0,0,0,0,0,0,0,0,1,'',0,0,'0000-00-00','0000-00-00',''),('ST006',2,1,'Airtime Starlink Maritime 1TB','Airtime Starlink Maritime 1TB','each','D','4100','5101','1420','5104','1415',0,0,0,0,0,0,0,0,0,1,'',0,0,'0000-00-00','0000-00-00',''),('ST007',2,1,'Airtime Starlink Maritime 5TB','Airtime Starlink Maritime 5TB','each','D','4100','5101','1420','5104','1415',0,0,0,0,0,0,0,0,0,1,'',0,0,'0000-00-00','0000-00-00',''),('ST008',2,1,'Airtime Starlink Maritime Additional per GB','Airtime Starlink Maritime Additional per GB','each','D','4100','5101','1420','5104','1415',0,0,0,0,0,0,0,0,0,1,'',0,0,'0000-00-00','0000-00-00',''),('ST009',3,1,'Starlink Standard Kit','Starlink Standard Kit','each','B','4100','5101','1420','5104','1415',0,0,0,0,0,0,0,0,0,1,'',0,0,'0000-00-00','0000-00-00',''),('ST010',3,1,'Starlink Antenna Cable Kit','Starlink Antenna Cable Kit','each','B','4100','5101','1420','5104','1415',0,0,0,0,0,0,0,0,0,1,'',0,0,'0000-00-00','0000-00-00',''),('ST011',3,1,'Starlink Antenna Bracket','Starlink Antenna Bracket','each','B','4100','5101','1420','5104','1415',0,0,0,0,0,0,0,0,0,1,'',0,0,'0000-00-00','0000-00-00',''),('ST012',3,1,'Custom Railing Mounting Set','Custom Railing Mounting Set','each','B','4100','5101','1420','5104','1415',0,0,0,0,0,0,0,0,0,1,'',0,0,'0000-00-00','0000-00-00',''),('ST013',2,1,'Airtime Starlink Airtime Business 1TB','Airtime Starlink Airtime Business 1TB','each','D','4100','5101','1420','5104','1415',0,0,0,0,0,0,0,0,0,1,'',0,0,'0000-00-00','0000-00-00',''),('ST014',3,1,'Starlink Ethernet Adapter','Starlink Ethernet Adapter','each','B','4100','5101','1420','5104','1415',0,0,0,0,0,0,0,0,0,1,'',0,0,'0000-00-00','0000-00-00',''),('ST015',3,1,'Starlink Mesh Wifi Router','Starlink Mesh Wifi Router','each','B','4100','5101','1420','5104','1415',0,0,0,0,0,0,0,0,0,1,'',0,0,'0000-00-00','0000-00-00',''),('ST016',2,1,'Starlink Bandwidth and GPS Monitoring','Starlink Bandwidth and GPS Monitoring','each','D','4100','5101','1420','5104','1415',0,0,0,0,0,0,0,0,0,1,'',0,0,'0000-00-00','0000-00-00',''),('ST017',3,1,'Starlink Wedge Mount','Starlink Wedge Mount','each','B','4100','5101','1420','5104','1415',0,0,0,0,0,0,0,0,0,1,'',0,0,'0000-00-00','0000-00-00',''),('ST018',3,1,'Starlink Power Supply Wall Mount','Starlink Power Supply Wall Mount','each','B','4100','5101','1420','5104','1415',0,0,0,0,0,0,0,0,0,1,'',0,0,'0000-00-00','0000-00-00',''),('ST019',3,1,'Starlink Power Cable','Starlink Power Cable','each','B','4100','5101','1420','5104','1415',0,0,0,0,0,0,0,0,0,1,'',0,0,'0000-00-00','0000-00-00',''),('ST020',1,1,'Airtime Starlink Airtime Business 2TB','Airtime Starlink Airtime Business 2TB','each','M','4100','5101','1420','5104','1415',0,0,0,0,0,0,0,0,0,1,'',0,0,'0000-00-00','0000-00-00',''),('ST021',2,1,'Airtime Starlink Airtime Business 6TB','Airtime Starlink Airtime Business 6TB','each','D','4100','5101','1420','5104','1415',0,0,0,0,0,0,0,0,0,0,'',0,0,'0000-00-00','0000-00-00',''),('ST022',1,1,'Starlink Ethernet Cable 5M High Performance','Starlink Ethernet Cable 5M High Performance','each','B','4100','5101','1410','5104','1415',0,0,0,0,0,0,0,0,0,1,'',0,0,'0000-00-00','0000-00-00',''),('ST023',1,1,'Starlink High Performance Pole Adapter','Starlink High Performance Pole Adapter','each','B','4100','5101','1410','5104','1415',0,0,0,0,0,0,0,0,0,1,'',0,0,'0000-00-00','0000-00-00',''),('ST024',2,1,'Starlink Mobile Regional Unlimited','Starlink Mobile Regional Unlimited','each','D','4100','5101','1420','5104','1415',0,0,0,0,0,0,0,0,0,1,'',0,0,'0000-00-00','0000-00-00',''),('ST025',3,1,'Starlink High Performance','Starlink High Performance','each','B','4100','5101','1420','5104','1415',0,0,0,0,0,0,0,0,0,1,'',0,0,'0000-00-00','0000-00-00',''),('ST026',2,1,'Starlink Standard Data Fixed Location','Starlink Standard Data Fixed Location','each','D','4100','5101','1420','5104','1415',0,0,0,0,0,0,0,0,0,1,'',0,0,'0000-00-00','0000-00-00',''),('ST027',2,1,'Airtime Starlink Maritime 10TB	','Airtime Starlink Maritime 10TB	','each','D','4100','5101','1420','5104','1415',0,0,0,0,0,0,0,0,0,1,'',0,0,'0000-00-00','0000-00-00',''),('ST028',2,1,'Airtime Starlink Maritime 15TB','Airtime Starlink Maritime 15TB	','each','D','4100','5101','1420','5104','1415',0,0,0,0,0,0,0,0,0,1,'',0,0,'0000-00-00','0000-00-00',''),('ST029',2,1,'Airtime Starlink Maritime Unlimited','Airtime Starlink Maritime Unlimited','each','D','4100','5101','1420','5104','1415',0,0,0,0,0,0,0,0,0,1,'',0,0,'0000-00-00','0000-00-00',''),('ST030',2,1,'Starlink Airtime Business 40GB','Starlink Airtime Business 40GB','each','D','4100','5101','1420','5104','1415',0,0,0,0,0,0,0,0,0,1,'',0,0,'0000-00-00','0000-00-00',''),('ST031',2,1,'Starlink Activation Fee','Starlink Activation Fee','each','D','4100','5101','1420','5104','1415',0,0,0,0,0,0,0,0,0,1,'',0,0,'0000-00-00','0000-00-00',''),('ST032',1,1,'Starlink Standard Base-X Frame','Starlink Standard Base-X Frame','each','B','4100','5101','1410','5104','1415',0,0,0,0,0,0,0,0,0,1,'',0,0,'0000-00-00','0000-00-00',''),('ST033',4,1,'Starlink Community Gateway Upfront Cost','Starlink Community Gateway Upfront Cost','each','M','4100','5101','1420','5104','1415',0,0,0,0,0,0,0,0,0,1,'',0,0,'0000-00-00','0000-00-00',''),('ST034',4,1,'Starlink Community Gateway per Gbps','Starlink Community Gateway Services per gbps','each','M','4100','5101','1420','5104','1415',0,0,0,0,0,0,0,0,0,1,'',0,0,'0000-00-00','0000-00-00',''),('st035',3,1,'LDNIO SC4408 4 AC Outlets','4 AC Outlets Universal Power Strip SC4408','each','B','4100','5101','1420','5104','1415',0,0,0,0,0,0,0,0,0,1,'',0,0,'0000-00-00','0000-00-00',''),('ST036',2,1,'Airtime Starlink Global Priority 500GB','Airtime Starlink Global Priority 500GB','each','D','4100','5101','1420','5104','1415',0,0,0,0,0,0,0,0,0,1,'',0,0,'0000-00-00','0000-00-00',''),('ST037',2,1,'Airtime Starlink Global Priority 2TB','Airtime Starlink Global Priority 2TB','each','D','4100','5101','1420','5104','1415',0,0,0,0,0,0,0,0,0,1,'',0,0,'0000-00-00','0000-00-00',''),('ST038',3,1,'Starlink Pivot Mount','Starlink Pivot Mount','each','B','4100','5101','1420','5104','1415',0,0,0,0,0,0,0,0,0,1,'',0,0,'0000-00-00','0000-00-00',''),('ST039',3,1,'Starlink Standard Kit Mini','Starlink Standard Kit Mini','each','B','4100','5101','1420','5104','1415',0,0,0,0,0,0,0,0,0,1,'',0,0,'0000-00-00','0000-00-00',''),('ST040',3,1,'Starlink Mini Pipe Adapter and Flat Mount','Starlink Mini Pipe Adapter and Flat Mount','each','B','4100','5101','1420','5104','1415',0,0,0,0,0,0,0,0,0,1,'',0,0,'0000-00-00','0000-00-00',''),('ST041',3,1,'Starlink Mini Pivot Mount','Starlink Mini Pivot Mount','each','B','4100','5101','1420','5104','1415',0,0,0,0,0,0,0,0,0,1,'',0,0,'0000-00-00','0000-00-00',''),('ST042',2,1,'Starlink Airtime Business 500GB','Starlink Airtime Business 500GB','each','D','4100','5101','1420','5104','1415',0,0,0,0,0,0,0,0,0,1,'',0,0,'0000-00-00','0000-00-00',''),('ST043',3,1,'Starlink Mini Travel Kit','Starlink Mini Travel Kit','each','B','4100','5101','1420','5104','1415',0,0,0,0,0,0,0,0,0,1,'',0,0,'0000-00-00','0000-00-00',''),('ST044',3,1,'Starlink Mini Battery 95W','Starlink Mini Battery 95W','each','B','4100','5101','1420','5104','1415',0,0,0,0,0,0,0,0,0,1,'',0,0,'0000-00-00','0000-00-00',''),('ST045',4,1,'Starlink Flat High Performance Kit - Exwork','Starlink Flat High Performance Kit - Exwork Includes 1 Year Warranty','each','M','4100','5101','1420','5104','1415',0,0,0,0,0,0,0,0,0,1,'',0,0,'0000-00-00','0000-00-00',''),('SV001',2,1,'Sewa Villa AirBnB','Sewa Villa AirBnB','each','D','4100','5101','1420','5104','1415',0,0,4765000,0,0,0,0,0,0,1,'',0,0,'0000-00-00','0000-00-00',''),('SW001',1,1,'Switch TPLink SG3428MP 28 Port','Switch TPLink SG3428MP 28 Port','each','D','4100','5101','1410','5104','1415',0,0,5050000,0,0,0,0,0,0,1,'',0,0,'0000-00-00','0000-00-00',''),('SW002',1,1,'Switch TPLink SG1008MP 8 Port','Switch TPLink SG1008MP 8 Port','each','D','4100','5101','1410','5104','1415',0,0,625000,0,0,0,0,0,0,1,'',0,0,'0000-00-00','0000-00-00',''),('SW003',1,1,'Switch TPLink LS108G','Switch TPLink LS108G','each','D','4100','5101','1410','5104','1415',0,0,269000,0,0,0,0,0,0,1,'',0,0,'0000-00-00','0000-00-00',''),('SW004',3,1,'Aruba 2930F 12G PoE','Aruba 2930F 12G PoE+ 2G/SFP+ Switch','each','B','4100','5101','1420','5104','1415',0,0,0,0,0,0,0,0,0,1,'',0,0,'0000-00-00','0000-00-00',''),('SW005',1,1,'Switch TPLink TL-SG1016D 16 port','Switch TPLink TL-SG1016D 16 port','each','B','4100','5101','1410','5104','1415',0,0,0,0,0,0,0,0,0,1,'',0,0,'0000-00-00','0000-00-00',''),('SW006',4,1,'Ruijie RG-NBS3100-24GT4SFP-V2 24 Port Gigabit 4 SFP L2','Ruijie RG-NBS3100-24GT4SFP-V2 24 Port Gigabit 4 SFP L2','each','M','4100','5101','1420','5104','1415',0,0,0,0,0,0,0,0,0,1,'',0,0,'0000-00-00','0000-00-00',''),('SW007',3,1,'Ruijie RG-ES210GS-P','RG-ES210GS-P10-Port Gigabit Smart POE Switch, 8 PoE/POE+ Gigabit RJ45 Ports with 1 Gigabit RJ45/1 combo SFP uplink ports,,120W PoE power budget, Desktop Steel Case','each','B','4100','5101','1420','5104','1415',0,0,0,0,0,0,0,0,0,1,'',0,0,'0000-00-00','0000-00-00',''),('SW008',3,1,'RG-NBS3200-48GT4XS-P','Switch PoE Manage Cloud Layer 2+ 48-port Gigabit, 4 Uplink 10G','each','B','4100','5101','1420','5104','1415',0,0,0,0,0,0,0,0,0,1,'',0,0,'0000-00-00','0000-00-00',''),('SW009',3,1,'Reyee RG-NBS3200-24GT4XS-P','Switch PoE Manage Cloud Layer 2 24-port Gigabit, 4 Uplink 10G','each','B','4100','5101','1420','5104','1415',0,0,0,0,0,0,0,0,0,1,'',0,0,'0000-00-00','0000-00-00',''),('SW010',3,1,'RG-ES220GS-P 20-Port Gigabit Smart Cloud Managed PoE Switch','Ruijie RG-ES220GS-P 20-Port Gigabit Smart Cloud Managed PoE Switch\r\n','each','B','4100','5101','1420','5104','1415',0,0,0,0,0,0,0,0,0,1,'',0,0,'0000-00-00','0000-00-00',''),('SW011',3,1,'Reyee RG-ES118FGS-LP','RG-ES118FGS-LP, Switch PoE Unmanage 16-Port 10/100 Mbps dengan 2-Port Gigabit','each','B','4100','5101','1420','5104','1415',0,0,0,0,0,0,0,0,0,1,'',0,0,'0000-00-00','0000-00-00',''),('SW012',3,1,'Reyee RG-ES208GC','RG-ES208GC, Switch Cloud Manage 8-Port Gigabit Non-PoE','each','B','4100','5101','1420','5104','1415',0,0,0,0,0,0,0,0,0,1,'',0,0,'0000-00-00','0000-00-00',''),('SW013',3,1,'Switch Reyee RG-NBS3100-24GT4SFP-P','Reyee RG-NBS3100-24GT4SFP-P, Switch PoE Manage Cloud Layer 2 28-port Gigabit','each','B','4100','5101','1420','5104','1415',0,0,0,0,0,0,0,0,0,1,'',0,0,'0000-00-00','0000-00-00',''),('SW014',3,1,'DLINK DES-F1026P-E 26-Port PoE Switch with 24 PoE Ports','DLINK DES-F1026P-E 250M 24-Port Fast Ethernet PoE Switch with 24-port POE+ (250W) with 2 x Gigabit Uplink Ports with 1 Combo SFP','each','B','4100','5101','1420','5104','1415',0,0,0,0,0,0,0,0,0,1,'',0,0,'0000-00-00','0000-00-00',''),('SW015',3,1,'Unifi USW-16-POE (42W)','Unifi Standard 16 PoE USW-16-POE (42W). A 16-port, Layer 2 PoE switch with a silent, fanless cooling system.','each','B','4100','5101','1420','5104','1415',0,0,0,0,0,0,0,0,0,1,'',0,0,'0000-00-00','0000-00-00',''),('T001',4,1,'Top Table depan kaca 150cm x 25cm','Top Table depan kaca 150cm x 25cm','Set','B','4100','5101','1420','5104','1415',0,0,0,0,0,0,0,0,0,1,'',0,0,'0000-00-00','0000-00-00',''),('TC001',4,1,'Tray Cable BRC','Tray Cable BRC','each','M','4100','5101','1420','5104','1415',0,0,0,0,0,0,0,0,0,1,'',0,0,'0000-00-00','0000-00-00',''),('TF001',2,1,'Jasa Tukang Finishing','Jasa Tukang Finishing','each','D','4100','5101','1420','5104','1415',0,0,0,0,0,0,0,0,0,1,'',0,0,'0000-00-00','0000-00-00',''),('TK001',2,1,'Biaya Layanan','Biaya Layanan','each','D','4100','5101','1420','5104','1415',0,0,33000,0,0,0,0,0,0,1,'',0,0,'0000-00-00','0000-00-00',''),('TK002',1,1,'Tang Krimping RG6 BNC','Tang Krimping RG6 BNC','each','D','4100','5101','1410','5104','1415',0,0,110000,0,0,0,0,0,0,1,'',0,0,'0000-00-00','0000-00-00',''),('TK003',1,1,'Tang Krimping Trendnet CAT5 RG45','Tang Krimping Trendnet CAT5 RG45','each','D','4100','5101','1410','5104','1415',0,0,550000,0,0,0,0,0,0,1,'',0,0,'0000-00-00','0000-00-00',''),('TK004',3,1,'AMP Commscope Crimping Tool Cat 6','AMP Commscope Crimping Tool Cat 6','each','B','4100','5101','1420','5104','1415',0,0,0,0,0,0,0,0,0,1,'',0,0,'0000-00-00','0000-00-00',''),('TL001',3,1,'Thermal Label Preprinted 35x100','Thermal Label Preprinted 35x100','each','D','4100','5101','1420','5104','1415',0,0,0,0,0,0,0,0,0,1,'',0,0,'0000-00-00','0000-00-00',''),('TL002',3,1,'Thermal Label Preprinted 60x120','Thermal Label Preprinted 60x120','each','D','4100','5101','1420','5104','1415',0,0,0,0,0,0,0,0,0,1,'',0,0,'0000-00-00','0000-00-00',''),('TL003',3,1,'Thermal Label Preprinted 100x150','Thermal Label Preprinted 100x150','each','D','4100','5101','1420','5104','1415',0,0,0,0,0,0,0,0,0,1,'',0,0,'0000-00-00','0000-00-00',''),('TL004',3,1,'Thermal Label Preprinted 105x210','Thermal Label Preprinted 105x210','each','D','4100','5101','1420','5104','1415',0,0,0,0,0,0,0,0,0,1,'',0,0,'0000-00-00','0000-00-00',''),('TL005',4,1,'Yufo Label Preprinted 35x100	500 label','Yufo Label Preprinted 35x100 500 label','each','D','4100','5101','1420','5104','1415',0,0,0,0,0,0,0,0,0,1,'',0,0,'0000-00-00','0000-00-00',''),('TL006',4,1,'Yufo Label Preprinted 60x120	500 label','Yufo Label Preprinted 60x120	500 label','each','D','4100','5101','1420','5104','1415',0,0,0,0,0,0,0,0,0,1,'',0,0,'0000-00-00','0000-00-00',''),('TL007',4,1,'Yufo Label Preprinted 100x150 500 label','Yufo Label Preprinted 100x150 500 label','each','D','4100','5101','1420','5104','1415',0,0,0,0,0,0,0,0,0,1,'',0,0,'0000-00-00','0000-00-00',''),('TL008',4,1,'Yufo Label Preprinted 105x210 500 label','Yufo Label Preprinted 105x210 500 label','each','D','4100','5101','1420','5104','1415',0,0,0,0,0,0,0,0,0,1,'',0,0,'0000-00-00','0000-00-00',''),('TL009',1,1,'Semicoate Label Preprinted 110x82 500 label','Semicoate Label Preprinted 110x82 500 label','each','D','4100','5101','1410','5104','1415',0,0,0,0,0,0,0,0,0,1,'',0,0,'0000-00-00','0000-00-00',''),('TL010',3,1,'Semicoated Label Preprinted 113x81 - 500 label','Semicoated Label Preprinted 113x81 - 500 label','each','M','4100','5101','1420','5104','1415',0,0,0,0,0,0,0,0,0,1,'',0,0,'0000-00-00','0000-00-00',''),('TL011',3,1,'Semicoated Label Preprinted 148x54 - 500 label','Semicoated Label Preprinted 148x54 - 500 label','each','M','4100','5101','1420','5104','1415',0,0,0,0,0,0,0,0,0,1,'',0,0,'0000-00-00','0000-00-00',''),('TL012',3,1,'Semicoated Label Preprinted 70x55 - 1000 label	','Semicoated Label Preprinted 70x55 - 1000 label	','each','B','4100','5101','1420','5104','1415',0,0,0,0,0,0,0,0,0,1,'',0,0,'0000-00-00','0000-00-00',''),('TL013',3,1,'Yupo Label Preprinted 70x55 - 1000 label	','Yupo Label Preprinted 70x55 - 1000 label	','each','B','4100','5101','1420','5104','1415',0,0,0,0,0,0,0,0,0,1,'',0,0,'0000-00-00','0000-00-00',''),('TP001',1,1,'Tinta Printer Canon Kit 745-746','Tinta Printer Canon Kit 745-746','each','B','4100','5101','1410','5104','1415',0,0,223000,253475,0,0,0,0,0,1,'',0,0,'0000-00-00','0000-00-00',''),('TP002',3,1,'Tripod Proyektor 100-180cm ','Tripod Proyektor 100-180cm ','each','B','4100','5101','1420','5104','1415',0,0,0,0,0,0,0,0,0,1,'',0,0,'0000-00-00','0000-00-00',''),('TP003',3,1,'Tripod Layar Proyektor','Tripod Layar Proyektor','each','B','4100','5101','1420','5104','1415',0,0,0,0,0,0,0,0,0,1,'',0,0,'0000-00-00','0000-00-00',''),('TS001',3,1,'Tower Server HPE ProLiant ML30, Gen10 - Processor : Intel® Xeon® E-2224 (4- Core, 3.4 GHz, 71W)','Tower Server HPE ProLiant ML30, Gen10 - Processor : Intel® Xeon® E-2224 (4- Core, 3.4 GHz, 71W)','each','B','4100','5101','1420','5104','1415',0,0,0,0,0,0,0,0,0,1,'',0,0,'0000-00-00','0000-00-00',''),('TS002',1,1,'Tali strapping logo custom','Tali strapping logo custom','each','D','4100','5101','1410','5104','1415',0,0,0,0,0,0,0,0,0,1,'',0,0,'0000-00-00','0000-00-00',''),('TT001',3,1,'Top Table','Top Table','each','B','4100','5101','1420','5104','1415',0,0,0,0,0,0,0,0,0,1,'',0,0,'0000-00-00','0000-00-00',''),('TV001',3,1,'Samsung 60BU8000 Led Tv 60 Inch Crystal 4K UHD Smart TV','Samsung 60BU8000 Led Tv 60 Inch Crystal 4K UHD Smart TV','each','B','4100','5101','1410','5104','1415',0,0,0,0,0,0,0,0,0,1,'',0,0,'0000-00-00','0000-00-00',''),('TV002',3,1,'Samsung 60BU8000 Led Tv 60 Inch Crystal 4K UHD Smart TV','Samsung 60BU8000 Led Tv 60 Inch Crystal 4K UHD Smart TV','each','B','4100','5101','1420','5104','1415',0,0,0,0,0,0,0,0,0,1,'',0,0,'0000-00-00','0000-00-00',''),('tv003',4,1,'Samsung 32 inch HD Smart TV T4501','Samsung 32 inch HD Smart TV T4501','each','D','4100','5101','1420','5104','1415',0,0,0,0,0,0,0,0,0,1,'',0,0,'0000-00-00','0000-00-00',''),('TV004',4,1,'Xiaomi TV Stick','Xiaomi TV Stick','each','B','4100','5101','1420','5104','1415',0,0,0,0,0,0,0,0,0,1,'',0,0,'0000-00-00','0000-00-00',''),('TW001',2,1,'Tema Website','Tema Website','each','B','4100','5101','1420','5104','1415',0,0,1000000,1000000,0,0,0,0,0,1,'',0,0,'0000-00-00','0000-00-00',''),('UP001',3,1,'UPS APC Online SRT5KXLI 5KVA - Rackmounted','UPS APC Online SRT5KXLI 5KVA - Rackmounted','each','B','4100','5101','1420','5104','1415',0,0,0,0,0,0,0,0,0,1,'',0,0,'0000-00-00','0000-00-00',''),('UP002',3,1,'APC UPS SRTG20KXLI 20KVA - Rackmounted','APC UPS SRTG20KXLI 20KVA - Rackmounted','each','B','4100','5101','1420','5104','1415',0,0,0,0,0,0,0,0,0,1,'',0,0,'0000-00-00','0000-00-00',''),('UP003',3,1,'APC SRTRK2 Smart-UPS SRT 19&quot; Rail Kit for Smart-UPS SRT 5/6/8/10kVA','APC SRTRK2 Smart-UPS SRT 19&quot; Rail Kit for Smart-UPS SRT 5/6/8/10kVA','each','B','4100','5101','1420','5104','1415',0,0,0,0,0,0,0,0,0,1,'',0,0,'0000-00-00','0000-00-00',''),('UP004',3,1,'SRTGRK1 - APC Smart - UPS RT 19&quot; Rail kit for 20KVA ','SRTGRK1 - APC Smart - UPS RT 19&quot; Rail kit for 20KVA ','each','B','4100','5101','1420','5104','1415',0,0,0,0,0,0,0,0,0,1,'',0,0,'0000-00-00','0000-00-00',''),('UP005',1,1,'UPS APC SRT10KXLI 10kVA/10kW, 230V, 6x IEC C13+4x IEC C19 outlets, SmartSlot','UPS APC SRT10KXLI 10kVA/10kW, 230V, 6x IEC C13+4x IEC C19 outlets, SmartSlot','each','D','4100','5101','1410','5104','1415',0,0,0,0,0,0,0,0,0,1,'',0,0,'0000-00-00','0000-00-00',''),('UP007',1,1,'UPS Installation &amp; Startup By APC Indonesia','UPS Installation &amp; Startup By APC Indonesia','each','D','4100','5101','1410','5104','1415',0,0,0,0,0,0,0,0,0,1,'',0,0,'0000-00-00','0000-00-00',''),('UP008',4,1,'APC Smart-UPS C, Line Interactive, 2000VA, Rackmount 2U SMC2000I-2U','APC Smart-UPS C, Line Interactive, 2000VA, Rackmount 2U SMC2000I-2U','each','M','4100','5101','1420','5104','1415',0,0,0,0,0,0,0,0,0,0,'',0,0,'0000-00-00','0000-00-00',''),('UP009',3,1,'APC SMC1000I2UC SMC1000I-2UC Smart UPS Rackmount 1000va 600W LCD Cloud','APC SMC1000I2UC SMC1000I-2UC Smart UPS Rackmount 1000va 600W LCD Cloud','each','B','4100','5101','1420','5104','1415',0,0,0,0,0,0,0,0,0,1,'',0,0,'0000-00-00','0000-00-00',''),('UP010',3,1,'APC Easy UPS BVX1200LI-MS','APC Easy UPS BVX 1200VA, 230V, AVR, Universal Sockets\r\n','each','B','4100','5101','1420','5104','1415',0,0,0,0,0,0,0,0,0,1,'',0,0,'0000-00-00','0000-00-00',''),('UP011',3,1,'APC UPS 1000VA 2U SRV1KRIRK-E','APC Easy UPS On-Line, 1000VA/900W, Rackmount 2U, 230V, 3x IEC C13 outlets, Intelligent Card Slot, LCD, W/ Rail Kit','each','B','4100','5101','1420','5104','1415',0,0,0,0,0,0,0,0,0,1,'',0,0,'0000-00-00','0000-00-00',''),('US001',3,1,'Kanghua CAS-2000BER AB Scan','Kanghua CAS-2000BER AB Scan','each','B','4100','5101','1420','5104','1415',0,0,0,0,0,0,0,0,0,1,'',0,0,'0000-00-00','0000-00-00',''),('VE001',2,1,'Jasa Video Editing','Jasa Video Editing','each','D','4100','5101','1420','5104','1415',0,0,20369572,0,0,0,0,0,0,1,'',0,0,'0000-00-00','0000-00-00',''),('VE002',3,1,'vMix Pro Lifetime License','vMix Pro Lifetime License','each','B','4100','5101','1420','5104','1415',0,0,0,0,0,0,0,0,0,1,'',0,0,'0000-00-00','0000-00-00',''),('vp001',2,1,'Webuzo Standard VPS','Webuzo Standard VPS,2 Cores CPU,2 GB RAM,30 GB Storage','each','D','4100','5101','1420','5104','1415',0,0,0,0,0,0,0,0,0,1,'',0,0,'0000-00-00','0000-00-00',''),('vp002',2,1,'Webuzo Enhanced VPS','Webuzo Enhanced VPS,2 Cores CPU,4 GB RAM,60 GB Storage','each','D','4100','5101','1420','5104','1415',0,0,0,0,0,0,0,0,0,1,'',0,0,'0000-00-00','0000-00-00',''),('vp003',2,1,'Webuzo Premium VPS,3 Cores CPU,6 GB RAM,120 GB Storage','Webuzo Premium VPS,3 Cores CPU,6 GB RAM,120 GB Storage','each','D','4100','5101','1420','5104','1415',0,0,0,0,0,0,0,0,0,1,'',0,0,'0000-00-00','0000-00-00',''),('vp004',2,1,'Webuzo Elite VPS,4 Cores CPU,8 GB RAM,240 GB Storage','Webuzo Elite VPS,4 Cores CPU,8 GB RAM,240 GB Storage','each','D','4100','5101','1420','5104','1415',0,0,0,0,0,0,0,0,0,1,'',0,0,'0000-00-00','0000-00-00',''),('VT001',1,1,'Video Transmitter UTP 8 Channel','Video Transmitter UTP 8 Channel','each','D','4100','5101','1410','5104','1415',0,0,194000,0,0,0,0,0,0,1,'',0,0,'0000-00-00','0000-00-00',''),('WC001',3,1,'Logitech Webcam RALLY Plus','Logitech Webcam RALLY Plus','each','B','4100','5101','1420','5104','1415',0,0,0,0,0,0,0,0,0,1,'',0,0,'0000-00-00','0000-00-00',''),('wc002',3,1,'Kandao Meeting Pro Conference','Kandao Meeting Pro Conference 360','each','B','4100','5101','1420','5104','1415',0,0,0,0,0,0,0,0,0,1,'',0,0,'0000-00-00','0000-00-00',''),('WC003',3,1,'Minrayy UV570 IP PTZ','Minrayy UV570 IP PTZ','each','B','4100','5101','1420','5104','1415',0,0,0,0,0,0,0,0,0,1,'',0,0,'0000-00-00','0000-00-00',''),('WC004',3,1,'Minnray KBD2000 Keyboard PTZ','Minnray KBD2000 Keyboard PTZ','each','B','4100','5101','1420','5104','1415',0,0,0,0,0,0,0,0,0,1,'',0,0,'0000-00-00','0000-00-00',''),('WH001',1,1,'Website Hosting','Website Hosting','each','D','4100','5101','1410','5104','1415',0,0,0,0,0,0,0,0,0,1,'',0,0,'0000-00-00','0000-00-00',''),('WM001',4,1,'Wire Management 2U','Wire Management 2U','each','M','4100','5101','1420','5104','1415',0,0,0,0,0,0,0,0,0,1,'',0,0,'0000-00-00','0000-00-00',''),('WM002',4,1,'Indorack Wire Management','Indorack Wire Management','each','M','4100','5101','1420','5104','1415',0,0,0,0,0,0,0,0,0,1,'',0,0,'0000-00-00','0000-00-00',''),('WM003',3,1,'Vertical Wire Management 42U','Vertical Wire Management 42U','each','B','4100','5101','1420','5104','1415',0,0,0,0,0,0,0,0,0,1,'',0,0,'0000-00-00','0000-00-00',''),('ZP001',1,1,'Zoom Pro Monthly','Zoom Pro Monthly','each','D','4100','5101','1420','5104','1415',0,0,234608,0,0,0,0,0,0,1,'',0,0,'0000-00-00','0000-00-00',''),('ZP002',1,1,'Zoom Meeting 500 Participant Monthly','Zoom Meeting 500 Participant Monthly','each','D','4100','5101','1420','5104','1415',0,0,782550,0,0,0,0,0,0,1,'',0,0,'0000-00-00','0000-00-00',''),('ZP003',1,1,'Zoom Meeting 1000 Participant Monthly','Zoom Meeting 1000 Participant Monthly','each','D','4100','5101','1420','5104','1415',0,0,1409670,0,0,0,0,0,0,1,'',0,0,'0000-00-00','0000-00-00',''),('ZPA001',2,1,'Zoom One Pro Annual','Zoom One Pro Annual','each','D','4100','5101','1420','5104','1415',0,0,1749592,0,0,0,0,0,0,1,'',0,0,'0000-00-00','0000-00-00',''),('ZS001',2,1,'Zoho Survey Plus Yearly','Zoho Survey Plus Yearly','each','D','4100','5101','1420','5104','1415',0,0,0,0,0,0,0,0,0,1,'',0,0,'0000-00-00','0000-00-00','');

--
-- Table structure for table `1_stock_moves`
--

CREATE TABLE `1_stock_moves` (
  `trans_id` int NOT NULL AUTO_INCREMENT,
  `trans_no` int NOT NULL DEFAULT '0',
  `stock_id` char(20) CHARACTER SET utf8mb3 COLLATE utf8mb3_unicode_ci NOT NULL DEFAULT '',
  `type` smallint NOT NULL DEFAULT '0',
  `loc_code` char(5) CHARACTER SET utf8mb3 COLLATE utf8mb3_unicode_ci NOT NULL DEFAULT '',
  `tran_date` date NOT NULL DEFAULT '0000-00-00',
  `price` double NOT NULL DEFAULT '0',
  `reference` char(40) CHARACTER SET utf8mb3 COLLATE utf8mb3_unicode_ci NOT NULL DEFAULT '',
  `qty` double NOT NULL DEFAULT '1',
  `standard_cost` double NOT NULL DEFAULT '0',
  PRIMARY KEY (`trans_id`),
  KEY `type` (`type`,`trans_no`),
  KEY `Move` (`stock_id`,`loc_code`,`tran_date`)
) ENGINE=InnoDB AUTO_INCREMENT=2006 DEFAULT CHARSET=utf8mb3 COLLATE=utf8mb3_unicode_ci;

--
-- Dumping data for table `1_stock_moves`
--

INSERT INTO `1_stock_moves` (`trans_id`, `trans_no`, `stock_id`, `type`, `loc_code`, `tran_date`, `price`, `reference`, `qty`, `standard_cost`) VALUES (2,2,'ZPA001',13,'DEF','2022-07-14',9639640,'1',-1,0),(3,2,'ZS001',13,'DEF','2022-07-14',4500000,'1',-1,0),(4,3,'JF001',13,'GP','2022-07-14',4600000,'2',-1,0),(5,3,'PP001',13,'GP','2022-07-14',1200000,'2',-1,0),(6,3,'RK001',13,'GP','2022-07-14',4935000,'2',-1,0),(7,3,'DC001',13,'GP','2022-07-14',-3985000,'2',-1,0),(8,4,'IJ001',13,'DEF','2022-07-20',70090000,'3',-1,0),(9,4,'IJ001',13,'DEF','2022-07-20',20910000,'3',-1,0),(10,4,'DC001',13,'DEF','2022-07-20',-31000000,'3',-1,0),(11,5,'DS001',13,'GP','2022-07-22',7000000,'4',-1,0),(12,5,'DS001',13,'GP','2022-07-22',6500000,'4',-1,0),(13,6,'CF001',13,'GP','2022-07-22',18000000,'5',-1,0),(14,7,'DS001',13,'DEF','2022-07-22',4500000,'6',-1,0),(15,8,'DS001',13,'GP','2022-07-22',7250000,'7',-1,0),(16,9,'ZPA001',13,'GP','2022-07-26',9639640,'8',-1,0),(17,10,'JF002',13,'DEF','2022-07-28',250000,'9',-73,0),(18,10,'DC001',13,'DEF','2022-07-28',-8250000,'9',-1,0),(19,11,'JP001',13,'DEF','2022-07-28',24700000,'10',-1,0),(20,11,'MP001',13,'DEF','2022-07-28',45290000,'10',-1,0),(21,11,'DC001',13,'DEF','2022-07-28',-34990000,'10',-1,0),(22,12,'PP002',13,'DEF','2022-07-28',250000,'11',-236,0),(23,12,'DC001',13,'DEF','2022-07-28',-39000000,'11',-1,0),(24,13,'KT001',13,'DEF','2022-07-29',2000000,'12',-1,0),(34,21,'IM001',13,'DEF','2022-08-05',22972973,'13',-1,0),(36,23,'BD001',13,'GP','2022-08-09',43396396,'14',-1,0),(37,24,'BD001',13,'GP','2022-08-09',43396396,'15',-1,0),(39,25,'PP003',13,'GP','2022-08-10',43396396,'16',-1,0),(40,26,'PP003',13,'GP','2022-08-10',43396396,'17',-1,0),(41,27,'BS002',13,'GP','2022-08-10',43396396,'18',-1,0),(56,35,'DS001',13,'GP','2022-08-18',7000000,'auto',-1,0),(57,35,'DS001',13,'GP','2022-08-18',6500000,'auto',-1,0),(58,36,'DS001',13,'DEF','2022-08-18',4500000,'auto',-1,0),(59,37,'DS001',13,'GP','2022-08-18',7250000,'auto',-1,0),(60,38,'IJ002',13,'GP','2022-08-24',133700000,'19',-1,0),(61,39,'JP001',13,'DEF','2022-08-26',16625000,'20',-1,0),(62,39,'IJ003',13,'DEF','2022-08-26',7465000,'20',-1,0),(63,39,'MP001',13,'DEF','2022-08-26',32725000,'20',-1,0),(64,39,'MP002',13,'DEF','2022-08-26',42090000,'20',-1,0),(65,39,'DC001',13,'DEF','2022-08-26',-33905000,'20',-1,0),(66,40,'IN001',13,'GP','2022-08-29',15000000,'21',-1,0),(67,41,'VE001',13,'DEF','2022-09-14',22522523,'22',-1,0),(68,42,'IN001',13,'GP','2022-09-15',15000000,'23',-1,0),(69,43,'DS001',13,'GP','2022-09-21',7000000,'auto',-1,0),(70,43,'DS001',13,'GP','2022-09-21',6500000,'auto',-1,0),(71,44,'DS001',13,'GP','2022-09-21',7250000,'auto',-1,0),(72,45,'DS001',13,'DEF','2022-09-21',4500000,'auto',-1,0),(73,46,'IM001',13,'DEF','2022-09-21',22972973,'auto',-1,0),(74,47,'DM001',13,'GP','2022-09-21',167000,'auto',-1,0),(75,47,'DM001',13,'GP','2022-09-21',167000,'auto',-1,0),(77,49,'JF001',13,'DEF','2022-09-27',20000000,'24',-1,0),(78,50,'JF003',13,'DEF','2022-10-05',18000000,'auto',-1,0),(79,51,'IN001',13,'GP','2022-10-06',15000000,'auto',-1,0),(81,53,'BD001',13,'DEF','2022-10-11',3900000,'auto',-1,0),(90,58,'PC001',13,'DEF','2022-10-18',4500000,'auto',-1,0),(91,58,'DC001',13,'DEF','2022-10-18',-2000000,'auto',-1,0),(92,59,'DS001',13,'GP','2022-10-20',7000000,'auto',-1,0),(93,59,'DS001',13,'GP','2022-10-20',6500000,'auto',-1,0),(94,60,'DS001',13,'GP','2022-10-20',7250000,'auto',-1,0),(96,62,'VE001',13,'DEF','2022-10-20',15000000,'auto',-1,0),(97,63,'VE001',13,'DEF','2022-10-20',30000000,'auto',-1,0),(98,64,'BD001',13,'DEF','2022-10-20',43396396,'auto',-1,0),(99,65,'DS001',13,'DEF','2022-10-21',4500000,'auto',-1,0),(100,66,'IM001',13,'DEF','2022-11-11',22972973,'auto',-1,0),(101,67,'TW001',13,'DEF','2022-11-14',1000000,'auto',-1,0),(102,67,'DT001',13,'DEF','2022-11-14',1500000,'auto',-1,0),(103,68,'IJ001',13,'GP','2022-11-14',72072072,'auto',-1,0),(104,69,'IN001',13,'GP','2022-11-14',15000000,'auto',-1,0),(105,70,'IN001',13,'GP','2022-11-14',15000000,'auto',-1,0),(106,71,'DS001',13,'GP','2022-11-21',7000000,'auto',-1,0),(107,71,'DS001',13,'GP','2022-11-21',6500000,'auto',-1,0),(108,72,'VE001',13,'DEF','2022-11-23',30000000,'auto',-1,0),(117,74,'TW001',13,'DEF','2022-11-26',1500000,'auto',-1,0),(118,74,'DT001',13,'DEF','2022-11-26',1500000,'auto',-1,0),(119,74,'DM003',13,'DEF','2022-11-26',250000,'auto',-1,0),(120,74,'WH001',13,'DEF','2022-11-26',1500000,'auto',-1,0),(121,74,'EH001',13,'DEF','2022-11-26',100000,'auto',-8,0),(122,74,'DT002',13,'DEF','2022-11-26',3500000,'auto',-1,0),(123,74,'DC001',13,'DEF','2022-11-26',-2550000,'auto',-1,0),(124,75,'CF001',13,'GP','2022-11-26',18000000,'auto',-1,0),(125,76,'BD001',13,'DEF','2022-11-29',15000000,'auto',-1,0),(126,77,'DS001',13,'GP','2022-11-30',7250000,'auto',-1,0),(127,78,'GS001',13,'GP','2022-11-30',15315315,'auto',-1,0),(128,79,'DS001',13,'DEF','2022-11-30',4500000,'auto',-1,0),(134,85,'BD001',13,'DEF','2022-12-06',115000,'auto',-150,0),(135,86,'BD001',13,'DEF','2022-12-06',105000,'auto',-350,0),(136,87,'IN001',13,'GP','2022-12-07',15000000,'auto',-1,0),(137,88,'DS001',13,'GP','2022-12-09',14864865,'auto',-3,0),(139,90,'DS001',13,'GP','2022-12-09',14864865,'auto',-3,0),(142,93,'VE001',13,'DEF','2022-12-09',18018018,'auto',-1,0),(143,94,'IC001',13,'DEF','2022-12-14',14600000,'auto',-1,0),(144,94,'DC001',13,'DEF','2022-12-14',-4600000,'auto',-1,0),(145,95,'VE001',13,'DEF','2022-12-14',22522522,'auto',-1,0),(146,96,'ZPA001',13,'GP','2022-12-16',37788300,'auto',-1,0),(151,99,'BD001',13,'GP','2022-12-20',26750000,'auto',-3,0),(152,99,'BD001',13,'GP','2022-12-20',32560000,'auto',-3,0),(153,100,'BD001',13,'GP','2022-12-20',26750000,'auto',-3,0),(154,100,'BD001',13,'GP','2022-12-20',32560000,'auto',-3,0),(155,101,'DS001',13,'GP','2022-12-20',7000000,'auto',-1,0),(156,101,'DS001',13,'GP','2022-12-20',6500000,'auto',-1,0),(157,102,'DT001',13,'DEF','2022-12-20',18018018,'auto',-1,0),(158,103,'IM001',13,'GP','2022-12-25',161787897,'auto',-1,0),(162,107,'IM001',13,'GP','2022-12-25',166314954,'auto',-1,0),(163,108,'IM001',13,'GP','2022-12-25',170900901,'auto',-1,0),(164,109,'IM001',13,'GP','2022-12-25',179909910,'auto',-1,0),(166,111,'IM001',13,'GP','2022-12-27',180180000,'auto',-1,0),(167,112,'IM001',13,'GP','2022-12-27',180180000,'auto',-1,0),(168,113,'BD001',13,'GP','2022-12-27',45000000,'auto',-1,0),(169,114,'BD001',13,'GP','2022-12-27',45000000,'auto',-1,0),(170,115,'BD001',13,'GP','2022-12-27',39500000,'auto',-1,0),(171,116,'CF001',13,'GP','2022-12-27',18000000,'auto',-1,0),(173,118,'IN002',13,'GP','2022-12-29',8500000,'auto',-1,0),(174,119,'DS001',13,'GP','2022-12-29',7250000,'auto',-1,0),(178,123,'BD001',13,'DEF','2022-12-30',28828828,'auto',-1,0),(179,124,'DS001',13,'DEF','2022-12-31',4500000,'auto',-1,0),(180,125,'DS001',13,'DEF','2023-01-25',7000000,'auto',-1,0),(181,125,'DS001',13,'DEF','2023-01-25',6500000,'auto',-1,0),(182,126,'IN002',13,'GP','2023-01-25',8500000,'auto',-1,0),(188,5,'DS001',25,'GP','2022-07-28',10420700,'',1,0),(189,5,'TK001',25,'GP','2022-07-28',49000,'',1,0),(190,6,'IN001',25,'GP','2022-07-27',2717280,'',1,0),(194,8,'KB001',25,'GP','2022-08-01',1050000,'',1,0),(195,8,'RJ001',25,'GP','2022-08-01',132000,'',1,0),(196,8,'KB002',25,'GP','2022-08-01',355000,'',2,0),(197,8,'TK001',25,'GP','2022-08-01',43600,'',1,0),(198,8,'TK001',25,'GP','2022-08-01',87000,'',1,0),(199,8,'TK001',25,'GP','2022-08-01',4100,'',1,0),(200,9,'DS001',25,'GP','2022-08-01',14112000,'',1,0),(201,9,'TK001',25,'GP','2022-08-01',49000,'',1,0),(202,10,'JP002',25,'GP','2022-08-03',3000000,'',1,0),(203,11,'ST001',25,'GP','2022-08-03',8300,'',20,8300),(204,11,'ST002',25,'GP','2022-08-03',16870,'',20,16870),(205,11,'TK001',25,'GP','2022-08-03',20000,'',1,0),(206,11,'TK001',25,'GP','2022-08-03',2700,'',1,0),(207,11,'TK001',25,'GP','2022-08-03',1000,'',1,0),(208,11,'KB003',25,'GP','2022-08-03',805000,'',2,805000),(209,11,'TK001',25,'GP','2022-08-03',39000,'',1,0),(210,11,'TK001',25,'GP','2022-08-03',8300,'',1,0),(211,11,'MB001',25,'GP','2022-08-03',2523000,'',1,2523000),(212,11,'TK001',25,'GP','2022-08-03',35000,'',1,0),(213,12,'IJ001',25,'GP','2022-08-04',6000000,'',1,0),(214,13,'DS001',25,'GP','2022-08-05',4950000,'',1,0),(215,13,'SH001',25,'GP','2022-08-05',8000,'',1,0),(216,13,'SH001',25,'GP','2022-08-05',1000,'',1,0),(218,15,'JP001',25,'GP','2022-08-08',6500000,'',1,0),(219,16,'JP002',25,'GP','2022-08-08',5000000,'',1,0),(220,17,'IJ003',25,'GP','2022-08-08',500000,'',1,0),(221,18,'IJ001',25,'GP','2022-08-08',1000000,'',1,0),(222,19,'IJ001',25,'GP','2022-08-08',1000000,'',1,0),(223,20,'SK001',25,'GP','2022-08-08',50000,'',2,50000),(224,20,'TK001',25,'GP','2022-08-08',20000,'',1,0),(225,20,'TK001',25,'GP','2022-08-08',700,'',1,0),(226,20,'TK001',25,'GP','2022-08-08',1000,'',1,0),(227,20,'FS001',25,'GP','2022-08-08',60000,'',2,60000),(228,20,'TK001',25,'GP','2022-08-08',22500,'',1,0),(229,20,'TK001',25,'GP','2022-08-08',800,'',1,0),(230,21,'DY001',25,'GP','2022-08-08',6500,'',16,6500),(231,21,'TK001',25,'GP','2022-08-08',23000,'',1,0),(232,21,'TK001',25,'GP','2022-08-08',1000,'',1,0),(233,22,'BR001',25,'GP','2022-08-08',145000,'',1,145000),(234,22,'TK001',25,'GP','2022-08-08',20000,'',1,0),(235,22,'TK001',25,'GP','2022-08-08',1000,'',1,0),(236,23,'JP002',25,'GP','2022-08-09',3800000,'',1,0),(237,24,'MP002',25,'GP','2022-08-09',1000000,'',1,0),(238,25,'ST003',25,'GP','2022-08-10',3680000,'',1,3680000),(239,26,'PP002',25,'GP','2022-08-10',23320000,'',1,0),(240,27,'MP002',25,'GP','2022-08-11',1000000,'',1,0),(241,28,'SM001',25,'GP','2022-08-12',1500000,'',1,0),(242,29,'JP002',25,'GP','2022-08-12',2250000,'',1,0),(244,31,'PP002',25,'GP','2022-08-15',600000,'',1,0),(245,31,'MP002',25,'GP','2022-08-15',1000000,'',1,0),(255,33,'PD001',25,'GP','2022-08-17',532000,'',1,0),(256,33,'RT001',25,'GP','2022-08-17',5235000,'',1,0),(257,33,'RJ001',25,'GP','2022-08-17',1345000,'',1,0),(258,33,'KB004',25,'GP','2022-08-17',90000,'',5,0),(259,33,'TK001',25,'GP','2022-08-17',41000,'',1,0),(260,33,'TK001',25,'GP','2022-08-17',38100,'',1,0),(261,33,'TK001',25,'GP','2022-08-17',1000,'',1,0),(262,33,'SS001',25,'GP','2022-08-17',2200000,'',1,0),(263,33,'TK001',25,'GP','2022-08-17',20000,'',1,0),(264,34,'MB002',25,'GP','2022-08-18',23970000,'',1,0),(265,34,'TK001',25,'GP','2022-08-18',6000,'',1,0),(266,34,'TK001',25,'GP','2022-08-18',120000,'',1,0),(267,34,'TK001',25,'GP','2022-08-18',1000,'',1,0),(268,35,'IN001',25,'DEF','2022-08-22',2717280,'',1,0),(269,36,'DS001',25,'GP','2022-08-24',10470700,'',1,0),(270,127,'DS001',13,'GP','2023-02-01',7250000,'auto',-1,0),(271,128,'DS001',13,'DEF','2023-02-01',4500000,'auto',-1,0),(273,130,'ZPA001',13,'GP','2023-02-07',10950450,'auto',-1,0),(280,38,'AP002',25,'GP','2022-09-06',700000,'',1,0),(281,38,'TK001',25,'GP','2022-09-06',20000,'',1,0),(282,38,'TK001',25,'GP','2022-09-06',1000,'',1,0),(283,38,'RT002',25,'GP','2022-09-06',1814000,'',1,0),(284,38,'TK001',25,'GP','2022-09-06',20000,'',1,0),(285,38,'TK001',25,'GP','2022-09-06',48300,'',1,0),(286,38,'TK001',25,'GP','2022-09-06',9200,'',1,0),(287,39,'RB001',25,'GP','2022-09-08',680000,'',1,0),(288,39,'TK001',25,'GP','2022-09-08',34000,'',1,0),(289,39,'TK001',25,'GP','2022-09-08',1000,'',1,0),(290,40,'IN003',25,'GP','2022-09-08',1748250,'',1,0),(291,41,'AP003',25,'GP','2022-09-09',278000,'',1,0),(292,41,'TK001',25,'GP','2022-09-09',20000,'',1,0),(293,41,'TK001',25,'GP','2022-09-09',1000,'',1,0),(294,41,'RB001',25,'GP','2022-09-09',680000,'',1,0),(295,41,'TK001',25,'GP','2022-09-09',34000,'',1,0),(296,41,'TK001',25,'GP','2022-09-09',1000,'',1,0),(297,42,'SV001',25,'GP','2022-09-09',4765000,'',1,0),(298,43,'JP002',25,'GP','2022-09-12',2000000,'',1,0),(299,44,'JP002',25,'GP','2022-09-12',1000000,'',1,0),(300,45,'JP002',25,'GP','2022-09-13',1177000,'',1,0),(301,46,'IN001',25,'GP','2022-09-15',2717280,'',1,0),(302,47,'TP001',25,'GP','2022-09-15',334900,'',1,334900),(303,47,'TK001',25,'GP','2022-09-15',37500,'',1,0),(304,47,'TK001',25,'GP','2022-09-15',1000,'',1,0),(305,48,'JP002',25,'GP','2022-09-19',1400000,'',1,0),(306,49,'DM001',25,'GP','2022-09-21',165910,'',1,0),(311,51,'KB005',25,'GP','2022-10-11',1650000,'',2,0),(312,51,'KB001',25,'GP','2022-10-11',2200000,'',1,0),(313,52,'DS001',25,'GP','2022-10-12',4950000,'',1,0),(314,53,'IC001',25,'GP','2022-10-12',1000000,'',1,0),(316,55,'PC001',25,'GP','2023-02-08',1923000,'',1,1923000),(319,57,'IM001',25,'GP','2022-10-14',20560800,'',1,0),(320,58,'IN003',25,'GP','2022-10-13',915750,'',1,0),(321,59,'KB006',25,'GP','2022-10-15',137499,'',1,0),(322,59,'AD001',25,'GP','2022-10-15',44950,'',1,0),(323,59,'PS001',25,'GP','2022-10-15',197500,'',1,0),(324,59,'PS002',25,'GP','2022-10-15',146999,'',1,0),(325,59,'TK002',25,'GP','2022-10-15',110000,'',1,0),(326,59,'TK001',25,'GP','2022-10-15',36000,'',1,0),(327,59,'VT001',25,'GP','2022-10-15',194000,'',2,0),(328,59,'TK001',25,'GP','2022-10-15',43000,'',1,0),(329,59,'TK001',25,'GP','2022-10-15',2200,'',1,0),(330,59,'TK001',25,'GP','2022-10-15',1000,'',1,0),(331,60,'IN001',25,'GP','2022-10-24',2717280,'',1,0),(332,61,'DS001',25,'GP','2022-10-28',10420700,'',1,0),(333,62,'DS001',25,'GP','2022-09-09',4950000,'',1,0),(334,63,'DS001',25,'GP','2022-09-29',10420700,'',1,0),(335,64,'IC001',25,'GP','2022-10-31',350000,'',1,0),(337,66,'KT002',25,'GP','2022-11-01',160000,'',1,0),(341,70,'IN003',25,'GP','2022-11-04',915750,'',1,0),(344,135,'IN003',13,'DEF','2022-10-31',3500000,'auto',-1,0),(345,71,'DS001',25,'GP','2022-11-09',4950000,'',1,0),(346,72,'KS001',25,'GP','2022-11-09',20000000,'',1,0),(347,73,'KB001',25,'GP','2022-11-09',2500000,'',3,0),(348,74,'IN004',25,'GP','2022-11-11',4050000,'',1,0),(349,75,'KS001',25,'GP','2022-11-14',4843000,'',1,0),(350,76,'TW001',25,'GP','2022-11-15',1000000,'',1,1000000),(351,77,'KS001',25,'GP','2022-11-17',8500000,'',1,0),(352,78,'SW001',25,'GP','2022-11-18',5050000,'',4,0),(353,78,'TK001',25,'GP','2022-11-18',95000,'',1,0),(354,78,'KB001',25,'GP','2022-11-18',1000000,'',1,0),(355,78,'TK001',25,'GP','2022-11-18',46500,'',1,0),(356,78,'CP001',25,'GP','2022-11-18',4795000,'',1,0),(357,78,'TK001',25,'GP','2022-11-18',22000,'',1,0),(358,78,'TK001',25,'GP','2022-11-18',24200,'',1,0),(359,78,'TK001',25,'GP','2022-11-18',53200,'',1,0),(360,78,'PB001',25,'GP','2022-11-18',32000,'',5,0),(361,78,'RJ001',25,'GP','2022-11-18',84000,'',4,0),(362,78,'SW002',25,'GP','2022-11-18',625000,'',5,0),(363,78,'TK001',25,'GP','2022-11-18',1000,'',1,0),(364,78,'TK001',25,'GP','2022-11-18',23000,'',1,0),(365,78,'TK001',25,'GP','2022-11-18',18300,'',1,0),(366,78,'HD001',25,'GP','2022-11-18',1650000,'',1,0),(367,78,'TK001',25,'GP','2022-11-18',20000,'',1,0),(368,78,'TK001',25,'GP','2022-11-18',8400,'',1,0),(369,78,'KB007',25,'GP','2022-11-18',12000,'',3,0),(370,78,'KB007',25,'GP','2022-11-18',12000,'',1,0),(371,78,'KB007',25,'GP','2022-11-18',12000,'',1,0),(372,78,'TK001',25,'GP','2022-11-18',22000,'',1,0),(373,78,'TK001',25,'GP','2022-11-18',500,'',1,0),(374,79,'IJ003',25,'GP','2022-11-21',2000000,'',1,0),(375,80,'DR001',25,'GP','2022-11-23',2500000,'',1,0),(376,81,'IN001',25,'GP','2022-11-23',2717280,'',1,0),(377,82,'TP001',25,'GP','2022-11-23',296000,'',1,315450),(378,82,'TK001',25,'GP','2022-11-23',23000,'',1,0),(379,82,'KB001',25,'GP','2022-11-23',1000000,'',1,0),(380,82,'TK001',25,'GP','2022-11-23',46500,'',1,0),(381,82,'TK001',25,'GP','2022-11-23',1000,'',1,0),(382,83,'DS001',25,'GP','2022-11-25',10420700,'',1,0),(383,84,'DR001',25,'GP','2022-11-25',2500000,'',1,0),(384,85,'IM001',25,'GP','2022-11-25',20560811,'',1,0),(385,86,'IJ001',25,'GP','2022-11-29',2500000,'',1,0),(386,87,'BD001',25,'GP','2022-11-29',1500000,'',1,0),(387,88,'AP002',25,'GP','2022-11-30',715000,'',2,0),(388,88,'SW003',25,'GP','2022-11-30',269000,'',1,0),(389,88,'TK001',25,'GP','2022-11-30',72000,'',1,0),(390,88,'SP001',25,'GP','2022-11-30',498000,'',1,0),(391,88,'TK001',25,'GP','2022-11-30',18000,'',1,0),(392,88,'TK001',25,'GP','2022-11-30',2600,'',1,0),(393,88,'TK001',25,'GP','2022-11-30',1000,'',1,0),(394,89,'BD001',25,'GP','2022-12-02',3000000,'',1,0),(396,91,'DS001',25,'GP','2022-12-09',9705315,'',1,0),(397,92,'GS001',25,'GP','2022-12-09',9600000,'',1,0),(398,93,'IN004',25,'GP','2022-12-09',1700000,'',1,0),(399,94,'DS001',25,'GP','2022-12-14',15184800,'',1,0),(400,95,'MP002',25,'GP','2022-12-15',1745000,'',1,0),(403,97,'MP002',25,'GP','2022-08-25',1000000,'',1,0),(404,98,'VE001',25,'GP','2022-11-01',41013000,'',1,0),(408,102,'VE001',25,'GP','2022-12-08',27300000,'',1,0),(409,103,'VE001',25,'GP','2022-10-27',20527027,'',1,0),(410,104,'VE001',25,'GP','2022-12-26',20369572,'',1,0),(412,106,'IN001',25,'GP','2022-10-04',27342000,'',1,0),(415,109,'BD001',25,'GP','2022-12-22',250000000,'',1,0),(416,110,'BD001',25,'GP','2022-12-23',170000000,'',1,0),(417,111,'BD001',25,'GP','2022-12-23',200000000,'',1,0),(418,112,'BD001',25,'GP','2022-12-26',720000000,'',1,0),(419,113,'IN001',25,'GP','2022-12-26',2717280,'',1,0),(420,114,'KS001',25,'GP','2022-12-29',27140500,'',1,0),(421,115,'IN004',25,'GP','2022-12-29',1700000,'',1,0),(422,116,'IN003',25,'GP','2022-12-29',915750,'',1,0),(423,136,'IN001',13,'GP','2023-02-16',15000000,'auto',-1,0),(424,137,'IN001',13,'GP','2023-02-16',15000000,'auto',-1,0),(426,139,'SM001',13,'GP','2023-02-16',180000000,'auto',-1,0),(439,123,'IP001',25,'GP','2022-07-29',10500000,'',1,0),(440,124,'BR002',25,'GP','2022-07-22',5000000,'',1,0),(449,126,'ZPA001',25,'GP','2022-07-25',1348111,'',1,0),(450,127,'ZPA001',25,'GP','2022-06-29',2210126,'',1,0),(470,137,'ZP001',25,'GP','2022-09-11',223051,'',5,0),(471,137,'ZP003',25,'GP','2022-09-11',1339200,'',2,0),(472,137,'ZP002',25,'GP','2022-09-11',744000,'',3,0),(473,138,'ZP001',25,'GP','2022-09-30',224955,'',1,0),(474,138,'ZP003',25,'GP','2022-09-30',1350630,'',1,0),(475,139,'ZP001',25,'GP','2022-10-11',227848,'',5,0),(476,139,'ZP003',25,'GP','2022-10-11',1368000,'',2,0),(477,139,'ZP002',25,'GP','2022-10-11',760000,'',3,0),(478,140,'ZP001',25,'GP','2022-10-30',232735,'',1,0),(479,140,'ZP003',25,'GP','2022-10-30',1397340,'',1,0),(480,141,'ZP001',25,'GP','2022-11-11',234788,'',4,0),(481,141,'ZP003',25,'GP','2022-11-11',1409670,'',2,0),(482,141,'ZP002',25,'GP','2022-11-11',783150,'',2,0),(483,142,'ZP001',25,'GP','2022-12-11',234608,'',1,0),(484,142,'ZP002',25,'GP','2022-12-11',782550,'',1,0),(485,143,'ZPA001',25,'GP','2022-12-20',1749592,'',1,0),(487,145,'BD001',25,'GP','2022-08-13',59224636,'',1,0),(488,146,'BD001',25,'GP','2022-08-18',187274982,'',1,0),(489,147,'IJ002',25,'GP','2022-09-02',115375500,'',1,0),(490,148,'IN001',25,'GP','2022-12-08',46292402,'',1,0),(491,149,'BD001',25,'GP','2022-12-23',76130000,'',1,0),(492,150,'BD001',25,'GP','2022-12-26',99047545,'',1,0),(493,140,'BD001',13,'DEF','2023-02-21',300000,'auto',-80,0),(494,141,'DS001',13,'GP','2023-02-22',7000000,'auto',-1,0),(495,141,'DS001',13,'GP','2023-02-22',6500000,'auto',-1,0),(496,142,'BD001',13,'DEF','2023-02-24',7500000,'auto',-6,0),(497,143,'IN002',13,'GP','2023-03-01',8500000,'auto',-1,0),(498,144,'DS001',13,'GP','2023-03-01',7250000,'auto',-1,0),(499,145,'DS001',13,'DEF','2023-03-01',4500000,'auto',-1,0),(507,147,'MB001',13,'DEF','2023-03-09',3523000,'auto',-1,2523000),(508,147,'KB003',13,'DEF','2023-03-09',995000,'auto',-2,805000),(509,147,'ST001',13,'DEF','2023-03-09',15000,'auto',-20,8300),(510,147,'ST002',13,'DEF','2023-03-09',25000,'auto',-20,16870),(511,147,'SK001',13,'DEF','2023-03-09',95000,'auto',-2,50000),(512,147,'FS001',13,'DEF','2023-03-09',120000,'auto',-2,60000),(513,147,'DC001',13,'DEF','2023-03-09',-743000,'auto',-1,0),(514,148,'IM001',13,'DEF','2023-03-14',22972973,'auto',-1,0),(515,149,'IM001',13,'DEF','2023-03-14',22972973,'auto',-1,0),(519,153,'ZPA001',13,'GP','2023-03-17',18918919,'auto',-1,0),(520,154,'DS001',13,'GP','2023-03-21',7000000,'auto',-1,0),(521,154,'DS001',13,'GP','2023-03-21',6500000,'auto',-1,0),(522,154,'DS001',13,'GP','2023-03-21',7250000,'auto',-1,0),(523,154,'IN002',13,'GP','2023-03-21',8500000,'auto',-1,0),(524,155,'DS001',13,'DEF','2023-03-21',4500000,'auto',-1,0),(525,156,'BD001',13,'DEF','2023-03-24',27927928,'auto',-1,0),(526,157,'BD001',13,'DEF','2023-03-24',27927928,'auto',-1,0),(527,158,'BD001',13,'DEF','2023-03-24',27927928,'auto',-1,0),(528,159,'IN002',13,'GP','2023-03-25',44750000,'auto',-1,0),(529,160,'BD001',13,'GP','2023-03-25',43000000,'auto',-1,0),(537,168,'BD001',13,'GP','2023-03-18',179100000,'auto',-1,0),(538,169,'BD001',13,'GP','2023-03-18',89550000,'auto',-1,0),(547,178,'JK001',13,'DEF','2023-03-27',16975000,'auto',-1,0),(548,179,'BD001',13,'GP','2023-03-27',180000000,'auto',-1,0),(549,180,'ZP003',13,'DEF','2023-03-31',10900901,'auto',-1,0),(550,181,'BD001',13,'GP','2023-03-31',89550000,'auto',-1,0),(552,184,'IN002',13,'GP','2023-04-11',43000000,'auto',-1,0),(553,185,'CF001',13,'GP','2023-04-10',180000000,'auto',-1,0),(554,186,'DS001',13,'GP','2023-04-18',7000000,'auto',-1,0),(555,186,'DS001',13,'GP','2023-04-18',6500000,'auto',-1,0),(556,186,'DS001',13,'GP','2023-04-18',7250000,'auto',-1,0),(557,186,'DS001',13,'GP','2023-04-18',6500000,'auto',-1,0),(558,186,'IN002',13,'GP','2023-04-18',8500000,'auto',-1,0),(559,186,'CR002',13,'GP','2023-04-18',8000000,'auto',-1,0),(560,186,'CR002',13,'GP','2023-04-18',8000000,'auto',-1,0),(561,187,'DS001',13,'DEF','2023-04-18',4500000,'auto',-1,0),(562,188,'SM001',13,'GP','2023-04-18',180000000,'auto',-1,0),(563,189,'ZP003',13,'DEF','2023-05-05',10900901,'auto',-1,0),(564,190,'ZP003',13,'DEF','2023-05-05',10900901,'auto',-1,0),(566,192,'DS001',13,'DEF','2023-05-18',4500000,'auto',-1,0),(567,193,'DS001',13,'GP','2023-05-19',7000000,'auto',-1,0),(568,193,'DS001',13,'GP','2023-05-19',6500000,'auto',-1,0),(569,193,'DS001',13,'GP','2023-05-19',7250000,'auto',-1,0),(570,193,'DS001',13,'GP','2023-05-19',6500000,'auto',-1,0),(571,193,'IN002',13,'GP','2023-05-19',8500000,'auto',-1,0),(572,193,'CR002',13,'GP','2023-05-19',8000000,'auto',-1,0),(573,193,'CR002',13,'GP','2023-05-19',8000000,'auto',-1,0),(574,194,'BD001',13,'GP','2023-05-25',180000000,'auto',-1,0),(575,195,'BD001',13,'DEF','2023-05-25',15000000,'auto',-1,0),(576,196,'CF001',13,'GP','2023-06-05',18000000,'auto',-1,0),(577,197,'ZP001',13,'GP','2023-06-19',37788300,'auto',-1,0),(578,198,'DS001',13,'DEF','2023-06-19',4500000,'auto',-1,0),(579,199,'DS001',13,'GP','2023-06-19',7000000,'auto',-1,0),(580,199,'DS001',13,'GP','2023-06-19',6500000,'auto',-1,0),(581,199,'DS001',13,'GP','2023-06-19',7250000,'auto',-1,0),(582,199,'DS001',13,'GP','2023-06-19',6500000,'auto',-1,0),(583,199,'IN002',13,'GP','2023-06-19',8500000,'auto',-1,0),(584,199,'CR002',13,'GP','2023-06-19',8000000,'auto',-1,0),(585,199,'CR002',13,'GP','2023-06-19',8000000,'auto',-1,0),(586,200,'KB001',13,'DEF','2023-06-21',2350000,'auto',-6,0),(587,200,'RJ001',13,'DEF','2023-06-21',195000,'auto',-3,0),(588,200,'PB002',13,'DEF','2023-06-21',85000,'auto',-3,0),(589,200,'KB007',13,'DEF','2023-06-21',45000,'auto',-3,0),(590,200,'PL001',13,'DEF','2023-06-21',15000,'auto',-30,0),(591,200,'PL002',13,'DEF','2023-06-21',250000,'auto',-1,0),(592,200,'DP001',13,'DEF','2023-06-21',175000,'auto',-1,0),(593,200,'DP002',13,'DEF','2023-06-21',75000,'auto',-3,0),(594,200,'DP003',13,'DEF','2023-06-21',45000,'auto',-5,0),(595,200,'FD002',13,'DEF','2023-06-21',300000,'auto',-1,0),(596,200,'PL003',13,'DEF','2023-06-21',100000,'auto',-2,0),(597,200,'KG001',13,'DEF','2023-06-21',15000,'auto',-5,0),(598,200,'SK001',13,'DEF','2023-06-21',45000,'auto',-1,50000),(599,200,'CG001',13,'DEF','2023-06-21',165000,'auto',-1,0),(600,200,'IJ001',13,'DEF','2023-06-21',120000,'auto',-56,0),(601,200,'JP003',13,'DEF','2023-06-21',2000000,'auto',-1,0),(602,200,'DC001',13,'DEF','2023-06-21',-3382447.48,'auto',-1,0),(603,201,'SM001',13,'GP','2023-06-21',180000000,'auto',-1,0),(604,202,'BD001',13,'GP','2023-06-21',180000000,'auto',-1,0),(605,203,'JK001',13,'DEF','2023-06-28',16975000,'auto',-1,0),(606,204,'IM001',13,'DEF','2023-07-03',22972973,'auto',-1,0),(607,205,'IM001',13,'DEF','2023-07-04',22972973,'auto',-1,0),(608,206,'IM001',13,'GP','2023-07-04',180000000,'auto',-1,0),(609,207,'BD001',13,'DEF','2023-07-13',12500000,'auto',-1,0),(610,207,'BD001',13,'DEF','2023-07-13',14200000,'auto',-1,0),(611,207,'BD001',13,'DEF','2023-07-13',13500000,'auto',-1,0),(612,208,'DS001',13,'GP','2023-07-18',7000000,'auto',-1,0),(613,208,'DS001',13,'GP','2023-07-18',6500000,'auto',-1,0),(614,208,'DS001',13,'GP','2023-07-18',7250000,'auto',-1,0),(615,208,'DS001',13,'GP','2023-07-18',6500000,'auto',-1,0),(616,208,'IN002',13,'GP','2023-07-18',8500000,'auto',-1,0),(617,208,'CR002',13,'GP','2023-07-18',8000000,'auto',-1,0),(618,208,'CR002',13,'GP','2023-07-18',8000000,'auto',-1,0),(620,210,'DS001',13,'DEF','2023-07-18',4500000,'auto',-1,0),(621,211,'IN002',13,'GP','2023-07-18',44750000,'auto',-1,0),(625,215,'ZP001',13,'DEF','2023-07-25',19819820,'auto',-1,0),(626,216,'ZP001',13,'DEF','2023-07-25',19819820,'auto',-1,0),(628,218,'WH001',13,'DEF','2023-07-26',43963964,'auto',-1,0),(629,219,'DG001',13,'DEF','2023-07-28',42000000,'auto',-1,0),(630,219,'IS001',13,'DEF','2023-07-28',22000000,'auto',-1,0),(631,219,'DL001',13,'DEF','2023-07-28',6000000,'auto',-1,0),(632,220,'CF001',13,'GP','2023-08-01',18000000,'auto',-1,0),(641,224,'OT001',13,'DEF','2023-08-03',10000000,'auto',-1,0),(642,224,'OT002',13,'DEF','2023-08-03',15000000,'auto',-1,0),(643,225,'OT001',13,'DEF','2023-08-03',12000000,'auto',-1,0),(644,225,'OT002',13,'DEF','2023-08-03',10000000,'auto',-1,0),(672,227,'UP001',13,'DEF','2023-08-07',64600000,'25',-1,0),(673,227,'UP002',13,'DEF','2023-08-07',225000000,'25',-1,0),(674,227,'FM001',13,'DEF','2023-08-07',168000000,'25',-1,0),(675,227,'AD002',13,'DEF','2023-08-07',3400000,'25',-1,0),(676,227,'AC001',13,'DEF','2023-08-07',7350000,'25',-2,0),(677,227,'RT003',13,'DEF','2023-08-07',20900000,'25',-2,0),(678,227,'RT004',13,'DEF','2023-08-07',19250000,'25',-2,0),(679,227,'AP004',13,'DEF','2023-08-07',7216000,'25',-14,0),(680,227,'CR003',13,'DEF','2023-08-07',11300000,'25',-1,0),(681,227,'SW001',13,'DEF','2023-08-07',7166667,'25',-6,0),(682,227,'WC001',13,'DEF','2023-08-07',54378600,'25',-1,0),(683,227,'RS001',13,'DEF','2023-08-07',110000000,'25',-1,0),(684,227,'NS001',13,'DEF','2023-08-07',28000000,'25',-1,0),(685,227,'PC002',13,'DEF','2023-08-07',9135294,'25',-17,0),(686,227,'PC003',13,'DEF','2023-08-07',9850000,'25',-3,0),(687,227,'PC004',13,'DEF','2023-08-07',12000000,'25',-1,0),(688,227,'TS001',13,'DEF','2023-08-07',38000000,'25',-1,0),(689,227,'LP001',13,'DEF','2023-08-07',8250000,'25',-3,0),(690,227,'KV001',13,'DEF','2023-08-07',6000000,'25',-1,0),(691,227,'CR004',13,'DEF','2023-08-07',6000000,'25',-1,0),(692,227,'AD003',13,'DEF','2023-08-07',950000,'25',-1,0),(693,227,'KB001',13,'DEF','2023-08-07',2578570,'25',-7,0),(694,227,'RJ001',13,'DEF','2023-08-07',325000,'25',-2,0),(695,227,'PB001',13,'DEF','2023-08-07',125000,'25',-1,0),(696,227,'BP001',13,'DEF','2023-08-07',675000,'25',-2,0),(697,227,'FP001',13,'DEF','2023-08-07',90323,'25',-31,0),(698,227,'DC001',13,'DEF','2023-08-07',-63675822,'25',-1,0),(715,230,'IN002',13,'DEF','2023-08-08',8000000,'auto',-1,0),(716,230,'OT001',13,'DEF','2023-08-08',4000000,'auto',-1,0),(717,230,'IN006',13,'DEF','2023-08-08',4000000,'auto',-1,0),(718,230,'OT001',13,'DEF','2023-08-08',5000000,'auto',-1,0),(719,230,'EL001',13,'DEF','2023-08-08',10750000,'auto',-2,0),(720,230,'EL002',13,'DEF','2023-08-08',8750000,'auto',-2,0),(721,230,'IJ001',13,'DEF','2023-08-08',145122,'auto',-41,0),(722,230,'DC001',13,'DEF','2023-08-08',-3501780,'auto',-1,0),(723,231,'DS001',13,'DEF','2023-08-18',4500000,'auto',-1,0),(731,233,'DS001',13,'GP','2023-08-18',7000000,'auto',-1,0),(732,233,'DS001',13,'GP','2023-08-18',6500000,'auto',-1,0),(733,233,'DS001',13,'GP','2023-08-18',7250000,'auto',-1,0),(734,233,'IN002',13,'GP','2023-08-18',8500000,'auto',-1,0),(735,233,'CR002',13,'GP','2023-08-18',8000000,'auto',-1,0),(736,233,'CR002',13,'GP','2023-08-18',8000000,'auto',-1,0),(737,233,'DS001',13,'GP','2023-08-18',6500000,'auto',-1,0),(738,233,'DM001',13,'GP','2023-08-18',350000,'auto',-1,0),(739,233,'DM001',13,'GP','2023-08-18',350000,'auto',-1,0),(740,234,'ZP003',13,'DEF','2023-08-29',10900901,'auto',-1,0),(741,235,'GS001',13,'DEF','2023-08-31',117000,'auto',-4,0),(745,237,'ZP003',13,'DEF','2023-09-14',10900901,'auto',-1,0),(755,240,'BD001',13,'DEF','2023-09-01',567775890,'auto',-1,0),(756,241,'BD001',13,'DEF','2023-09-01',31224111,'auto',-1,0),(757,242,'TV002',13,'DEF','2023-09-11',11000000,'auto',-1,0),(758,242,'BR001',13,'DEF','2023-09-11',199000,'auto',-1,145000),(759,242,'IT001',13,'DEF','2023-09-11',400000,'auto',-1,0),(762,245,'BS003',13,'DEF','2023-09-15',13000000,'auto',-4,0),(763,245,'BP002',13,'DEF','2023-09-15',3333333,'auto',-9,0),(764,245,'MP003',13,'DEF','2023-09-15',8750000,'auto',-2,0),(765,245,'MC001',13,'DEF','2023-09-15',12000000,'auto',-6,0),(766,245,'PC003',13,'DEF','2023-09-15',9850000,'auto',-1,0),(767,245,'LP001',13,'DEF','2023-09-15',8250000,'auto',-1,0),(768,245,'DC001',13,'DEF','2023-09-15',-14600000,'auto',-1,0),(769,246,'DS001',13,'DEF','2023-09-18',4500000,'auto',-1,0),(770,247,'DS001',13,'GP','2023-09-18',7000000,'auto',-1,0),(771,247,'DS001',13,'GP','2023-09-18',6500000,'auto',-1,0),(772,247,'DS001',13,'GP','2023-09-18',7250000,'auto',-1,0),(773,247,'IN002',13,'GP','2023-09-18',8500000,'auto',-1,0),(774,247,'CR002',13,'GP','2023-09-18',8000000,'auto',-1,0),(775,247,'DS001',13,'GP','2023-09-18',6500000,'auto',-1,0),(776,247,'CR002',13,'GP','2023-09-18',8000000,'auto',-1,0),(777,248,'ZPA001',13,'GP','2023-09-21',37788300,'auto',-1,0),(778,249,'ZPA001',13,'GP','2023-09-21',37788300,'auto',-1,0),(779,250,'BD001',13,'GP','2023-09-21',90000000,'auto',-2,0),(780,251,'BD001',13,'GP','2023-09-21',90000000,'auto',-2,0),(784,254,'IN002',13,'GP','2023-09-22',44750000,'auto',-1,0),(785,255,'BD001',13,'GP','2023-09-25',43000000,'auto',-1,0),(786,256,'BD001',13,'GP','2023-09-22',43000000,'auto',-1,0),(787,257,'GS001',13,'DEF','2023-09-27',117000,'auto',-3,0),(788,258,'JK001',13,'DEF','2023-09-29',16975000,'auto',-1,0),(789,259,'GS001',13,'GP','2023-10-02',15315315,'auto',-1,0),(790,260,'IN007',13,'DEF','2023-10-09',14500000,'auto',-1,0),(791,261,'BD001',13,'DEF','2023-10-09',252092495,'auto',-1,0),(792,262,'BD001',13,'DEF','2023-10-09',12489644,'auto',-1,0),(794,264,'AE001',13,'DEF','2023-10-13',29890000,'auto',-18,0),(796,266,'BD001',13,'GP','2023-10-13',89550000,'auto',-2,0),(798,268,'DS001',13,'GP','2023-10-16',7000000,'auto',-1,0),(799,268,'DS001',13,'GP','2023-10-16',6500000,'auto',-1,0),(800,268,'DS001',13,'GP','2023-10-16',7250000,'auto',-1,0),(801,268,'DS001',13,'GP','2023-10-16',6500000,'auto',-1,0),(802,268,'IN002',13,'GP','2023-10-16',8500000,'auto',-1,0),(803,268,'CR002',13,'GP','2023-10-16',8000000,'auto',-1,0),(804,268,'CR002',13,'GP','2023-10-16',8000000,'auto',-1,0),(805,269,'DS001',13,'DEF','2023-10-16',4500000,'auto',-1,0),(806,270,'IN006',13,'DEF','2023-10-17',4000000,'auto',-1,0),(807,270,'IN002',13,'DEF','2023-10-17',8000000,'auto',-1,0),(808,271,'ZP003',13,'DEF','2023-10-16',19819820,'auto',-1,0),(809,272,'ST004',13,'DEF','2023-10-20',65000000,'auto',-1,0),(810,272,'IN007',13,'DEF','2023-10-20',20200000,'auto',-1,0),(811,272,'IJ001',13,'DEF','2023-10-20',7500000,'auto',-1,0),(813,274,'HD002',13,'DEF','2023-10-20',4400000,'auto',-6,0),(814,275,'BD001',13,'GP','2023-10-23',89550000,'auto',-1,0),(819,278,'IN002',13,'DEF','2023-10-23',11500000,'auto',-1,0),(820,278,'IP002',13,'DEF','2023-10-23',0,'auto',-1,0),(823,280,'KV001',13,'DEF','2023-10-23',17550000,'auto',-1,0),(824,280,'KV002',13,'DEF','2023-10-23',2550000,'auto',-1,0),(825,281,'BD001',13,'GP','2023-10-31',43396396,'auto',-1,0),(827,283,'ZP003',13,'DEF','2023-11-06',10900901,'auto',-1,0),(829,285,'LT002',13,'DEF','2023-11-08',8250000,'auto',-1,0),(830,285,'MS001',13,'DEF','2023-11-08',1500000,'auto',-1,0),(831,286,'BD001',13,'DEF','2023-11-08',320000,'auto',-80,0),(832,286,'BD001',13,'DEF','2023-11-08',450000,'auto',-2,0),(833,287,'BD001',13,'DEF','2023-11-08',320000,'auto',-80,0),(834,287,'BD001',13,'DEF','2023-11-08',450000,'auto',-2,0),(835,288,'BD001',13,'DEF','2023-11-09',320000,'auto',-80,0),(836,288,'BD001',13,'DEF','2023-11-09',450000,'auto',-2,0),(838,290,'LT002',13,'DEF','2023-11-10',8250000,'auto',-2,0),(839,290,'MS001',13,'DEF','2023-11-10',1500000,'auto',-2,0),(840,291,'BD001',13,'DEF','2023-11-06',405405,'auto',-108,0),(841,292,'BD001',13,'GP','2023-11-14',178378378,'auto',-1,0),(842,293,'SM001',13,'GP','2023-11-14',720720,'auto',-188,0),(843,294,'CR005',13,'DEF','2023-11-14',4292628.5,'auto',-1,0),(844,295,'AP005',13,'GP','2023-10-24',44150000,'auto',-4,0),(850,297,'SW004',13,'GP','2023-11-13',44150000,'auto',-3,0),(851,297,'DL001',13,'GP','2023-11-13',3000000,'auto',-1,0),(852,297,'TK004',13,'GP','2023-11-13',9000000,'auto',-1,0),(853,297,'SW002',13,'GP','2023-11-13',1000000,'auto',-2,0),(854,297,'KV002',13,'GP','2023-11-13',29796000,'auto',-1,0),(856,299,'IN007',13,'DEF','2023-11-15',14500000,'auto',-1,0),(857,300,'DS001',13,'DEF','2023-11-16',4500000,'auto',-1,0),(858,301,'DS001',13,'GP','2023-11-16',7000000,'auto',-1,0),(859,301,'DS001',13,'GP','2023-11-16',6500000,'auto',-1,0),(860,301,'DS001',13,'GP','2023-11-16',7250000,'auto',-1,0),(861,301,'IN002',13,'GP','2023-11-16',8500000,'auto',-1,0),(862,301,'CR002',13,'GP','2023-11-16',8000000,'auto',-1,0),(863,301,'DS001',13,'GP','2023-11-16',6500000,'auto',-1,0),(864,301,'CR002',13,'GP','2023-11-16',8000000,'auto',-1,0),(865,302,'IN006',13,'DEF','2023-11-16',4000000,'auto',-1,0),(866,302,'IN002',13,'DEF','2023-11-16',8000000,'auto',-1,0),(868,304,'IN007',13,'DEF','2023-11-17',20200000,'auto',-1,0),(869,305,'BD001',13,'GP','2023-11-20',178378378,'auto',-1,0),(870,306,'BD001',13,'GP','2023-11-20',178378378,'auto',-1,0),(872,308,'IN002',13,'DEF','2023-11-21',11500000,'auto',-1,0),(873,308,'IP002',13,'DEF','2023-11-21',0,'auto',-1,0),(874,309,'AP005',13,'GP','2023-11-28',44150000,'auto',-4,0),(875,310,'LT002',13,'DEF','2023-11-28',8250000,'auto',-1,0),(876,310,'MS001',13,'DEF','2023-11-28',1500000,'auto',-1,0),(877,311,'AE002',13,'GP','2023-11-29',29890000,'auto',-1,0),(878,312,'AE002',13,'GP','2023-11-29',29890000,'auto',-1,0),(879,313,'AE002',13,'GP','2023-11-29',29890000,'auto',-1,0),(880,314,'AE002',13,'GP','2023-11-29',29890000,'auto',-1,0),(881,315,'CF001',13,'GP','2023-12-01',18000000,'auto',-1,0),(882,316,'IJ001',13,'DEF','2023-12-07',125000,'auto',-11,0),(883,316,'KB001',13,'DEF','2023-12-07',2850000,'auto',-2,0),(884,316,'RJ001',13,'DEF','2023-12-07',185000,'auto',-1,0),(885,316,'PB002',13,'DEF','2023-12-07',185000,'auto',-1,0),(886,316,'KB008',13,'DEF','2023-12-07',185000,'auto',-1,0),(887,316,'KB007',13,'DEF','2023-12-07',185000,'auto',-1,0),(888,316,'PL004',13,'DEF','2023-12-07',95000,'auto',-5,0),(889,316,'SN001',13,'DEF','2023-12-07',100000,'auto',-1,0),(890,316,'SN002',13,'DEF','2023-12-07',650,'auto',-300,0),(891,316,'SN003',13,'DEF','2023-12-07',950,'auto',-100,0),(892,316,'IP003',13,'DEF','2023-12-07',1250000,'auto',-3,0),(893,316,'IJ001',13,'DEF','2023-12-07',125000,'auto',-3,0),(895,318,'IN007',13,'DEF','2023-12-08',14500000,'auto',-1,0),(896,319,'ZP003',13,'DEF','2023-12-07',19909910,'auto',-1,0),(897,320,'IN002',13,'GP','2023-12-14',44750000,'auto',-1,0),(898,321,'BD001',13,'DEF','2023-12-14',14200000,'auto',-1,0),(899,321,'BD001',13,'DEF','2023-12-14',14200000,'auto',-1,0),(900,322,'BD001',13,'DEF','2023-12-14',17200000,'auto',-1,0),(901,323,'BF001',13,'DEF','2023-12-14',135000,'auto',-4,0),(902,324,'DS001',13,'GP','2023-12-15',7000000,'auto',-1,0),(903,324,'DS001',13,'GP','2023-12-15',6500000,'auto',-1,0),(904,324,'DS001',13,'GP','2023-12-15',7250000,'auto',-1,0),(905,324,'IN002',13,'GP','2023-12-15',8500000,'auto',-1,0),(906,324,'CR002',13,'GP','2023-12-15',8000000,'auto',-1,0),(907,324,'DS001',13,'GP','2023-12-15',6500000,'auto',-1,0),(908,324,'CR002',13,'GP','2023-12-15',8000000,'auto',-1,0),(909,325,'DS001',13,'DEF','2023-12-15',4500000,'auto',-1,0),(910,326,'JK001',13,'DEF','2023-12-15',16975000,'auto',-1,0),(911,327,'ST004',13,'GP','2023-12-18',70000000,'auto',-1,0),(912,328,'IN002',13,'DEF','2023-12-18',11500000,'auto',-1,0),(913,329,'IJ001',13,'GP','2023-12-18',7500000,'auto',-1,0),(914,330,'SL001',13,'GP','2023-12-18',19372500,'auto',-1,0),(915,331,'IN006',13,'DEF','2023-12-19',4000000,'auto',-1,0),(916,331,'IN002',13,'DEF','2023-12-19',8000000,'auto',-1,0),(917,332,'IM001',13,'GP','2023-12-19',35000000,'auto',-1,0),(918,332,'CF001',13,'GP','2023-12-19',10000000,'auto',-1,0),(920,334,'CF001',13,'DEF','2023-12-29',81351351,'auto',-1,0),(921,335,'ZP003',13,'DEF','2023-12-29',10900901,'auto',-1,0),(922,336,'TL005',13,'DEF','2023-12-29',105000,'auto',-100,0),(923,336,'TL006',13,'DEF','2023-12-29',160000,'auto',-100,0),(924,336,'TL007',13,'DEF','2023-12-29',260000,'auto',-100,0),(925,336,'TL008',13,'DEF','2023-12-29',450000,'auto',-100,0),(931,339,'IN007',13,'DEF','2024-01-02',14500000,'auto',-1,0),(932,340,'IN007',13,'DEF','2024-01-03',20200000,'auto',-1,0),(934,151,'KB010',25,'DEF','2024-01-02',8547,'',3,8547),(935,151,'RJ001',25,'DEF','2024-01-02',77700,'',2,0),(936,151,'BA001',25,'DEF','2024-01-02',1300,'',1,0),(937,151,'JA001',25,'DEF','2024-01-02',1000,'',1,0),(938,152,'KB010',25,'DEF','2024-01-02',2849,'',3,5698),(939,152,'OK001',25,'DEF','2024-01-02',22500,'',1,0),(940,152,'BA001',25,'DEF','2024-01-02',200,'',1,0),(941,152,'RJ001',25,'DEF','2024-01-02',77700,'',2,0),(942,152,'OK001',25,'DEF','2024-01-02',11500,'',1,0),(943,152,'BA001',25,'DEF','2024-01-02',1100,'',1,0),(944,153,'BP003',25,'DEF','2024-01-01',450000,'',1,0),(945,154,'6208',25,'DEF','2024-01-04',68000,'',1,0),(946,155,'IN002',25,'DEF','2024-01-04',5200000,'',1,0),(947,156,'IN002',25,'DEF','2024-01-04',4500000,'',1,0),(948,157,'C3001',25,'DEF','2024-01-04',16600000,'',1,16600000),(952,158,'ET001',25,'DEF','2024-01-05',50000,'',1,50000),(953,344,'SL001',13,'GP','2024-01-03',4458575,'auto',-1,0),(954,159,'AD001',25,'DEF','2023-12-22',60000,'',1,0),(955,159,'AD001',25,'DEF','2023-12-22',390000,'',1,0),(956,159,'OK001',25,'DEF','2023-12-22',48000,'',1,0),(957,159,'BA001',25,'DEF','2023-12-22',3000,'',1,0),(958,159,'BL001',25,'DEF','2023-12-22',1000,'',1,0),(959,159,'BJ001',25,'DEF','2023-12-22',1000,'',1,0),(960,160,'TP001',25,'DEF','2023-12-15',160000,'',1,263633.33333333),(961,160,'OK001',25,'DEF','2023-12-15',10000,'',1,0),(962,160,'BA001',25,'DEF','2023-12-15',1100,'',1,0),(963,160,'BJ001',25,'DEF','2023-12-15',1000,'',1,0),(964,160,'BL001',25,'DEF','2023-12-15',1000,'',1,0),(965,345,'DS001',13,'GP','2024-01-15',7000000,'auto',-1,0),(966,345,'DS001',13,'GP','2024-01-15',6500000,'auto',-1,0),(967,345,'DS001',13,'GP','2024-01-15',7250000,'auto',-1,0),(968,345,'IN002',13,'GP','2024-01-15',8500000,'auto',-1,0),(969,345,'CR002',13,'GP','2024-01-15',8000000,'auto',-1,0),(970,345,'DS001',13,'GP','2024-01-15',6500000,'auto',-1,0),(971,345,'CR002',13,'GP','2024-01-15',8000000,'auto',-1,0),(972,346,'DS001',13,'DEF','2024-01-15',4500000,'auto',-1,0),(973,347,'IN002',13,'DEF','2024-01-17',11500000,'auto',-1,0),(974,348,'IN006',13,'DEF','2024-01-17',4000000,'auto',-1,0),(975,348,'IN002',13,'DEF','2024-01-17',8000000,'auto',-1,0),(976,348,'SN001',13,'DEF','2024-01-17',100000,'auto',-1,0),(977,348,'SN002',13,'DEF','2024-01-17',650,'auto',-300,0),(978,348,'SN003',13,'DEF','2024-01-17',950,'auto',-100,0),(979,161,'TP001',25,'DEF','2022-11-29',223000,'',1,253475),(980,161,'BA001',25,'DEF','2022-11-29',1500,'',1,0),(981,161,'BL001',25,'DEF','2022-11-29',1000,'',1,0),(982,161,'BJ001',25,'DEF','2022-11-29',1000,'',1,0),(983,162,'IP003',25,'DEF','2022-11-28',711500,'',3,0),(984,162,'OK001',25,'DEF','2022-11-28',22500,'',1,0),(985,162,'BL001',25,'DEF','2022-11-28',1000,'',1,0),(986,162,'BJ001',25,'DEF','2022-11-28',1000,'',1,0),(987,163,'IJ003',25,'DEF','2022-11-24',883050,'',1,0),(988,163,'OK001',25,'DEF','2022-11-24',48000,'',1,0),(989,163,'BA001',25,'DEF','2022-11-24',5600,'',1,0),(990,163,'BL001',25,'DEF','2022-11-24',1000,'',1,0),(991,163,'BJ001',25,'DEF','2022-11-24',1000,'',1,0),(992,164,'AP002',25,'DEF','2023-10-31',717000,'',2,0),(993,164,'OK001',25,'DEF','2023-10-31',51000,'',1,0),(994,164,'BA001',25,'DEF','2023-10-31',9000,'',1,0),(995,164,'BL001',25,'DEF','2023-10-31',1000,'',1,0),(996,164,'BJ001',25,'DEF','2023-10-31',1000,'',1,0),(997,165,'IJ003',25,'DEF','2023-10-20',1015000,'',1,0),(998,165,'AD001',25,'DEF','2023-10-20',155700,'',2,0),(999,165,'OK001',25,'DEF','2023-10-20',48000,'',1,0),(1000,165,'6208',25,'DEF','2023-10-20',19800,'',1,0),(1001,165,'BA001',25,'DEF','2023-10-20',8300,'',1,0),(1002,165,'BL001',25,'DEF','2023-10-20',1000,'',1,0),(1003,165,'BJ001',25,'DEF','2023-10-20',1000,'',1,0),(1004,166,'PJ002',25,'DEF','2024-01-19',1975000,'',1,1975000),(1005,166,'6208',25,'DEF','2024-01-19',48300,'',1,0),(1006,166,'OK001',25,'DEF','2024-01-19',31000,'',1,0),(1007,166,'BA001',25,'DEF','2024-01-19',12100,'',1,0),(1008,166,'BP002',25,'DEF','2024-01-19',32500,'',1,32500),(1009,166,'MS001',25,'DEF','2024-01-19',310000,'',1,310000),(1010,166,'BL001',25,'DEF','2024-01-19',1000,'',1,0),(1011,166,'BJ001',25,'DEF','2024-01-19',1000,'',1,0),(1012,349,'JP004',13,'DEF','2024-01-22',350000,'auto',-25,0),(1013,349,'JP006',13,'DEF','2024-01-22',75000,'auto',-14,0),(1014,349,'JP005',13,'DEF','2024-01-22',75000,'auto',-25,0),(1015,349,'JP007',13,'DEF','2024-01-22',30000,'auto',-14,0),(1016,349,'PS003',13,'DEF','2024-01-22',3000000,'auto',-1,0),(1017,349,'PS004',13,'DEF','2024-01-22',1000000,'auto',-1,0),(1018,349,'JF001',13,'DEF','2024-01-22',1500000,'auto',-1,0),(1019,349,'DC001',13,'DEF','2024-01-22',-3180586,'auto',-1,0),(1020,350,'JF001',13,'DEF','2024-01-22',1000000,'auto',-2,0),(1021,350,'JF002',13,'DEF','2024-01-22',250000,'auto',-4,0),(1022,350,'DC001',13,'DEF','2024-01-22',-1018018,'auto',-1,0),(1023,351,'IN007',13,'DEF','2024-01-22',20200000,'auto',-1,0),(1024,352,'SL001',13,'GP','2024-01-22',19375000,'auto',-1,0),(1025,353,'IN007',13,'DEF','2024-01-29',14500000,'auto',-1,0),(1026,354,'CF001',13,'GP','2024-01-30',18000000,'auto',-1,0),(1027,355,'GS001',13,'DEF','2024-02-02',10960000,'auto',-1,0),(1028,356,'SW005',13,'DEF','2024-02-06',900000,'auto',-1,0),(1029,356,'SW003',13,'DEF','2024-02-06',400000,'auto',-1,0),(1030,356,'DP001',13,'DEF','2024-02-06',7500,'auto',-10,0),(1031,356,'SA001',13,'DEF','2024-02-06',100000,'auto',-1,0),(1032,356,'DC001',13,'DEF','2024-02-06',-175000,'auto',-1,0),(1033,357,'ZP003',13,'DEF','2024-02-07',10900901,'auto',-1,0),(1035,167,'ST004',25,'DEF','2024-02-12',49000676,'',1,0),(1036,359,'BD001',13,'DEF','2024-02-13',12489644,'auto',-1,0),(1038,361,'BD001',13,'GP','2024-02-13',43000000,'auto',-1,0),(1039,362,'DS001',13,'DEF','2024-02-15',4500000,'auto',-1,0),(1047,364,'DS001',13,'GP','2024-02-15',7000000,'auto',-1,0),(1048,364,'DS001',13,'GP','2024-02-15',6500000,'auto',-1,0),(1049,364,'DS001',13,'GP','2024-02-15',7250000,'auto',-1,0),(1050,364,'IN002',13,'GP','2024-02-15',8500000,'auto',-1,0),(1051,364,'CR002',13,'GP','2024-02-15',8000000,'auto',-1,0),(1052,364,'DS001',13,'GP','2024-02-15',6500000,'auto',-1,0),(1053,364,'CR002',13,'GP','2024-02-15',8000000,'auto',-1,0),(1054,365,'IN002',13,'DEF','2024-02-16',11500000,'auto',-1,0),(1055,366,'IN006',13,'DEF','2024-02-19',4000000,'auto',-1,0),(1056,366,'IN002',13,'DEF','2024-02-19',8000000,'auto',-1,0),(1057,366,'SN001',13,'DEF','2024-02-19',100000,'auto',-1,0),(1058,366,'SN002',13,'DEF','2024-02-19',650,'auto',-300,0),(1059,366,'SN003',13,'DEF','2024-02-19',950,'auto',-100,0),(1060,367,'IN007',13,'GP','2024-02-20',20200000,'auto',-1,0),(1061,368,'SL001',13,'GP','2024-02-20',19635000,'auto',-1,0),(1066,372,'IN007',13,'DEF','2024-02-23',14500000,'auto',-1,0),(1067,373,'ZP003',13,'DEF','2024-02-26',10900901,'auto',-1,0),(1068,374,'BD001',13,'GP','2024-02-26',179100000,'auto',-1,0),(1069,375,'KB005',13,'DEF','2024-02-28',2550000,'auto',-2,0),(1070,375,'KB006',13,'DEF','2024-02-28',25000,'auto',-5,0),(1071,375,'AD001',13,'DEF','2024-02-28',25000,'auto',-5,0),(1072,375,'IC001',13,'DEF','2024-02-28',500000,'auto',-5,0),(1073,375,'IJ001',13,'DEF','2024-02-28',2500000,'auto',-1,0),(1074,375,'JP009',13,'DEF','2024-02-28',130000,'auto',-5,0),(1075,376,'IN002',13,'GP','2024-02-28',29833333,'auto',-1,0),(1086,378,'BP002',13,'DEF','2024-03-08',2565000,'auto',-1,32500),(1087,378,'PI001',13,'DEF','2024-03-08',1700000,'auto',-1,0),(1088,379,'RB002',13,'DEF','2024-03-08',225000,'auto',-1,0),(1089,380,'DS001',13,'GP','2024-03-18',7000000,'auto',-1,0),(1090,380,'DS001',13,'GP','2024-03-18',6500000,'auto',-1,0),(1091,380,'DS001',13,'GP','2024-03-18',7250000,'auto',-1,0),(1092,380,'IN002',13,'GP','2024-03-18',8500000,'auto',-1,0),(1093,380,'CR002',13,'GP','2024-03-18',8000000,'auto',-1,0),(1094,380,'DS001',13,'GP','2024-03-18',6500000,'auto',-1,0),(1095,380,'CR002',13,'GP','2024-03-18',8000000,'auto',-1,0),(1096,381,'DS001',13,'DEF','2024-03-18',4500000,'auto',-1,0),(1097,382,'IN002',13,'DEF','2024-03-18',11500000,'auto',-1,0),(1098,383,'BF002',13,'DEF','2024-03-18',350000,'auto',-4,0),(1099,384,'PL004',13,'DEF','2024-03-18',95000,'auto',-10,0),(1100,384,'KP001',13,'DEF','2024-03-18',8000,'auto',-15,0),(1101,384,'IJ001',13,'DEF','2024-03-18',125000,'auto',-5,0),(1102,385,'IN006',13,'DEF','2024-03-18',4000000,'auto',-1,0),(1103,385,'IN002',13,'DEF','2024-03-18',8000000,'auto',-1,0),(1104,385,'SN001',13,'DEF','2024-03-18',100000,'auto',-1,0),(1105,385,'SN002',13,'DEF','2024-03-18',650,'auto',-300,0),(1106,385,'SN003',13,'DEF','2024-03-18',950,'auto',-100,0),(1107,386,'IN007',13,'GP','2024-03-18',20200000,'auto',-1,0),(1108,387,'SL001',13,'GP','2024-03-18',19616250,'auto',-1,0),(1109,388,'IN007',13,'DEF','2024-03-26',14500000,'auto',-1,0),(1120,390,'HK001',13,'DEF','2024-03-27',8345000,'auto',-1,0),(1121,390,'SE001',13,'DEF','2024-03-27',4375000,'auto',-4,0),(1122,390,'HK002',13,'DEF','2024-03-27',947000,'auto',-1,0),(1123,390,'KB007',13,'DEF','2024-03-27',35000,'auto',-1,0),(1124,390,'KB001',13,'DEF','2024-03-27',2649000,'auto',-4,0),(1125,390,'HK003',13,'DEF','2024-03-27',8283000,'auto',-1,0),(1126,390,'HK004',13,'DEF','2024-03-27',796000,'auto',-22,0),(1127,390,'HK005',13,'DEF','2024-03-27',12881000,'auto',-1,0),(1128,390,'RJ001',13,'DEF','2024-03-27',350000,'auto',-1,0),(1129,391,'JK001',13,'DEF','2024-04-01',17350000,'auto',-1,0),(1130,392,'ZP003',13,'DEF','2024-04-01',10900901,'auto',-1,0),(1132,394,'BD001',13,'DEF','2024-04-05',7304000,'auto',-1,0),(1134,396,'DS001',13,'DEF','2024-04-16',4500000,'auto',-1,0),(1135,397,'DS001',13,'GP','2024-04-16',7000000,'auto',-1,0),(1136,397,'DS001',13,'GP','2024-04-16',6500000,'auto',-1,0),(1137,397,'DS001',13,'GP','2024-04-16',7250000,'auto',-1,0),(1138,397,'IN002',13,'GP','2024-04-16',8500000,'auto',-1,0),(1139,397,'CR002',13,'GP','2024-04-16',8000000,'auto',-1,0),(1140,397,'DS001',13,'GP','2024-04-16',6500000,'auto',-1,0),(1141,397,'CR002',13,'GP','2024-04-16',8000000,'auto',-1,0),(1142,398,'IN006',13,'DEF','2024-04-18',4000000,'auto',-1,0),(1143,398,'IN002',13,'DEF','2024-04-18',8000000,'auto',-1,0),(1144,398,'SN001',13,'DEF','2024-04-18',100000,'auto',-1,0),(1145,398,'SN002',13,'DEF','2024-04-18',650,'auto',-300,0),(1146,398,'SN003',13,'DEF','2024-04-18',950,'auto',-100,0),(1147,399,'IN002',13,'DEF','2024-04-19',11500000,'auto',-1,0),(1148,400,'IN007',13,'DEF','2024-04-19',14500000,'auto',-1,0),(1149,401,'ZP003',13,'DEF','2024-04-22',10900901,'auto',-1,0),(1150,402,'IN007',13,'GP','2024-04-22',20200000,'auto',-1,0),(1151,403,'SL001',13,'GP','2024-04-22',19887500,'auto',-1,0),(1152,404,'BD001',13,'GP','2024-04-22',4373872,'auto',-1,0),(1153,404,'DC001',13,'GP','2024-04-22',-1141583,'auto',-1,0),(1161,408,'ST005',13,'DEF','2024-05-15',24600000,'auto',-1,0),(1162,409,'IN007',13,'GP','2024-05-15',20200000,'auto',-1,0),(1163,410,'SL001',13,'GP','2024-05-15',20067500,'auto',-1,0),(1164,411,'ST008',13,'DEF','2024-05-16',5000000,'auto',-1,0),(1165,411,'ST006',13,'DEF','2024-05-16',19000000,'auto',-1,0),(1166,412,'IN006',13,'DEF','2024-05-17',4000000,'auto',-1,0),(1167,412,'IN002',13,'DEF','2024-05-17',8000000,'auto',-1,0),(1168,412,'SN001',13,'DEF','2024-05-17',100000,'auto',-1,0),(1169,412,'SN002',13,'DEF','2024-05-17',650,'auto',-300,0),(1170,412,'SN003',13,'DEF','2024-05-17',950,'auto',-100,0),(1171,413,'IN002',13,'DEF','2024-05-20',11500000,'auto',-1,0),(1172,414,'IN007',13,'DEF','2024-05-20',14500000,'auto',-1,0),(1173,415,'BD001',13,'GP','2024-05-21',178378378,'auto',-1,0),(1178,419,'ST005',13,'DEF','2024-05-27',57400000,'auto',-1,0),(1179,420,'BD001',13,'DEF','2024-05-27',10956000,'auto',-1,0),(1180,421,'ZP003',13,'DEF','2024-05-28',10900901,'auto',-1,0),(1181,422,'ST005',13,'DEF','2024-05-28',2467741,'auto',-1,0),(1182,422,'ST016',13,'DEF','2024-05-28',800000,'auto',-1,0),(1183,423,'LT002',13,'DEF','2024-05-30',7266000,'auto',-1,0),(1184,424,'AM001',13,'DEF','2024-05-30',4000000,'auto',-1,0),(1185,425,'ST022',13,'DEF','2024-05-31',2000000,'auto',-1,0),(1186,425,'ST010',13,'DEF','2024-05-31',2600000,'auto',-1,0),(1187,425,'OK001',13,'DEF','2024-05-31',150000,'auto',-1,0),(1188,426,'ST009',13,'DEF','2024-06-05',4680000,'auto',-10,0),(1189,426,'ST014',13,'DEF','2024-06-05',865200,'auto',-10,0),(1190,426,'ST023',13,'DEF','2024-06-05',865200,'auto',-10,0),(1191,426,'OK001',13,'DEF','2024-06-05',294000,'auto',-10,0),(1192,426,'ST024',13,'DEF','2024-06-05',990000,'auto',-10,0),(1194,428,'MS001',13,'DEF','2024-06-12',1500000,'auto',-1,310000),(1195,429,'ST010',13,'DEF','2024-06-13',5703500,'auto',-1,0),(1196,430,'IN006',13,'DEF','2024-06-19',4000000,'auto',-1,0),(1197,430,'IN002',13,'DEF','2024-06-19',8000000,'auto',-1,0),(1198,430,'SN001',13,'DEF','2024-06-19',100000,'auto',-1,0),(1199,430,'SN002',13,'DEF','2024-06-19',650,'auto',-300,0),(1200,430,'SN003',13,'DEF','2024-06-19',950,'auto',-100,0),(1201,431,'IN002',13,'DEF','2024-06-19',11500000,'auto',-1,0),(1202,432,'IN007',13,'DEF','2024-06-19',14500000,'auto',-1,0),(1203,433,'IN007',13,'GP','2024-06-19',20200000,'auto',-1,0),(1204,434,'SL001',13,'GP','2024-06-19',20306250,'auto',-1,0),(1205,435,'ST005',13,'DEF','2024-06-24',12000000,'auto',-1,0),(1206,436,'JK001',13,'DEF','2024-06-24',17350000,'auto',-1,0),(1207,437,'IS001',13,'DEF','2024-06-26',70000000,'auto',-1,0),(1208,438,'ZP003',13,'DEF','2024-07-01',10900901,'auto',-1,0),(1209,439,'AM001',13,'DEF','2024-07-02',4000000,'auto',-1,0),(1210,440,'LO001',13,'DEF','2024-07-03',10160000,'auto',-1,0),(1211,440,'OK001',13,'DEF','2024-07-03',1676757,'auto',-1,0),(1212,441,'PW001',13,'DEF','2024-07-03',10450000,'auto',-1,0),(1213,441,'OK001',13,'DEF','2024-07-03',6775000,'auto',-1,0),(1214,442,'ST009',13,'DEF','2024-07-03',9242000,'auto',-1,0),(1215,442,'DC001',13,'DEF','2024-07-03',-2310500,'auto',-1,0),(1216,443,'ST009',13,'DEF','2024-07-04',1500000,'auto',-1,0),(1217,443,'ST006',13,'DEF','2024-07-04',18200000,'auto',-1,0),(1218,443,'ST016',13,'DEF','2024-07-04',800000,'auto',-1,0),(1221,446,'ST011',13,'DEF','2024-07-04',13000000,'auto',-1,0),(1222,446,'ST016',13,'DEF','2024-07-04',8500000,'auto',-1,0),(1225,448,'ST010',13,'DEF','2024-07-05',55000000,'auto',-1,0),(1226,449,'ST009',13,'DEF','2024-07-09',7800000,'auto',-1,0),(1227,449,'ST014',13,'DEF','2024-07-09',1442000,'auto',-1,0),(1228,449,'ST011',13,'DEF','2024-07-09',1442000,'auto',-1,0),(1229,449,'ST024',13,'DEF','2024-07-09',490000,'auto',-1,0),(1230,449,'OK001',13,'DEF','2024-07-09',990000,'auto',-1,0),(1231,450,'ST024',13,'DEF','2024-07-10',990000,'auto',-1,0),(1232,451,'ST009',13,'DEF','2024-07-11',7800000,'auto',-1,0),(1233,451,'ST024',13,'DEF','2024-07-11',990000,'auto',-1,0),(1234,452,'ST014',13,'DEF','2024-07-11',1442000,'auto',-1,0),(1235,453,'ST014',13,'DEF','2024-07-11',2000000,'auto',-4,0),(1236,454,'ST009',13,'DEF','2024-07-12',9242000,'auto',-1,0),(1237,454,'DC001',13,'DEF','2024-07-12',-2310500,'auto',-1,0),(1238,455,'IN006',13,'DEF','2024-07-17',4000000,'auto',-1,0),(1239,455,'IN002',13,'DEF','2024-07-17',8000000,'auto',-1,0),(1240,455,'SN001',13,'DEF','2024-07-17',100000,'auto',-1,0),(1241,455,'SN002',13,'DEF','2024-07-17',650,'auto',-300,0),(1242,455,'SN003',13,'DEF','2024-07-17',950,'auto',-100,0),(1243,456,'IN002',13,'DEF','2024-07-17',11500000,'auto',-1,0),(1244,457,'IN007',13,'DEF','2024-07-17',14500000,'auto',-1,0),(1245,458,'WC003',13,'DEF','2024-07-17',19639640,'auto',-3,0),(1246,458,'WC003',13,'DEF','2024-07-17',9369368,'auto',-1,0),(1247,458,'KV004',13,'DEF','2024-07-17',6891892,'auto',-2,0),(1248,459,'IN007',13,'GP','2024-07-22',20200000,'auto',-1,0),(1249,460,'SL001',13,'GP','2024-07-22',20290000,'auto',-1,0),(1250,461,'ST001',13,'DEF','2024-07-23',38250000,'auto',-1,8300),(1251,461,'ST014',13,'DEF','2024-07-23',2380000,'auto',-1,0),(1252,461,'ST010',13,'DEF','2024-07-23',2210000,'auto',-1,0),(1253,461,'ST022',13,'DEF','2024-07-23',3400000,'auto',-1,0),(1254,462,'BD001',13,'GP','2024-07-22',178378378,'auto',-1,0),(1255,463,'ST005',13,'DEF','2024-07-25',2500000,'auto',-1,0),(1257,465,'ST024',13,'DEF','2024-07-29',990000,'auto',-1,0),(1258,466,'AM001',13,'DEF','2024-07-29',4000000,'auto',-1,0),(1259,467,'ZP003',13,'DEF','2024-07-29',10900901,'auto',-1,0),(1262,470,'ST005',13,'DEF','2024-07-29',12000000,'auto',-1,0),(1263,471,'ST009',13,'DEF','2024-07-30',5900000,'auto',-1,0),(1264,471,'ST024',13,'DEF','2024-07-30',990000,'auto',-1,0),(1265,471,'DC001',13,'DEF','2024-07-30',-258469,'auto',-1,0),(1266,472,'BD001',13,'DEF','2024-07-30',12500000,'auto',-1,0),(1267,472,'BD001',13,'DEF','2024-07-30',14200000,'auto',-1,0),(1268,472,'BD001',13,'DEF','2024-07-30',5300000,'auto',-1,0),(1269,473,'BD001',13,'GP','2024-08-06',178378378,'auto',-1,0),(1270,474,'ST011',13,'DEF','2024-08-06',13000000,'auto',-1,0),(1272,476,'ST025',13,'DEF','2024-08-06',43800000,'auto',-1,0),(1273,476,'ST010',13,'DEF','2024-08-06',5000000,'auto',-1,0),(1274,476,'ST022',13,'DEF','2024-08-06',1440000,'auto',-1,0),(1275,477,'BS004',13,'DEF','2024-08-12',1512000,'auto',-4,0),(1276,478,'ST009',13,'DEF','2024-08-12',1500000,'auto',-1,0),(1277,478,'ST006',13,'DEF','2024-08-12',18200000,'auto',-1,0),(1278,478,'ST016',13,'DEF','2024-08-12',800000,'auto',-1,0),(1279,479,'ST024',13,'DEF','2024-08-12',990000,'auto',-1,0),(1280,480,'ST006',13,'DEF','2024-08-12',17200000,'auto',-1,0),(1281,480,'ST016',13,'DEF','2024-08-12',800000,'auto',-1,0),(1282,481,'ST005',13,'DEF','2024-08-12',73210500,'auto',-1,0),(1285,483,'BD001',13,'GP','2024-08-14',178378378,'auto',-1,0),(1286,484,'ST009',13,'DEF','2024-08-14',9242000,'auto',-1,0),(1287,484,'DC001',13,'DEF','2024-08-14',-2310500,'auto',-1,0),(1288,485,'ST024',13,'DEF','2024-08-14',990000,'auto',-1,0),(1289,486,'ST016',13,'DEF','2024-08-14',2500000,'auto',-2,0),(1290,487,'ST024',13,'DEF','2024-08-23',990000,'auto',-1,0),(1291,488,'ST010',13,'DEF','2024-08-22',2100000,'auto',-1,0),(1292,489,'LT003',13,'DEF','2024-08-23',8766000,'auto',-1,0),(1293,490,'ST005',13,'DEF','2024-08-23',990000,'auto',-1,0),(1294,491,'ST024',13,'DEF','2024-08-23',990000,'auto',-1,0),(1295,492,'IN006',13,'DEF','2024-08-23',4000000,'auto',-1,0),(1296,492,'IN002',13,'DEF','2024-08-23',8000000,'auto',-1,0),(1297,492,'SN001',13,'DEF','2024-08-23',100000,'auto',-1,0),(1298,492,'SN002',13,'DEF','2024-08-23',650,'auto',-300,0),(1299,492,'SN003',13,'DEF','2024-08-23',950,'auto',-100,0),(1300,493,'IN002',13,'DEF','2024-08-23',11500000,'auto',-1,0),(1301,494,'ST024',13,'DEF','2024-08-23',11000000,'auto',-1,0),(1302,495,'IN007',13,'GP','2024-08-26',20200000,'auto',-1,0),(1303,496,'SL001',13,'GP','2024-08-26',19736250,'auto',-1,0),(1306,499,'AM001',13,'DEF','2024-09-02',4000000,'auto',-1,0),(1307,500,'ST009',13,'DEF','2024-09-02',4000000,'auto',-1,0),(1308,501,'ST009',13,'DEF','2024-09-02',4000000,'auto',-1,0),(1309,502,'ST005',13,'DEF','2024-09-02',12000000,'auto',-1,0),(1310,503,'ZP003',13,'DEF','2024-09-02',10900901,'auto',-1,0),(1311,504,'ST009',13,'DEF','2024-09-02',81000000,'auto',-1,0),(1312,505,'ST010',13,'DEF','2024-09-02',52500000,'auto',-7,0),(1313,506,'ST024',13,'DEF','2024-09-02',990000,'auto',-1,0),(1314,506,'ST006',13,'DEF','2024-09-02',34430,'auto',-17,0),(1315,507,'ST009',13,'DEF','2024-09-02',3953000,'auto',-1,0),(1316,507,'ST014',13,'DEF','2024-09-02',1440000,'auto',-1,0),(1317,507,'ST023',13,'DEF','2024-09-02',1440000,'auto',-1,0),(1318,508,'ST025',13,'DEF','2024-09-02',43800000,'auto',-1,0),(1319,508,'ST010',13,'DEF','2024-09-02',5000000,'auto',-1,0),(1320,508,'ST022',13,'DEF','2024-09-02',1440000,'auto',-1,0),(1321,509,'ST013',13,'DEF','2024-09-02',3100000,'auto',-1,0),(1322,510,'ST006',13,'DEF','2024-09-02',17200000,'auto',-1,0),(1323,510,'ST016',13,'DEF','2024-09-02',800000,'auto',-1,0),(1324,511,'ST009',13,'DEF','2024-09-11',5500000,'auto',-1,0),(1325,511,'ST014',13,'DEF','2024-09-11',2000000,'auto',-1,0),(1326,512,'BD001',13,'DEF','2024-09-13',3500000,'auto',-1,0),(1327,513,'ST006',13,'DEF','2024-09-19',13500000,'auto',-7,0),(1328,514,'IN006',13,'DEF','2024-09-19',4000000,'auto',-1,0),(1329,514,'IN002',13,'DEF','2024-09-19',8000000,'auto',-1,0),(1330,514,'SN001',13,'DEF','2024-09-19',100000,'auto',-1,0),(1331,514,'SN002',13,'DEF','2024-09-19',650,'auto',-300,0),(1332,514,'SN003',13,'DEF','2024-09-19',950,'auto',-100,0),(1333,515,'IN002',13,'DEF','2024-09-19',11500000,'auto',-1,0),(1334,516,'ST024',13,'DEF','2024-09-19',11000000,'auto',-1,0),(1335,517,'IN007',13,'GP','2024-09-20',20200000,'auto',-1,0),(1336,518,'SL001',13,'GP','2024-09-20',19283750,'auto',-1,0),(1350,530,'ST024',13,'DEF','2024-09-24',990000,'auto',-1,0),(1351,531,'ST009',13,'DEF','2024-09-24',1500000,'auto',-1,0),(1352,531,'ST006',13,'DEF','2024-09-24',18200000,'auto',-1,0),(1353,531,'ST016',13,'DEF','2024-09-24',800000,'auto',-1,0),(1355,533,'ST024',13,'DEF','2024-09-24',990000,'auto',-1,0),(1356,534,'ST024',13,'DEF','2024-09-24',990000,'auto',-1,0),(1357,535,'ST024',13,'DEF','2024-09-24',990000,'auto',-1,0),(1358,536,'ST005',13,'DEF','2024-09-24',4500000,'auto',-1,0),(1359,537,'ST024',13,'DEF','2024-09-27',990000,'auto',-1,0),(1360,538,'ST024',13,'DEF','2024-09-27',990000,'auto',-1,0),(1362,540,'AM001',13,'DEF','2024-09-27',4000000,'auto',-1,0),(1363,541,'JK001',13,'DEF','2024-09-27',17350000,'auto',-1,0),(1366,544,'ST005',13,'DEF','2024-09-27',12000000,'auto',-1,0),(1454,584,'ST006',13,'DEF','2024-10-03',17200000,'auto',-1,0),(1455,584,'ST016',13,'DEF','2024-10-03',800000,'auto',-1,0),(1456,585,'ST006',13,'DEF','2024-10-03',17200000,'auto',-1,0),(1457,585,'IN002',13,'DEF','2024-10-03',65000,'auto',-437,0),(1458,585,'ST016',13,'DEF','2024-10-03',800000,'auto',-1,0),(1459,586,'ST024',13,'DEF','2024-10-03',990000,'auto',-1,0),(1460,587,'LT006',13,'DEF','2024-10-03',10849150,'auto',-1,0),(1461,587,'LT006',13,'DEF','2024-10-03',10849150,'auto',-1,0),(1462,588,'ST005',13,'DEF','2024-10-14',73210500,'auto',-1,0),(1463,588,'IN002',13,'DEF','2024-10-14',55250,'auto',-792,0),(1464,588,'ST029',13,'DEF','2024-10-14',800000,'auto',-1,0),(1465,589,'ST024',13,'DEF','2024-10-03',990000,'auto',-1,0),(1466,589,'ST006',13,'DEF','2024-10-03',43340,'auto',-3,0),(1467,590,'ST013',13,'DEF','2024-10-07',8714666.35,'auto',-1,0),(1468,590,'ST029',13,'DEF','2024-10-07',760000,'auto',-1,0),(1469,591,'ST013',13,'DEF','2024-10-07',4750000,'auto',-1,0),(1470,591,'ST004',13,'DEF','2024-10-07',42750000,'auto',-1,0),(1471,591,'ST023',13,'DEF','2024-10-07',2660000,'auto',-1,0),(1472,591,'ST015',13,'DEF','2024-10-07',4193300,'auto',-1,0),(1473,591,'AC005',13,'DEF','2024-10-07',1710000,'auto',-1,0),(1474,591,'AC006',13,'DEF','2024-10-07',2327500,'auto',-3,0),(1475,591,'IJ004',13,'DEF','2024-10-07',2375000,'auto',-1,0),(1476,592,'ST025',13,'DEF','2024-10-04',43800000,'auto',-1,0),(1477,592,'ST022',13,'DEF','2024-10-04',1440000,'auto',-1,0),(1478,592,'ST019',13,'DEF','2024-10-04',5000000,'auto',-1,0),(1479,593,'ST005',13,'DEF','2024-10-08',32000000,'auto',-1,0),(1480,594,'ST004',13,'DEF','2024-10-09',45000000,'auto',-1,0),(1481,594,'ST012',13,'DEF','2024-10-09',2800000,'auto',-1,0),(1482,594,'JK002',13,'DEF','2024-10-09',5000000,'auto',-1,0),(1483,595,'ZP003',13,'DEF','2024-10-09',10900901,'auto',-1,0),(1484,596,'ST024',13,'DEF','2024-10-11',990000,'auto',-1,0),(1485,597,'ST008',13,'DEF','2024-10-15',8500000,'auto',-1,0),(1486,598,'ST029',13,'DEF','2024-10-15',8500000,'auto',-1,0),(1487,599,'ST024',13,'DEF','2024-09-27',495000,'auto',-1,0),(1499,606,'IN006',13,'DEF','2024-10-23',4000000,'auto',-1,0),(1500,606,'IN002',13,'DEF','2024-10-23',8000000,'auto',-1,0),(1501,606,'SN001',13,'DEF','2024-10-23',100000,'auto',-1,0),(1502,606,'SN002',13,'DEF','2024-10-23',650,'auto',-300,0),(1503,606,'SN003',13,'DEF','2024-10-23',950,'auto',-100,0),(1504,607,'SL001',13,'GP','2024-10-23',19556250,'auto',-1,0),(1505,608,'IN007',13,'GP','2024-10-23',20200000,'auto',-1,0),(1506,609,'ST006',13,'DEF','2024-10-23',13500000,'auto',-3,0),(1507,610,'ST006',13,'DEF','2024-10-23',6000000,'auto',-7,0),(1508,610,'ST020',13,'DEF','2024-10-23',7500000,'auto',-7,0),(1509,611,'AM001',13,'DEF','2024-10-24',4000000,'auto',-1,0),(1510,612,'IN002',13,'DEF','2024-10-24',11500000,'auto',-1,0),(1511,613,'ST024',13,'DEF','2024-10-24',11000000,'auto',-1,0),(1513,615,'TL003',13,'DEF','2024-10-24',270,'auto',-30000,0),(1514,616,'TL003',13,'DEF','2024-10-24',690,'auto',-20000,0),(1518,620,'ST024',13,'DEF','2024-10-25',990000,'auto',-1,0),(1519,621,'ST024',13,'DEF','2024-10-25',990000,'auto',-1,0),(1520,622,'ST024',13,'DEF','2024-10-25',990000,'auto',-1,0),(1521,623,'IJ003',13,'DEF','2024-10-28',250000,'auto',-2,0),(1522,623,'IJ004',13,'DEF','2024-10-28',150000,'auto',-2,0),(1523,623,'JP003',13,'DEF','2024-10-28',300000,'auto',-1,0),(1524,623,'AP004',13,'DEF','2024-10-28',7000000,'auto',-2,0),(1525,624,'ST001',13,'DEF','2024-10-28',9242000,'auto',-2,8300),(1526,624,'DC001',13,'DEF','2024-10-28',-4621000,'auto',-1,0),(1527,625,'ST005',13,'DEF','2024-10-29',11000000,'auto',-1,0),(1529,627,'LT003',13,'DEF','2024-10-31',10849150,'auto',-1,0),(1530,628,'ST024',13,'DEF','2024-11-04',1215000,'auto',-1,0),(1531,629,'ST008',13,'DEF','2024-11-04',8500000,'auto',-1,0),(1532,630,'ZP003',13,'DEF','2024-11-06',10900901,'auto',-1,0),(1533,630,'DL001',13,'DEF','2024-11-06',1332000,'auto',-1,0),(1538,633,'ST027',13,'DEF','2024-11-06',144500000,'auto',-1,0),(1539,633,'ST016',13,'DEF','2024-11-06',680000,'auto',-1,0),(1540,634,'ST006',13,'DEF','2024-11-06',17200000,'auto',-1,0),(1541,634,'ST007',13,'DEF','2024-11-06',66967742,'auto',-1,0),(1542,634,'ST016',13,'DEF','2024-11-06',800000,'auto',-1,0),(1543,635,'ST006',13,'DEF','2024-11-07',17200000,'auto',-1,0),(1544,635,'ST016',13,'DEF','2024-11-07',800000,'auto',-1,0),(1545,635,'ST008',13,'DEF','2024-11-07',65000,'auto',-480,0),(1546,636,'ST024',13,'DEF','2024-11-07',1215000,'auto',-1,0),(1547,637,'ST009',13,'DEF','2024-11-07',1500000,'auto',-1,0),(1548,637,'ST006',13,'DEF','2024-11-07',18200000,'auto',-1,0),(1549,637,'ST016',13,'DEF','2024-11-07',800000,'auto',-1,0),(1556,641,'ST006',13,'DEF','2024-11-07',17200000,'auto',-1,0),(1557,641,'ST016',13,'DEF','2024-11-07',800000,'auto',-1,0),(1562,644,'ST004',13,'DEF','2024-11-12',32903225,'auto',-1,0),(1563,644,'ST012',13,'DEF','2024-11-12',720000,'auto',-1,0),(1564,645,'ST013',13,'DEF','2024-11-12',16340000,'auto',-1,0),(1565,645,'ST029',13,'DEF','2024-11-12',760000,'auto',-1,0),(1566,645,'ST008',13,'DEF','2024-11-12',61750,'auto',-103,0),(1567,646,'ST012',13,'DEF','2024-11-12',1700000,'auto',-50,0),(1568,647,'ST029',13,'DEF','2024-11-15',8500000,'auto',-1,0),(1569,648,'BD001',13,'GP','2024-11-15',25000000,'auto',-1,0),(1570,649,'ST024',13,'DEF','2024-11-15',759000,'auto',-1,0),(1571,649,'ST024',13,'DEF','2024-11-15',1215000,'auto',-1,0),(1572,650,'ST024',13,'DEF','2024-11-15',744677,'auto',-1,0),(1573,651,'IN002',13,'DEF','2024-11-18',11500000,'auto',-1,0),(1574,652,'ST024',13,'DEF','2024-11-18',11000000,'auto',-1,0),(1575,653,'SL001',13,'GP','2024-11-18',19698750,'auto',-1,0),(1576,654,'IN007',13,'GP','2024-11-18',20200000,'auto',-1,0),(1587,661,'IN006',13,'DEF','2024-11-21',4000000,'auto',-1,0),(1588,661,'IN002',13,'DEF','2024-11-21',8000000,'auto',-1,0),(1589,661,'SN001',13,'DEF','2024-11-21',100000,'auto',-1,0),(1590,661,'SN002',13,'DEF','2024-11-21',650,'auto',-300,0),(1591,661,'SN003',13,'DEF','2024-11-21',950,'auto',-100,0),(1592,662,'BD001',13,'GP','2024-11-24',90000,'auto',-744,0),(1593,662,'BD001',13,'GP','2024-11-24',65000,'auto',-744,0),(1594,662,'BD001',13,'GP','2024-11-24',100000,'auto',-744,0),(1595,662,'BD001',13,'GP','2024-11-24',75000,'auto',-744,0),(1596,662,'BD001',13,'GP','2024-11-24',90000,'auto',-744,0),(1597,662,'BD001',13,'GP','2024-11-24',111000,'auto',-744,0),(1599,664,'BD001',13,'GP','2024-11-26',184459459,'auto',-1,0),(1600,665,'BD001',13,'GP','2024-12-02',1418000,'auto',-66,0),(1601,666,'ST005',13,'DEF','2024-12-03',11000000,'auto',-1,0),(1602,667,'ST029',13,'DEF','2024-12-03',8500000,'auto',-1,0),(1603,668,'ST024',13,'DEF','2024-12-03',1215000,'auto',-1,0),(1604,669,'LT003',13,'DEF','2024-12-03',10849150,'auto',-1,0),(1605,669,'LT003',13,'DEF','2024-12-03',10849150,'auto',-1,0),(1606,670,'ST024',13,'DEF','2024-12-04',1215000,'auto',-1,0),(1607,671,'ST024',13,'DEF','2024-12-04',1215000,'auto',-1,0),(1608,672,'ST024',13,'DEF','2024-12-04',1215000,'auto',-1,0),(1609,673,'AM001',13,'DEF','2024-12-05',9200000,'auto',-1,0),(1610,673,'AM001',13,'DEF','2024-12-05',4500000,'auto',-1,0),(1611,673,'ST029',13,'DEF','2024-12-05',8700000,'auto',-1,0),(1612,673,'VE001',13,'DEF','2024-12-05',4000000,'auto',-1,0),(1613,673,'VT001',13,'DEF','2024-12-05',4000000,'auto',-1,0),(1614,674,'ZP001',13,'GP','2024-12-09',2900000,'auto',-2,0),(1615,675,'ZP003',13,'DEF','2024-12-09',10900901,'auto',-1,0),(1616,675,'DL001',13,'DEF','2024-12-09',1332000,'auto',-1,0),(1617,676,'ST004',13,'DEF','2024-12-10',86130000,'auto',-1,0),(1618,676,'ST012',13,'DEF','2024-12-10',720000,'auto',-1,0),(1619,676,'ST016',13,'DEF','2024-12-10',17500000,'auto',-1,0),(1623,678,'ST006',13,'DEF','2024-12-10',17200000,'auto',-1,0),(1624,678,'ST016',13,'DEF','2024-12-10',800000,'auto',-1,0),(1630,680,'SL001',13,'GP','2024-12-13',19888750,'auto',-1,0),(1631,681,'IN007',13,'GP','2024-12-13',20200000,'auto',-1,0),(1632,682,'ST008',13,'DEF','2024-12-16',8500000,'auto',-1,0),(1633,683,'ST006',13,'DEF','2024-12-17',3500000,'auto',-1,0),(1634,684,'ST006',13,'DEF','2024-12-17',3500000,'auto',-1,0),(1637,686,'ST013',13,'DEF','2024-12-17',16340000,'auto',-1,0),(1638,686,'ST029',13,'DEF','2024-12-17',760000,'auto',-1,0),(1639,687,'ST009',13,'DEF','2024-12-17',1500000,'auto',-1,0),(1640,687,'ST006',13,'DEF','2024-12-17',18200000,'auto',-1,0),(1641,687,'ST016',13,'DEF','2024-12-17',800000,'auto',-1,0),(1642,688,'ST024',13,'DEF','2024-12-17',1215000,'auto',-1,0),(1643,689,'ST006',13,'DEF','2024-12-17',17200000,'auto',-1,0),(1644,689,'ST016',13,'DEF','2024-12-17',800000,'auto',-1,0),(1645,689,'ST008',13,'DEF','2024-12-17',65000,'auto',-138,0),(1646,690,'BD001',13,'GP','2024-12-17',164279279,'auto',-1,0),(1647,691,'BD001',13,'GP','2024-12-17',173850000,'auto',-1,0),(1648,692,'ST006',13,'DEF','2024-12-18',17200000,'auto',-1,0),(1649,692,'ST007',13,'DEF','2024-12-18',46133333,'auto',-1,0),(1650,692,'ST008',13,'DEF','2024-12-18',800000,'auto',-1,0),(1651,693,'ST007',13,'DEF','2024-12-18',73210500,'auto',-1,0),(1652,693,'ST016',13,'DEF','2024-12-18',680000,'auto',-1,0),(1653,694,'IN002',13,'DEF','2024-12-18',11500000,'auto',-1,0),(1654,695,'ST024',13,'DEF','2024-12-18',11000000,'auto',-1,0),(1655,696,'ST006',13,'DEF','2024-12-18',3500000,'auto',-1,0),(1657,698,'ST029',13,'DEF','2024-12-19',2467741,'auto',-1,0),(1658,699,'ST029',13,'DEF','2024-12-19',8500000,'auto',-1,0),(1659,700,'ST029',13,'DEF','2024-12-19',8500000,'auto',-1,0),(1660,701,'ST005',13,'DEF','2024-12-19',11000000,'auto',-1,0),(1661,702,'ZP003',13,'GP','2024-12-23',10900901,'auto',-1,0),(1662,702,'DL001',13,'GP','2024-12-23',1332000,'auto',-1,0),(1663,703,'JK001',13,'DEF','2024-12-23',17350000,'auto',-1,0),(1669,708,'JP007',13,'DEF','2024-12-24',23199000,'auto',-1,0),(1670,709,'ST005',13,'DEF','2024-12-24',12500000,'auto',-2,0),(1671,710,'BD001',13,'GP','2024-12-24',250000,'auto',-68,0),(1672,711,'BD001',13,'GP','2024-12-30',153000000,'auto',-1,0),(1673,712,'ST006',13,'DEF','2024-12-30',22500000,'auto',-1,0),(1674,713,'ST006',13,'DEF','2024-12-30',22500000,'auto',-1,0),(1675,714,'ST006',13,'DEF','2024-12-30',22500000,'auto',-1,0),(1676,715,'ST006',13,'DEF','2024-12-30',22500000,'auto',-1,0),(1677,716,'ST006',13,'DEF','2024-12-30',13500000,'auto',-3,0),(1678,717,'AM001',13,'DEF','2024-12-30',4000000,'auto',-1,0),(1679,718,'AM001',13,'DEF','2024-12-30',4000000,'auto',-1,0),(1681,720,'AP004',13,'DEF','2025-01-03',5500000,'auto',-4,0),(1682,720,'KB001',13,'DEF','2025-01-03',250000,'auto',-4,0),(1683,720,'IJ003',13,'DEF','2025-01-03',150000,'auto',-4,0),(1684,720,'RT003',13,'DEF','2025-01-03',49950000,'auto',-2,0),(1685,720,'SW002',13,'DEF','2025-01-03',1395000,'auto',-2,0),(1688,723,'AP001',13,'DEF','2025-01-31',10000000,'26',-1,0),(1689,724,'ST024',13,'DEF','2025-01-06',1215000,'auto',-1,0),(1690,725,'ST024',13,'DEF','2025-01-06',1215000,'auto',-1,0),(1691,726,'ST006',13,'DEF','2025-01-06',17200000,'auto',-1,0),(1692,726,'ST016',13,'DEF','2025-01-06',800000,'auto',-1,0),(1693,726,'ST008',13,'DEF','2025-01-06',65000,'auto',-298,0),(1694,727,'ST006',13,'DEF','2025-01-06',17200000,'auto',-1,0),(1695,727,'ST007',13,'DEF','2025-01-06',36274193,'auto',-1,0),(1696,727,'ST016',13,'DEF','2025-01-06',800000,'auto',-1,0),(1697,728,'SL001',13,'GP','2025-01-13',19888750,'auto',-1,0),(1698,729,'IN007',13,'GP','2025-01-13',20200000,'auto',-1,0),(1699,730,'IN002',13,'DEF','2025-01-13',11500000,'auto',-1,0),(1700,731,'ST024',13,'DEF','2025-01-13',11000000,'auto',-1,0),(1702,733,'ST006',13,'DEF','2025-01-15',4500000,'auto',-3,0),(1703,734,'ST005',13,'DEF','2025-01-23',11000000,'auto',-1,0),(1744,749,'ST020',13,'DEF','2025-02-10',5900000,'auto',-1,0),(1745,749,'ST014',13,'DEF','2025-02-10',1130000,'auto',-1,0),(1746,750,'AD004',13,'DEF','2025-02-07',13500000,'auto',-1,0),(1747,750,'ST004',13,'DEF','2025-02-07',40500000,'auto',-1,0),(1748,750,'ST025',13,'DEF','2025-02-07',2520000,'auto',-1,0),(1749,750,'RT001',13,'DEF','2025-02-07',3972600,'auto',-1,0),(1750,750,'SW006',13,'DEF','2025-02-07',5130000,'auto',-1,0),(1751,750,'AC006',13,'DEF','2025-02-07',1440000,'auto',-1,0),(1752,750,'AP002',13,'DEF','2025-02-07',3132000,'auto',-1,0),(1753,750,'RT010',13,'DEF','2025-02-07',1890000,'auto',-7,0),(1754,750,'UP009',13,'DEF','2025-02-07',13500000,'auto',-1,0),(1755,750,'BC003',13,'DEF','2025-02-07',5085000,'auto',-1,0),(1756,750,'IP005',13,'DEF','2025-02-07',792000,'auto',-8,0),(1757,750,'MP002',13,'DEF','2025-02-07',1980000,'auto',-5,0),(1758,750,'ST020',13,'DEF','2025-02-07',18000000,'auto',-1,0),(1761,752,'ST007',13,'DEF','2025-02-07',55012064.4,'auto',-1,0),(1762,752,'AM001',13,'DEF','2025-02-07',720000,'auto',-1,0),(1765,754,'ST007',13,'DEF','2025-02-07',73210500,'auto',-1,0),(1766,754,'ST016',13,'DEF','2025-02-07',680000,'auto',-1,0),(1767,754,'ST027',13,'DEF','2025-02-07',65258064.05,'auto',-1,0),(1768,755,'IJ003',13,'DEF','2025-02-13',6000000,'auto',-2,0),(1769,756,'ST010',13,'DEF','2025-02-14',6931500,'auto',-1,0),(1770,757,'ST024',13,'DEF','2025-02-06',1215000,'auto',-1,0),(1771,758,'ST006',13,'DEF','2025-02-06',17200000,'auto',-1,0),(1772,758,'ST016',13,'DEF','2025-02-06',800000,'auto',-1,0),(1773,759,'ST006',13,'DEF','2025-02-06',17200000,'auto',-1,0),(1774,759,'ST016',13,'DEF','2025-02-06',800000,'auto',-1,0),(1775,760,'ST024',13,'DEF','2025-02-06',990000,'auto',-1,0),(1776,761,'ST024',13,'DEF','2025-02-06',990000,'auto',-1,0),(1777,762,'ST024',13,'DEF','2025-02-06',990000,'auto',-1,0),(1778,763,'AM001',13,'DEF','2025-02-06',4000000,'auto',-1,0),(1779,764,'IN006',13,'DEF','2025-02-06',4000000,'auto',-1,0),(1780,764,'IN002',13,'DEF','2025-02-06',8000000,'auto',-1,0),(1781,764,'SN001',13,'DEF','2025-02-06',100000,'auto',-1,0),(1782,764,'SN002',13,'DEF','2025-02-06',650,'auto',-300,0),(1783,764,'SN003',13,'DEF','2025-02-06',950,'auto',-100,0),(1784,765,'ST013',13,'DEF','2025-02-06',16340000,'auto',-1,0),(1785,765,'ST029',13,'DEF','2025-02-06',760000,'auto',-1,0),(1786,766,'ST009',13,'DEF','2025-02-06',1500000,'auto',-1,0),(1787,766,'ST006',13,'DEF','2025-02-06',18200000,'auto',-1,0),(1788,766,'ST016',13,'DEF','2025-02-06',800000,'auto',-1,0),(1789,767,'ST006',13,'DEF','2025-02-06',17500000,'auto',-1,0),(1790,767,'ST016',13,'DEF','2025-02-06',720000,'auto',-1,0),(1791,768,'ST029',13,'DEF','2025-02-17',8500000,'auto',-1,0),(1792,769,'ST024',13,'DEF','2025-02-18',1215000,'auto',-1,0),(1793,770,'ST024',13,'DEF','2025-02-18',1215000,'auto',-1,0),(1794,771,'ST024',13,'DEF','2025-02-18',1215000,'auto',-1,0),(1796,773,'ST024',13,'DEF','2025-02-18',744677,'auto',-1,0),(1797,774,'ST024',13,'DEF','2025-02-18',862258,'auto',-1,0),(1798,775,'ST024',13,'DEF','2025-02-18',1097419,'auto',-1,0),(1799,776,'ST024',13,'DEF','2025-02-18',901451,'auto',-1,0),(1800,777,'IN002',13,'DEF','2025-02-18',11500000,'auto',-1,0),(1801,778,'ST024',13,'DEF','2025-02-18',11000000,'auto',-1,0),(1803,780,'ST029',13,'DEF','2025-02-18',8500000,'auto',-1,0),(1804,781,'ST029',13,'DEF','2025-02-18',8500000,'auto',-1,0),(1805,782,'LT003',13,'DEF','2025-02-18',10849150,'auto',-1,0),(1806,783,'ZP003',13,'DEF','2025-02-04',10900000,'auto',-1,0),(1807,783,'DL001',13,'DEF','2025-02-04',1300000,'auto',-1,0),(1808,784,'ST008',13,'DEF','2025-01-06',8500000,'auto',-1,0),(1809,785,'ST004',13,'DEF','2025-03-06',42750000,'auto',-1,0),(1810,785,'ST012',13,'DEF','2025-03-06',2660000,'auto',-1,0),(1811,785,'RT006',13,'DEF','2025-03-06',4193300,'auto',-1,0),(1812,785,'AP009',13,'DEF','2025-03-06',3306000,'auto',-1,0),(1813,785,'AP007',13,'DEF','2025-03-06',1995000,'auto',-5,0),(1814,785,'UP009',13,'DEF','2025-03-06',7220000,'auto',-1,0),(1815,785,'CR009',13,'DEF','2025-03-06',2375000,'auto',-1,0),(1816,785,'CS002',13,'DEF','2025-03-06',237500,'auto',-1,0),(1817,785,'WM002',13,'DEF','2025-03-06',166250,'auto',-1,0),(1818,785,'BP004',13,'DEF','2025-03-06',1710000,'auto',-1,0),(1819,785,'KB001',13,'DEF','2025-03-06',1947500,'auto',-3,0),(1820,785,'RJ001',13,'DEF','2025-03-06',332500,'auto',-1,0),(1821,785,'KB007',13,'DEF','2025-03-06',80750,'auto',-1,0),(1822,785,'IJ001',13,'DEF','2025-03-06',2375000,'auto',-3,0),(1827,787,'BD001',13,'GP','2025-03-13',22000000,'auto',-1,0),(1828,787,'BD001',13,'GP','2025-03-13',18868000,'auto',-5,0),(1829,787,'BD001',13,'GP','2025-03-13',4448000,'auto',-4,0),(1830,787,'BD001',13,'GP','2025-03-13',20000000,'auto',-1,0),(1831,788,'ST008',13,'DEF','2025-03-03',1215000,'auto',-1,0),(1832,789,'ST024',13,'DEF','2025-03-03',990000,'auto',-1,0),(1833,790,'ST024',13,'DEF','2025-03-03',990000,'auto',-1,0),(1834,791,'ST024',13,'DEF','2025-03-03',990000,'auto',-1,0),(1835,792,'AM001',13,'DEF','2025-03-03',4000000,'auto',-1,0),(1836,793,'IN006',13,'DEF','2025-03-06',4000000,'auto',-1,0),(1837,793,'IN002',13,'DEF','2025-03-06',8000000,'auto',-1,0),(1838,793,'SN001',13,'DEF','2025-03-06',100000,'auto',-1,0),(1839,793,'SN002',13,'DEF','2025-03-06',650,'auto',-300,0),(1840,793,'SN003',13,'DEF','2025-03-06',950,'auto',-100,0),(1841,794,'ST013',13,'DEF','2025-03-06',16340000,'auto',-1,0),(1842,794,'ST029',13,'DEF','2025-03-06',760000,'auto',-1,0),(1843,795,'ST009',13,'DEF','2025-03-06',1500000,'auto',-1,0),(1844,795,'ST006',13,'DEF','2025-03-06',18200000,'auto',-1,0),(1845,795,'ST016',13,'DEF','2025-03-06',800000,'auto',-1,0),(1846,796,'ST007',13,'DEF','2025-03-06',77517000,'auto',-1,0),(1847,796,'AM001',13,'DEF','2025-03-06',720000,'auto',-1,0),(1848,797,'ST007',13,'DEF','2025-03-06',73210500,'auto',-1,0),(1849,797,'ST016',13,'DEF','2025-03-06',680000,'auto',-1,0),(1850,797,'ST027',13,'DEF','2025-03-06',56767856.9,'auto',-1,0),(1851,798,'JK001',13,'DEF','2025-03-06',2500000,'auto',-4,0),(1856,800,'ST006',13,'DEF','2025-03-06',86130000,'auto',-1,0),(1857,800,'ST016',13,'DEF','2025-03-06',720000,'auto',-1,0),(1858,800,'ST006',13,'DEF','2025-03-06',86130000,'auto',-1,0),(1859,800,'ST016',13,'DEF','2025-03-06',720000,'auto',-1,0),(1860,801,'ST006',13,'DEF','2025-03-06',3501428.3,'auto',-1,0),(1861,801,'ST016',13,'DEF','2025-03-06',760000,'auto',-1,0),(1862,802,'ST029',13,'DEF','2025-03-06',8500000,'auto',-1,0),(1864,804,'ST008',13,'DEF','2025-03-06',8500000,'auto',-1,0),(1865,805,'ST008',13,'DEF','2025-03-06',8500000,'auto',-1,0),(1866,806,'ST024',13,'DEF','2025-03-06',1150000,'auto',-1,0),(1867,807,'ST024',13,'DEF','2025-03-06',1150000,'auto',-1,0),(1868,808,'IN002',13,'DEF','2025-03-06',11500000,'auto',-1,0),(1870,810,'ST024',13,'DEF','2025-03-06',11000000,'auto',-1,0),(1871,811,'SL001',13,'GP','2025-03-06',20493750,'auto',-1,0),(1872,812,'IN007',13,'GP','2025-03-06',20200000,'auto',-1,0),(1873,813,'MB001',13,'DEF','2025-03-06',750000,'auto',-1,2523000),(1874,814,'ST024',13,'DEF','2025-03-06',1150000,'auto',-1,0),(1875,815,'ST024',13,'DEF','2025-03-06',1150000,'auto',-1,0),(1876,816,'ST024',13,'DEF','2025-03-06',1150000,'auto',-1,0),(1877,817,'ST024',13,'DEF','2025-03-06',1150000,'auto',-1,0),(1878,818,'ST024',13,'DEF','2025-03-06',1150000,'auto',-1,0),(1879,819,'ST024',13,'DEF','2025-03-06',1150000,'auto',-1,0),(1880,820,'LT003',13,'DEF','2025-03-06',10849150,'auto',-1,0),(1881,820,'LT003',13,'DEF','2025-03-06',10849150,'auto',-1,0),(1882,821,'ST029',13,'DEF','2025-04-10',8500000,'auto',-1,0),(1883,822,'SL001',13,'GP','2025-04-10',21037500,'auto',-1,0),(1884,822,'SL001',13,'GP','2025-04-10',22910516,'auto',-1,0),(1885,823,'IN007',13,'GP','2025-04-29',20200000,'auto',-1,0),(1886,824,'ST024',13,'DEF','2025-04-29',990000,'auto',-1,0),(1887,825,'ST024',13,'DEF','2025-04-29',990000,'auto',-1,0),(1888,826,'ST024',13,'DEF','2025-04-29',990000,'auto',-1,0),(1889,827,'AM001',13,'DEF','2025-04-29',400000,'auto',-1,0),(1890,828,'ST013',13,'DEF','2025-04-29',16340000,'auto',-1,0),(1891,828,'ST029',13,'DEF','2025-04-29',760000,'auto',-1,0),(1892,829,'ST009',13,'DEF','2025-04-29',1500000,'auto',-1,0),(1893,829,'ST006',13,'DEF','2025-04-29',18200000,'auto',-1,0),(1894,829,'ST016',13,'DEF','2025-04-29',800000,'auto',-1,0),(1895,830,'ST006',13,'DEF','2025-04-29',86130000,'auto',-1,0),(1896,830,'ST016',13,'DEF','2025-04-29',720000,'auto',-1,0),(1897,830,'ST006',13,'DEF','2025-04-29',86130000,'auto',-1,0),(1898,830,'ST016',13,'DEF','2025-04-29',720000,'auto',-1,0),(1899,831,'ST006',13,'DEF','2025-04-29',16340000,'auto',-1,0),(1900,831,'ST016',13,'DEF','2025-04-29',760000,'auto',-1,0),(1901,832,'ST016',13,'DEF','2025-04-29',13870967,'auto',-1,0),(1902,832,'ST016',13,'DEF','2025-04-29',645161,'auto',-1,0),(1903,833,'ST006',13,'DEF','2025-04-29',9987096,'auto',-1,0),(1904,833,'ST016',13,'DEF','2025-04-29',464516,'auto',-1,0),(1905,834,'ST024',13,'DEF','2025-04-29',1150000,'auto',-1,0),(1906,835,'ST024',13,'DEF','2025-04-29',1150000,'auto',-1,0),(1907,836,'IN002',13,'DEF','2025-04-29',11500000,'auto',-1,0),(1908,837,'ST024',13,'DEF','2025-04-29',11000000,'auto',-1,0),(1909,838,'IJ003',13,'DEF','2025-04-29',8500000,'auto',-1,0),(1910,839,'ST029',13,'DEF','2025-04-29',8500000,'auto',-1,0),(1911,840,'IJ001',13,'DEF','2025-04-29',9000000,'auto',-1,0),(1912,840,'IN007',13,'DEF','2025-04-29',1350000,'auto',-1,0),(1913,840,'ST029',13,'DEF','2025-04-29',903226,'auto',-1,0),(1914,841,'ST007',13,'DEF','2025-04-29',15480000,'auto',-1,0),(1915,841,'AM001',13,'DEF','2025-04-29',720000,'auto',-1,0),(1916,842,'ST024',13,'DEF','2025-04-29',894193,'auto',-1,0),(1917,843,'ST005',13,'DEF','2025-04-29',11000000,'auto',-1,0),(1918,844,'IN006',13,'DEF','2025-04-29',4000000,'auto',-1,0),(1919,844,'IN002',13,'DEF','2025-04-29',8000000,'auto',-1,0),(1920,844,'SN001',13,'DEF','2025-04-29',100000,'auto',-1,0),(1921,844,'SN002',13,'DEF','2025-04-29',650,'auto',-300,0),(1922,844,'SN003',13,'DEF','2025-04-29',950,'auto',-100,0),(1923,845,'ST008',13,'DEF','2025-04-29',8500000,'auto',-1,0),(1924,846,'ST004',13,'DEF','2025-05-05',40500000,'auto',-1,0),(1925,846,'ST012',13,'DEF','2025-05-05',2520000,'auto',-1,0),(1926,846,'RT012',13,'DEF','2025-05-05',7920000,'auto',-1,0),(1927,846,'SW006',13,'DEF','2025-05-05',3555000,'auto',-1,0),(1928,846,'SW007',13,'DEF','2025-05-05',1440000,'auto',-3,0),(1929,846,'SW010',13,'DEF','2025-05-05',3285000,'auto',-2,0),(1930,846,'AP007',13,'DEF','2025-05-05',1890000,'auto',-10,0),(1931,846,'AP009',13,'DEF','2025-05-05',3132000,'auto',-2,0),(1932,846,'AP011',13,'DEF','2025-05-05',828000,'auto',-20,0),(1933,846,'IP007',13,'DEF','2025-05-05',738000,'auto',-10,0),(1934,846,'UP010',13,'DEF','2025-05-05',1512000,'auto',-4,0),(1935,846,'UP008',13,'DEF','2025-05-05',13500000,'auto',-1,0),(1936,846,'BR003',13,'DEF','2025-05-05',90000,'auto',-3,0),(1937,846,'CR009',13,'DEF','2025-05-05',2250000,'auto',-1,0),(1938,846,'CS004',13,'DEF','2025-05-05',225000,'auto',-1,0),(1939,846,'WM002',13,'DEF','2025-05-05',157500,'auto',-1,0),(1940,846,'BP004',13,'DEF','2025-05-05',1620000,'auto',-1,0),(1941,846,'KB001',13,'DEF','2025-05-05',1845000,'auto',-5,0),(1942,846,'RJ001',13,'DEF','2025-05-05',315000,'auto',-4,0),(1943,846,'KB007',13,'DEF','2025-05-05',76500,'auto',-6,0),(1944,846,'DP004',13,'DEF','2025-05-05',85500,'auto',-90,0),(1945,846,'DP005',13,'DEF','2025-05-05',22500,'auto',-10,0),(1946,846,'IJ001',13,'DEF','2025-05-05',22500000,'auto',-1,0),(1947,846,'AD004',13,'DEF','2025-05-05',25000000,'auto',-1,0),(1948,847,'BD001',13,'GP','2025-05-19',63500,'auto',-500,0),(1949,847,'BD001',13,'GP','2025-05-19',99200,'auto',-500,0),(1950,847,'BD001',13,'GP','2025-05-19',85586,'auto',-500,0),(1951,848,'ST024',13,'DEF','2025-05-26',990000,'auto',-1,0),(1952,849,'ST024',13,'DEF','2025-05-26',990000,'auto',-1,0),(1953,850,'ST024',13,'DEF','2025-05-26',990000,'auto',-1,0),(1954,851,'ST024',13,'DEF','2025-05-26',1150000,'auto',-1,0),(1955,852,'ST024',13,'DEF','2025-05-26',1150000,'auto',-1,0),(1956,853,'ST024',13,'DEF','2025-05-26',990000,'auto',-1,0),(1957,854,'ST009',13,'DEF','2025-05-26',1500000,'auto',-1,0),(1958,854,'ST006',13,'DEF','2025-05-26',18200000,'auto',-1,0),(1959,854,'ST016',13,'DEF','2025-05-26',800000,'auto',-1,0),(1960,855,'ST007',13,'DEF','2025-05-26',73210500,'auto',-1,0),(1961,855,'ST027',13,'DEF','2025-05-26',28900000,'auto',-1,0),(1962,856,'BD001',13,'GP','2025-05-22',178378378,'auto',-1,0),(1963,857,'HK010',13,'DEF','2025-05-26',650000,'auto',-16,0),(1964,857,'HK009',13,'DEF','2025-05-26',2700000,'auto',-2,0),(1965,857,'BP001',13,'DEF','2025-05-26',2000000,'auto',-2,0),(1966,858,'BD001',13,'DEF','2025-06-05',2500000,'auto',-1,0),(1967,859,'ST024',13,'DEF','2025-06-30',990000,'auto',-1,0),(1968,860,'ST024',13,'DEF','2025-06-30',990000,'auto',-1,0),(1969,861,'ST024',13,'DEF','2025-06-30',990000,'auto',-1,0),(1970,862,'ST024',13,'DEF','2025-06-30',1150000,'auto',-1,0),(1971,863,'ST024',13,'DEF','2025-06-30',1150000,'auto',-1,0),(1972,864,'ST024',13,'DEF','2025-06-30',990000,'auto',-1,0),(1973,865,'ST009',13,'DEF','2025-06-30',1500000,'auto',-1,0),(1974,865,'ST006',13,'DEF','2025-06-30',18200000,'auto',-1,0),(1975,865,'ST016',13,'DEF','2025-06-30',800000,'auto',-1,0),(1976,866,'ST007',13,'DEF','2025-06-30',153000000,'auto',-1,0),(1977,867,'ST013',13,'DEF','2025-06-30',9945000,'auto',-1,0),(1978,867,'ST029',13,'DEF','2025-06-30',680000,'auto',-1,0),(1979,868,'ST020',13,'DEF','2025-07-09',7030000,'auto',-2,0),(1980,868,'CS002',13,'DEF','2025-07-09',2352000,'auto',-1,0),(1981,868,'RT001',13,'DEF','2025-07-09',1000000,'auto',-2,0),(1982,868,'SW014',13,'DEF','2025-07-09',2450000,'auto',-1,0),(1983,868,'UP010',13,'DEF','2025-07-09',1740000,'auto',-1,0),(1984,868,'VT001',13,'DEF','2025-07-09',2100000,'auto',-5,0),(1985,868,'RT010',13,'DEF','2025-07-09',1610000,'auto',-2,0),(1986,868,'IJ003',13,'DEF','2025-07-09',10000000,'auto',-1,0),(1987,868,'KB008',13,'DEF','2025-07-09',45000,'auto',-2,0),(1988,868,'BP005',13,'DEF','2025-07-09',250000,'auto',-1,0),(1989,868,'BU009',13,'DEF','2025-07-09',425000,'auto',-2,0),(1990,868,'BU010',13,'DEF','2025-07-09',300000,'auto',-2,0),(1991,868,'PD003',13,'DEF','2025-07-09',350000,'auto',-2,0),(1992,869,'BD001',13,'DEF','2025-11-05',212500,'auto',-2,0),(1993,869,'BD001',13,'DEF','2025-11-05',5500000,'auto',-1,0),(1994,869,'BD001',13,'DEF','2025-11-05',400000,'auto',-1,0),(1995,869,'BD001',13,'DEF','2025-11-05',22300000,'auto',-1,0),(1996,869,'BD001',13,'DEF','2025-11-05',800000,'auto',-4,0),(1997,869,'BD001',13,'DEF','2025-11-05',500000,'auto',-2,0),(1998,869,'BD001',13,'DEF','2025-11-05',2000000,'auto',-2,0),(1999,869,'BD001',13,'DEF','2025-11-05',700000,'auto',-1,0),(2000,869,'BD001',13,'DEF','2025-11-05',2500000,'auto',-1,0),(2001,869,'BD001',13,'DEF','2025-11-05',600000,'auto',-1,0),(2002,869,'BD001',13,'DEF','2025-11-05',500000,'auto',-1,0),(2003,869,'BD001',13,'DEF','2025-11-05',250000,'auto',-10,0),(2004,869,'BD001',13,'DEF','2025-11-05',5000000,'auto',-1,0),(2005,870,'BD001',13,'DEF','2025-11-05',22300000,'auto',-1,0);

--
-- Table structure for table `1_supp_allocations`
--

CREATE TABLE `1_supp_allocations` (
  `id` int NOT NULL AUTO_INCREMENT,
  `person_id` int DEFAULT NULL,
  `amt` double unsigned DEFAULT NULL,
  `date_alloc` date NOT NULL DEFAULT '0000-00-00',
  `trans_no_from` int DEFAULT NULL,
  `trans_type_from` int DEFAULT NULL,
  `trans_no_to` int DEFAULT NULL,
  `trans_type_to` int DEFAULT NULL,
  PRIMARY KEY (`id`),
  UNIQUE KEY `person_id` (`person_id`,`trans_type_from`,`trans_no_from`,`trans_type_to`,`trans_no_to`),
  KEY `From` (`trans_type_from`,`trans_no_from`),
  KEY `To` (`trans_type_to`,`trans_no_to`)
) ENGINE=InnoDB AUTO_INCREMENT=169 DEFAULT CHARSET=utf8mb3 COLLATE=utf8mb3_unicode_ci;

--
-- Dumping data for table `1_supp_allocations`
--

INSERT INTO `1_supp_allocations` (`id`, `person_id`, `amt`, `date_alloc`, `trans_no_from`, `trans_type_from`, `trans_no_to`, `trans_type_to`) VALUES (2,3,10469700,'2022-07-28',12,22,4,20),(3,4,2717280,'2022-07-27',13,22,5,20),(4,3,2026700,'2022-08-01',14,22,6,20),(5,3,14161000,'2022-08-01',15,22,7,20),(8,2,3000000,'2022-08-03',16,22,10,20),(9,3,4742400,'2022-08-03',17,22,11,20),(10,5,6000000,'2022-08-04',18,22,12,20),(11,6,4959000,'2022-08-05',19,22,13,20),(15,7,6500000,'2022-08-08',23,22,15,20),(16,2,5000000,'2022-08-08',24,22,16,20),(17,5,500000,'2022-08-08',25,22,17,20),(18,8,1000000,'2022-08-08',26,22,18,20),(19,9,1000000,'2022-08-08',27,22,19,20),(20,3,265000,'2022-08-08',28,22,20,20),(21,3,128000,'2022-08-08',29,22,21,20),(22,3,166000,'2022-08-08',30,22,22,20),(23,2,3800000,'2022-08-09',31,22,23,20),(24,5,1000000,'2022-08-09',32,22,24,20),(25,10,3680000,'2022-08-10',33,22,25,20),(26,11,23320000,'2022-08-10',34,22,26,20),(27,5,1000000,'2022-08-11',35,22,27,20),(28,12,1500000,'2022-08-12',36,22,28,20),(29,2,2250000,'2022-08-12',37,22,29,20),(31,5,1600000,'2022-08-15',39,22,31,20),(32,3,9862100,'2022-08-17',40,22,32,20),(34,4,2717280,'2022-08-22',42,22,34,20),(35,3,10470700,'2022-08-24',43,22,35,20),(36,3,2612500,'2022-09-06',44,22,36,20),(37,3,715000,'2022-09-08',45,22,37,20),(38,13,1748250,'2022-09-08',46,22,38,20),(39,3,1014000,'2022-09-09',47,22,39,20),(40,14,4765000,'2022-09-09',48,22,40,20),(41,2,2000000,'2022-09-12',49,22,41,20),(42,12,1000000,'2022-09-12',50,22,42,20),(43,2,1177000,'2022-09-13',51,22,43,20),(44,4,2717280,'2022-09-15',52,22,44,20),(45,3,373400,'2022-09-15',53,22,45,20),(46,15,1400000,'2022-09-19',54,22,46,20),(47,16,165910,'2022-09-21',55,22,47,20),(48,17,5500000,'2022-10-11',56,22,48,20),(49,18,4950000,'2022-10-12',57,22,49,20),(50,5,1000000,'2022-10-12',58,22,50,20),(51,15,1923000,'2022-10-13',59,22,52,20),(53,19,20560800,'2022-10-14',61,22,54,20),(54,13,915750,'2022-10-13',62,22,55,20),(55,3,1107148,'2022-10-15',63,22,56,20),(56,4,2717280,'2022-10-24',64,22,57,20),(57,18,10420700,'2022-10-28',65,22,58,20),(58,18,4950000,'2022-09-09',66,22,59,20),(59,18,10420700,'2022-09-29',67,22,60,20),(60,8,350000,'2022-10-31',68,22,61,20),(62,3,160000,'2022-11-01',70,22,63,20),(65,13,915750,'2022-11-04',73,22,66,20),(66,18,4950000,'2022-11-09',74,22,67,20),(67,15,20000000,'2022-11-09',75,22,68,20),(68,17,7500000,'2022-11-09',76,22,69,20),(69,22,4495500,'2022-11-11',77,22,70,20),(70,15,4843000,'2022-11-14',78,22,71,20),(71,23,1000000,'2022-11-15',79,22,72,20),(72,15,8500000,'2022-11-17',80,22,73,20),(73,3,31660100,'2022-11-18',81,22,74,20),(74,15,2000000,'2022-11-21',82,22,75,20),(75,15,2500000,'2022-11-23',83,22,76,20),(76,4,2717280,'2022-11-23',84,22,77,20),(77,3,1366500,'2022-11-23',85,22,78,20),(78,18,10420700,'2022-11-25',86,22,79,20),(79,15,2500000,'2022-11-25',87,22,80,20),(81,19,20560811,'2022-11-25',89,22,81,20),(82,24,2500000,'2022-11-29',90,22,82,20),(83,25,1500000,'2022-11-29',91,22,83,20),(84,3,2290600,'2022-11-30',92,22,84,20),(85,25,3000000,'2022-12-02',93,22,85,20),(88,18,9705315,'2022-12-09',96,22,87,20),(89,26,9600000,'2022-12-09',97,22,88,20),(90,22,1887000,'2022-12-09',98,22,89,20),(91,18,15184800,'2022-12-14',99,22,90,20),(92,15,1745000,'2022-12-15',100,22,91,20),(94,5,1000000,'2022-08-25',102,22,93,20),(95,20,41013000,'2022-11-01',103,22,94,20),(97,3,24097000,'2022-08-18',105,22,33,20),(102,20,27300000,'2022-12-08',110,22,98,20),(103,20,20527027,'2022-10-27',111,22,99,20),(104,20,20369572,'2022-12-26',112,22,100,20),(106,21,27342000,'2022-10-04',114,22,102,20),(108,21,250000000,'2022-12-22',116,22,104,20),(109,21,170000000,'2022-12-23',117,22,105,20),(110,21,200000000,'2022-12-23',118,22,106,20),(111,21,720000000,'2022-12-26',119,22,107,20),(112,4,2717280,'2022-12-26',120,22,108,20),(113,15,27140500,'2022-12-29',121,22,109,20),(114,22,1887000,'2022-12-30',122,22,110,20),(115,13,915750,'2022-12-29',123,22,111,20),(121,27,11655000,'2022-07-29',129,22,117,20),(122,27,5550000,'2022-07-22',130,22,118,20),(124,1,1496403,'2022-07-25',132,22,120,20),(125,1,2453240,'2022-06-29',133,22,121,20),(134,1,6688477,'2022-09-11',142,22,130,20),(135,1,1748899,'2022-09-30',143,22,131,20),(136,1,6832316,'2022-10-11',144,22,132,20),(137,1,1809383,'2022-10-30',145,22,133,20),(138,1,5910519,'2022-11-11',146,22,134,20),(139,1,1129045,'2022-12-11',147,22,135,20),(140,1,1942047,'2022-12-20',148,22,136,20),(141,21,59224636,'2022-08-13',149,22,137,20),(142,21,187274982,'2022-08-18',150,22,138,20),(143,21,115375500,'2022-09-02',151,22,139,20),(144,21,46292402,'2022-12-08',152,22,140,20),(145,21,76130000,'2022-12-23',153,22,141,20),(146,21,99047545,'2022-12-26',154,22,142,20),(148,3,199247,'2024-01-02',156,22,144,20),(149,54,450000,'2024-01-01',158,22,145,20),(150,55,68000,'2024-01-04',160,22,146,20),(152,29,10545000,'2023-04-30',163,22,126,18),(153,29,888000,'2023-08-31',164,22,136,18),(154,29,888000,'2022-10-26',165,22,156,18),(155,29,5772000,'2024-01-04',162,22,148,20),(156,39,4995000,'2024-01-04',167,22,149,20),(157,39,7215000,'2023-09-21',168,22,137,18),(158,29,18426000,'2024-01-04',170,22,150,20),(159,3,50000,'2024-01-05',171,22,151,20),(160,3,503000,'2023-12-22',172,22,152,20),(161,3,173100,'2023-12-15',174,22,153,20),(162,3,226500,'2022-11-29',176,22,154,20),(163,3,2159000,'2022-11-28',177,22,155,20),(164,3,938650,'2022-11-24',178,22,156,20),(165,3,1496000,'2023-10-31',179,22,157,20),(166,3,1404500,'2023-10-20',180,22,158,20),(167,3,2410900,'2024-01-19',182,22,159,20),(168,57,54390750,'2024-02-12',185,22,160,20);

--
-- Table structure for table `1_supp_invoice_items`
--

CREATE TABLE `1_supp_invoice_items` (
  `id` int NOT NULL AUTO_INCREMENT,
  `supp_trans_no` int DEFAULT NULL,
  `supp_trans_type` int DEFAULT NULL,
  `gl_code` varchar(15) CHARACTER SET utf8mb3 COLLATE utf8mb3_unicode_ci NOT NULL DEFAULT '',
  `grn_item_id` int DEFAULT NULL,
  `po_detail_item_id` int DEFAULT NULL,
  `stock_id` varchar(20) CHARACTER SET utf8mb3 COLLATE utf8mb3_unicode_ci NOT NULL DEFAULT '',
  `description` tinytext CHARACTER SET utf8mb3 COLLATE utf8mb3_unicode_ci,
  `quantity` double NOT NULL DEFAULT '0',
  `unit_price` double NOT NULL DEFAULT '0',
  `unit_tax` double NOT NULL DEFAULT '0',
  `memo_` tinytext CHARACTER SET utf8mb3 COLLATE utf8mb3_unicode_ci,
  `dimension_id` int NOT NULL DEFAULT '0',
  `dimension2_id` int NOT NULL DEFAULT '0',
  PRIMARY KEY (`id`),
  KEY `Transaction` (`supp_trans_type`,`supp_trans_no`,`stock_id`)
) ENGINE=InnoDB AUTO_INCREMENT=335 DEFAULT CHARSET=utf8mb3 COLLATE=utf8mb3_unicode_ci;

--
-- Dumping data for table `1_supp_invoice_items`
--

INSERT INTO `1_supp_invoice_items` (`id`, `supp_trans_no`, `supp_trans_type`, `gl_code`, `grn_item_id`, `po_detail_item_id`, `stock_id`, `description`, `quantity`, `unit_price`, `unit_tax`, `memo_`, `dimension_id`, `dimension2_id`) VALUES (1,1,20,'0',1,1,'ZPA001','Zoom One Pro Annual',0,0,252141,'',0,0),(2,2,20,'5101',-1,0,'','',0,0,0,'Dedicated Server Monthly	',0,0),(3,2,20,'0',3,2,'DS001','Dedicated Server Monthly',0,0,1146277,'',0,0),(4,2,20,'0',4,3,'TK001','Biaya Ongkir Tokopedia',0,0,5390,'',0,0),(5,3,20,'0',5,2,'DS001','Dedicated Server Monthly',0,0,1146277,'',0,0),(6,3,20,'0',6,3,'TK001','Biaya Ongkir Tokopedia',0,0,5390,'',0,0),(7,4,20,'0',7,2,'DS001','Dedicated Server Monthly',1,10420700,1146277,'',0,0),(8,4,20,'0',8,3,'TK001','Biaya Ongkir Tokopedia',1,49000,5390,'',0,0),(9,5,20,'0',9,4,'IN001','Internet Rumah Dinas Wisma Handayani',1,2717280,298901,'',0,0),(10,6,20,'0',13,5,'KB001','Kabel Belden Cat 6',1,1050000,115500,'',0,0),(11,6,20,'0',14,6,'RJ001','Konektor RJ45',1,132000,14520,'',0,0),(12,6,20,'0',15,7,'KB002','Kabel Listrik',2,355000,39050,'',0,0),(13,6,20,'0',16,8,'TK001','Biaya Asuransi Pengiriman Tokopedia',1,43600,4796,'',0,0),(14,6,20,'0',17,9,'TK001','Biaya Asuransi Pengiriman Tokopedia',1,87000,9570,'',0,0),(15,6,20,'0',18,10,'TK001','Biaya Asuransi Pengiriman Tokopedia',1,4100,451,'',0,0),(16,7,20,'0',19,11,'DS001','Dedicated Server Monthly',1,14112000,1552320,'',0,0),(17,7,20,'0',20,12,'TK001','Biaya Asuransi Pengiriman Tokopedia',1,49000,5390,'',0,0),(18,8,20,'0',21,13,'JP002','Jasa Pindah Barang',0,0,330000,'',0,0),(19,9,20,'0',21,13,'JP002','Jasa Pindah Barang',0,0,330000,'',0,0),(20,10,20,'0',21,13,'JP002','Jasa Pindah Barang',1,3000000,330000,'',0,0),(21,11,20,'0',22,14,'ST001','Steker Uticon Bulat S28R',20,8300,913,'',0,0),(22,11,20,'0',23,15,'ST002','Stop Kontak Uticon 4 Lubang',20,16870,1855.7,'',0,0),(23,11,20,'0',24,16,'TK001','Biaya Pengiriman Tokopedia',1,20000,2200,'',0,0),(24,11,20,'0',25,17,'TK001','Biaya Pengiriman Tokopedia',1,2700,297,'',0,0),(25,11,20,'0',26,18,'TK001','Biaya Pengiriman Tokopedia',1,1000,110,'',0,0),(26,11,20,'0',27,19,'KB003','Kabel Listrik Supreme 3x2.5 50m',2,805000,88550,'',0,0),(27,11,20,'0',28,20,'TK001','Biaya Pengiriman Tokopedia',1,39000,4290,'',0,0),(28,11,20,'0',29,21,'TK001','Biaya Pengiriman Tokopedia',1,8300,913,'',0,0),(29,11,20,'0',30,22,'MB001','Mesin Bor Makita Cordless HP488D002',1,2523000,277530,'',0,0),(30,11,20,'0',31,23,'TK001','Biaya Pengiriman Tokopedia',1,35000,3850,'',0,0),(31,12,20,'0',32,24,'IJ001','Jasa Instalasi Jaringan',1,6000000,660000,'',0,0),(32,13,20,'0',33,25,'DS001','Dedicated Server Monthly',1,4950000,544500,'',0,0),(33,13,20,'0',34,26,'SH001','Biaya Penanganan Shopee',1,8000,880,'',0,0),(34,13,20,'0',35,27,'SH001','Biaya Penanganan Shopee',1,1000,110,'',0,0),(35,14,20,'0',36,28,'JP002','Jasa Pindah Barang',0,0,330000,'',0,0),(36,15,20,'0',37,29,'JP001','Jasa Penambahan Ruang Kantor',1,6500000,715000,'',0,0),(37,16,20,'0',38,28,'JP002','Jasa Pindah Barang',1,5000000,550000,'',0,0),(38,17,20,'0',39,30,'IJ003','Instalasi Kabel LAN dan Listrik',1,500000,55000,'',0,0),(39,18,20,'0',40,31,'IJ001','Jasa Instalasi Jaringan',1,1000000,110000,'',0,0),(40,19,20,'0',41,32,'IJ001','Jasa Instalasi Jaringan',1,1000000,110000,'',0,0),(41,20,20,'0',42,33,'SK001','Skrup Gypsum 6X2',2,50000,5500,'',0,0),(42,20,20,'0',43,34,'TK001','Biaya Pengiriman Tokopedia',1,20000,2200,'',0,0),(43,20,20,'0',44,35,'TK001','Biaya Pengiriman Tokopedia',1,700,77,'',0,0),(44,20,20,'0',45,36,'TK001','Biaya Pengiriman Tokopedia',1,1000,110,'',0,0),(45,20,20,'0',46,37,'FS001','Fischer Gypsum Nylon',2,60000,6600,'',0,0),(46,20,20,'0',47,38,'TK001','Biaya Pengiriman Tokopedia',1,22500,2475,'',0,0),(47,20,20,'0',48,39,'TK001','Biaya Pengiriman Tokopedia',1,800,88,'',0,0),(48,21,20,'0',49,40,'DY001','Dynabolt M5x70',16,6500,715,'',0,0),(49,21,20,'0',50,41,'TK001','Biaya Pengiriman Tokopedia',1,23000,2530,'',0,0),(50,21,20,'0',51,42,'TK001','Biaya Pengiriman Tokopedia',1,1000,110,'',0,0),(51,22,20,'0',52,43,'BR001','Bracket TV NBP4 55inch',1,145000,15950,'',0,0),(52,22,20,'0',53,44,'TK001','Biaya Pengiriman Tokopedia',1,20000,2200,'',0,0),(53,22,20,'0',54,45,'TK001','Biaya Pengiriman Tokopedia',1,1000,110,'',0,0),(54,23,20,'0',55,46,'JP002','Jasa Pindah Barang',1,3800000,418000,'',0,0),(55,24,20,'0',56,47,'MP002','Material Instalasi kabel LAN dan Listrik',1,1000000,110000,'',0,0),(56,25,20,'0',57,48,'ST003','Sticker Roll',1,3680000,404800,'',0,0),(57,26,20,'0',58,49,'PP002','Pengecatan Partisi Meja Kerja',1,23320000,2565200,'',0,0),(58,27,20,'0',59,50,'MP002','Material Instalasi kabel LAN dan Listrik',1,1000000,110000,'',0,0),(59,28,20,'0',60,51,'SM001','Sewa Mobil Truk',1,1500000,165000,'',0,0),(60,29,20,'0',61,52,'JP002','Jasa Pindah Barang',1,2250000,247500,'',0,0),(61,30,20,'0',62,53,'PP002','Pengecatan Partisi Meja Kerja',0,0,66000,'',0,0),(62,31,20,'0',63,53,'PP002','Pengecatan Partisi Meja Kerja',1,600000,66000,'',0,0),(63,31,20,'0',64,54,'MP002','Material Instalasi kabel LAN dan Listrik',1,1000000,110000,'',0,0),(64,32,20,'0',74,55,'PD001','Indorack PDU8G Germany Outlet',1,532000,58520,'',0,0),(65,32,20,'0',75,56,'RT001','Router Mikrotik RB1100Dx4',1,5235000,575850,'',0,0),(66,32,20,'0',76,57,'RJ001','Konektor RJ45',1,1345000,147950,'',0,0),(67,32,20,'0',77,58,'KB004','Kabel Patchcord Panduit Cat6',5,90000,9900,'',0,0),(68,32,20,'0',78,59,'TK001','Biaya Pengiriman Tokopedia',1,41000,4510,'',0,0),(69,32,20,'0',79,60,'TK001','Biaya Pengiriman Tokopedia',1,38100,4191,'',0,0),(70,32,20,'0',80,61,'TK001','Biaya Pengiriman Tokopedia',1,1000,110,'',0,0),(71,32,20,'0',81,62,'SS001','SSD NvME Midasforce 2TB',1,2200000,242000,'',0,0),(72,32,20,'0',82,63,'TK001','Biaya Pengiriman Tokopedia',1,20000,2200,'',0,0),(73,33,20,'0',83,64,'MB002','Macbook Pro M2 512GB',1,23970000,2636700,'',0,0),(74,33,20,'0',84,65,'TK001','Biaya Pengiriman Tokopedia',1,6000,660,'',0,0),(75,33,20,'0',85,66,'TK001','Biaya Pengiriman Tokopedia',1,120000,13200,'',0,0),(76,33,20,'0',86,67,'TK001','Biaya Pengiriman Tokopedia',1,1000,110,'',0,0),(77,34,20,'0',87,68,'IN001','Internet Rumah Dinas Wisma Handayani',1,2717280,298901,'',0,0),(78,35,20,'0',88,69,'DS001','Dedicated Server Monthly',1,10470700,1151777,'',0,0),(79,36,20,'0',95,70,'AP002','Access Point TPLink Archer AX1500',1,700000,77000,'',0,0),(80,36,20,'0',96,71,'TK001','Biaya Pengiriman Tokopedia',1,20000,2200,'',0,0),(81,36,20,'0',97,72,'TK001','Biaya Pengiriman Tokopedia',1,1000,110,'',0,0),(82,36,20,'0',98,73,'RT002','Mikrotik RB450Gx4',1,1814000,199540,'',0,0),(83,36,20,'0',99,74,'TK001','Biaya Pengiriman Tokopedia',1,20000,2200,'',0,0),(84,36,20,'0',100,75,'TK001','Biaya Pengiriman Tokopedia',1,48300,5313,'',0,0),(85,36,20,'0',101,76,'TK001','Biaya Pengiriman Tokopedia',1,9200,1012,'',0,0),(86,37,20,'0',102,77,'RB001','Rak Besi 50x100x200',1,680000,74800,'',0,0),(87,37,20,'0',103,78,'TK001','Biaya Pengiriman Tokopedia',1,34000,3740,'',0,0),(88,37,20,'0',104,79,'TK001','Biaya Pengiriman Tokopedia',1,1000,110,'',0,0),(89,38,20,'0',105,80,'IN003','Internet Broadband Rumah Dika',1,1748250,192308,'',0,0),(90,39,20,'0',106,84,'AP003','Access Point TPLink Archer C54',1,278000,30580,'',0,0),(91,39,20,'0',107,85,'TK001','Biaya Pengiriman Tokopedia',1,20000,2200,'',0,0),(92,39,20,'0',108,86,'TK001','Biaya Pengiriman Tokopedia',1,1000,110,'',0,0),(93,39,20,'0',109,87,'RB001','Rak Besi 50x100x200',1,680000,74800,'',0,0),(94,39,20,'0',110,88,'TK001','Biaya Pengiriman Tokopedia',1,34000,3740,'',0,0),(95,39,20,'0',111,89,'TK001','Biaya Pengiriman Tokopedia',1,1000,110,'',0,0),(96,40,20,'0',112,90,'SV001','Sewa Villa AirBnB',1,4765000,524150,'',0,0),(97,41,20,'0',113,91,'JP002','Jasa Pindah Barang',1,2000000,220000,'',0,0),(98,42,20,'0',114,92,'JP002','Jasa Pindah Barang',1,1000000,110000,'',0,0),(99,43,20,'0',115,93,'JP002','Jasa Pindah Barang',1,1177000,129470,'',0,0),(100,44,20,'0',116,94,'IN001','Internet Rumah Dinas Wisma Handayani',1,2717280,298901,'',0,0),(101,45,20,'0',117,95,'TP001','Tinta Printer Canon Kit 745-746',1,334900,36839,'',0,0),(102,45,20,'0',118,96,'TK001','Biaya Pengiriman Tokopedia',1,37500,4125,'',0,0),(103,45,20,'0',119,97,'TK001','Biaya Pengiriman Tokopedia',1,1000,110,'',0,0),(104,46,20,'0',120,98,'JP002','Jasa Pindah Barang',1,1400000,154000,'',0,0),(105,47,20,'0',121,99,'DM001','Domain Name Renewal - diangraha.com',1,165910,18250,'',0,0),(106,48,20,'0',124,100,'KB005','Kabel Belden RG59',2,1650000,181500,'',0,0),(107,48,20,'0',125,101,'KB001','Kabel Belden Cat 6',1,2200000,242000,'',0,0),(108,49,20,'0',126,102,'DS001','Dedicated Server Monthly',1,4950000,544500,'',0,0),(109,50,20,'0',127,103,'IC001','Jasa Instalasi CCTV',1,1000000,110000,'',0,0),(110,51,20,'0',129,105,'PC001','Pintu Cowboy',0,0,211530,'',0,0),(111,52,20,'0',129,105,'PC001','Pintu Cowboy',1,1923000,211530,'',0,0),(112,53,20,'0',130,106,'IN003','Internet Broadband Rumah Dika',0,0,192308,'',0,0),(113,54,20,'0',131,107,'IM001','Aplikasi Intelligence Media Analytics',1,20560800,2261688,'',0,0),(114,55,20,'0',132,106,'IN003','Internet Broadband Rumah Dika',1,915750,100733,'',0,0),(115,56,20,'0',133,108,'KB006','Konektor BNC Drat - 50 pcs',1,137499,15125,'',0,0),(116,56,20,'0',134,109,'AD001','Adaptor Jack DC Male - 50 pcs',1,44950,4945,'',0,0),(117,56,20,'0',135,110,'PS001','Power Supply Central 20A 12V',1,197500,21725,'',0,0),(118,56,20,'0',136,111,'PS002','Power Supply Central 10A 12V',1,146999,16170,'',0,0),(119,56,20,'0',137,112,'TK002','Tang Krimping RG6 BNC',1,110000,12100,'',0,0),(120,56,20,'0',138,113,'TK001','Biaya Pengiriman Tokopedia',1,36000,3960,'',0,0),(121,56,20,'0',139,114,'VT001','Video Transmitter UTP 8 Channel',2,194000,21340,'',0,0),(122,56,20,'0',140,115,'TK001','Biaya Pengiriman Tokopedia',1,43000,4730,'',0,0),(123,56,20,'0',141,116,'TK001','Biaya Pengiriman Tokopedia',1,2200,242,'',0,0),(124,56,20,'0',142,117,'TK001','Biaya Pengiriman Tokopedia',1,1000,110,'',0,0),(125,57,20,'0',143,118,'IN001','Internet Rumah Dinas Wisma Handayani',1,2717280,298901,'',0,0),(126,58,20,'0',144,119,'DS001','Dedicated Server Monthly',1,10420700,1146277,'',0,0),(127,59,20,'0',145,120,'DS001','Dedicated Server Monthly',1,4950000,544500,'',0,0),(128,60,20,'0',146,121,'DS001','Dedicated Server Monthly',1,10420700,1146277,'',0,0),(129,61,20,'0',147,122,'IC001','Jasa Instalasi CCTV',1,350000,38500,'',0,0),(130,62,20,'0',148,123,'VE001','Jasa Video Editing',0,0,2937000,'',0,0),(131,63,20,'0',149,124,'KT002','Kuota Telkomsel OMG',1,160000,17600,'',0,0),(132,64,20,'0',150,125,'IJ002','Layanan Konfigurasi Jaringan Internet dan Relokasi Rack Server Miroring',0,0,11000000,'',0,0),(133,65,20,'0',151,126,'BD001','Bandwidth on Demand',0,0,22098678,'',0,0),(134,66,20,'0',153,127,'IN003','Internet Broadband Rumah Dika',1,915750,100733,'',0,0),(135,67,20,'0',154,128,'DS001','Dedicated Server Monthly',1,4950000,544500,'',0,0),(136,68,20,'0',155,129,'KS001','Kaos Sablon',1,20000000,2200000,'',0,0),(137,69,20,'0',156,130,'KB001','Kabel Belden Cat 6',3,2500000,275000,'',0,0),(138,70,20,'0',157,131,'IN004','Biznet Metronet 2A',1,4050000,445500,'',0,0),(139,71,20,'0',158,132,'KS001','Kaos Sablon',1,4843000,532730,'',0,0),(140,72,20,'0',159,133,'TW001','Tema Website - Advokat - Lawyer',1,1000000,110000,'',0,0),(141,73,20,'0',160,134,'KS001','Kaos Sablon',1,8500000,935000,'',0,0),(142,74,20,'0',161,135,'SW001','Switch TPLink SG3428MP 28 Port',4,5050000,555500,'',0,0),(143,74,20,'0',162,136,'TK001','Biaya Pengiriman Tokopedia',1,95000,10450,'',0,0),(144,74,20,'0',163,137,'KB001','Kabel Belden Cat 6',1,1000000,110000,'',0,0),(145,74,20,'0',164,138,'TK001','Biaya Pengiriman Tokopedia',1,46500,5115,'',0,0),(146,74,20,'0',165,139,'CP001','CPU Intel Core i7 11700k box',1,4795000,527450,'',0,0),(147,74,20,'0',166,140,'TK001','Biaya Pengiriman Tokopedia',1,22000,2420,'',0,0),(148,74,20,'0',167,141,'TK001','Biaya Pengiriman Tokopedia',1,24200,2662,'',0,0),(149,74,20,'0',168,142,'TK001','Biaya Pengiriman Tokopedia',1,53200,5852,'',0,0),(150,74,20,'0',169,143,'PB001','Plugboot Vascolink RJ45',5,32000,3520,'',0,0),(151,74,20,'0',170,144,'RJ001','Konektor RJ45',4,84000,9240,'',0,0),(152,74,20,'0',171,145,'SW002','Switch TPLink SG1008MP 8 Port',5,625000,68750,'',0,0),(153,74,20,'0',172,146,'TK001','Biaya Pengiriman Tokopedia',1,1000,110,'',0,0),(154,74,20,'0',173,147,'TK001','Biaya Pengiriman Tokopedia',1,23000,2530,'',0,0),(155,74,20,'0',174,148,'TK001','Biaya Pengiriman Tokopedia',1,18300,2013,'',0,0),(156,74,20,'0',175,149,'HD001','Hard Disk Seagate Skyhawk 6TB',1,1650000,181500,'',0,0),(157,74,20,'0',176,150,'TK001','Biaya Pengiriman Tokopedia',1,20000,2200,'',0,0),(158,74,20,'0',177,151,'TK001','Biaya Pengiriman Tokopedia',1,8400,924,'',0,0),(159,74,20,'0',178,152,'KB007','Kabel Ties Label 4x100 Biru',3,12000,1320,'',0,0),(160,74,20,'0',179,153,'KB007','Kabel Ties Label 4x100 Biru',1,12000,1320,'',0,0),(161,74,20,'0',180,154,'KB007','Kabel Ties Label 4x100 Biru',1,12000,1320,'',0,0),(162,74,20,'0',181,155,'TK001','Biaya Pengiriman Tokopedia',1,22000,2420,'',0,0),(163,74,20,'0',182,156,'TK001','Biaya Pengiriman Tokopedia',1,500,55,'',0,0),(164,75,20,'0',183,157,'IJ003','Instalasi Kabel LAN dan Listrik',1,2000000,220000,'',0,0),(165,76,20,'0',184,158,'DR001','Jasa Dekorasi Ruangan',1,2500000,275000,'',0,0),(166,77,20,'0',185,159,'IN001','Internet Rumah Dinas Wisma Handayani',1,2717280,298901,'',0,0),(167,78,20,'0',186,160,'TP001','Tinta Printer Canon Kit 745-746',1,296000,32560,'',0,0),(168,78,20,'0',187,161,'TK001','Biaya Pengiriman Tokopedia',1,23000,2530,'',0,0),(169,78,20,'0',188,162,'KB001','Kabel Belden Cat 6',1,1000000,110000,'',0,0),(170,78,20,'0',189,163,'TK001','Biaya Pengiriman Tokopedia',1,46500,5115,'',0,0),(171,78,20,'0',190,164,'TK001','Biaya Pengiriman Tokopedia',1,1000,110,'',0,0),(172,79,20,'0',191,165,'DS001','Dedicated Server Monthly',1,10420700,1146277,'',0,0),(173,80,20,'0',192,166,'DR001','Jasa Dekorasi Ruangan',1,2500000,275000,'',0,0),(174,81,20,'0',193,167,'IM001','Aplikasi Intelligence Media Analytics',1,20560811,2261689,'',0,0),(175,82,20,'0',194,168,'IJ001','Jasa Instalasi Jaringan',1,2500000,275000,'',0,0),(176,83,20,'0',195,169,'BD001','Bandwidth on Demand',1,1500000,165000,'',0,0),(177,84,20,'0',196,170,'AP002','Access Point TPLink Archer AX1500',2,715000,78650,'',0,0),(178,84,20,'0',197,171,'SW003','Switch TPLink LS108G',1,269000,29590,'',0,0),(179,84,20,'0',198,172,'TK001','Biaya Pengiriman Tokopedia',1,72000,7920,'',0,0),(180,84,20,'0',199,173,'SP001','Speaker HP DHE-6002',1,498000,54780,'',0,0),(181,84,20,'0',200,174,'TK001','Biaya Pengiriman Tokopedia',1,18000,1980,'',0,0),(182,84,20,'0',201,175,'TK001','Biaya Pengiriman Tokopedia',1,2600,286,'',0,0),(183,84,20,'0',202,176,'TK001','Biaya Pengiriman Tokopedia',1,1000,110,'',0,0),(184,85,20,'0',203,177,'BD001','Bandwidth on Demand',1,3000000,330000,'',0,0),(185,86,20,'0',204,178,'VE001','Jasa Video Editing',0,0,3432000,'',0,0),(186,87,20,'0',205,179,'DS001','Dedicated Server Monthly',1,9705315,1067585,'',0,0),(187,88,20,'0',206,180,'GS001','Google Suite',1,9600000,1056000,'',0,0),(188,89,20,'0',207,181,'IN004','Biznet Metronet 2A',1,1700000,187000,'',0,0),(189,90,20,'0',208,182,'DS001','Dedicated Server Monthly',1,15184800,1670328,'',0,0),(190,91,20,'0',209,183,'MP002','Material Instalasi kabel LAN dan Listrik',1,1745000,191950,'',0,0),(191,92,20,'0',210,184,'BD001','Bandwidth on Demand',0,0,17838167,'',0,0),(192,92,20,'0',211,185,'BD001','Bandwidth on Demand',0,0,17838167,'',0,0),(193,93,20,'0',212,186,'MP002','Material Instalasi kabel LAN dan Listrik',1,1000000,110000,'',0,0),(194,94,20,'0',213,123,'VE001','Jasa Video Editing',1,41013000,4511430,'',0,0),(195,95,20,'0',214,187,'RK001','Rekondisi Perangkat Furniture',0,0,143000,'',0,0),(196,96,20,'0',215,188,'BD001','Bandwidth on Demand',0,0,12730001,'',0,0),(197,97,20,'0',216,189,'BD001','Bandwidth on Demand',0,0,13181611,'',0,0),(198,98,20,'0',217,178,'VE001','Jasa Video Editing',1,27300000,3003000,'',0,0),(199,99,20,'0',218,190,'VE001','Jasa Video Editing',1,20527027,2257973,'',0,0),(200,100,20,'0',219,191,'VE001','Jasa Video Editing',1,20369572,2240653,'',0,0),(201,101,20,'0',220,192,'ZPA001','Zoom One Pro Annual',0,0,2420457,'',0,0),(202,102,20,'0',221,193,'IN001','Internet Rumah Dinas Wisma Handayani',1,27342000,3007620,'',0,0),(203,103,20,'0',222,194,'IN001','Internet Rumah Dinas Wisma Handayani',0,0,6015240,'',0,0),(204,104,20,'0',224,195,'BD001','Bandwidth on Demand',1,250000000,27500000,'',0,0),(205,105,20,'0',225,196,'BD001','Bandwidth on Demand',1,170000000,18700000,'',0,0),(206,106,20,'0',226,197,'BD001','Sistem Keamanan Secure Socket Layer',1,200000000,22000000,'',0,0),(207,107,20,'0',227,198,'BD001','Pembangunan Sistem Keamanan web server dgn Sectigo',1,720000000,79200000,'',0,0),(208,108,20,'0',228,199,'IN001','Internet Rumah Dinas Wisma Handayani',1,2717280,298901,'',0,0),(209,109,20,'0',229,200,'KS001','Kaos Sablon',1,27140500,2985455,'',0,0),(210,110,20,'0',230,201,'IN004','Biznet Metronet 2A',1,1700000,187000,'',0,0),(211,111,20,'0',231,202,'IN003','Internet Broadband Rumah Dika',1,915750,100733,'',0,0),(212,112,20,'0',232,203,'KB001','Kabel Belden Cat 6',0,0,115500,'',0,0),(213,112,20,'0',233,204,'TK003','Tang Krimping Trendnet CAT5 RG45',0,0,60500,'',0,0),(214,112,20,'0',234,205,'LT001','Lan Tester Good Hand',0,0,38500,'',0,0),(215,112,20,'0',235,206,'RJ001','Konektor RJ45 Belden',0,0,9350,'',0,0),(216,112,20,'0',236,207,'PB002','Plugboot Belden 50pcs',0,0,20350,'',0,0),(217,113,20,'0',237,208,'KB001','Kabel Belden Cat 6',0,0,148500,'',0,0),(218,114,20,'0',239,209,'KB001','Kabel Belden Cat 6',0,0,148500,'',0,0),(219,115,20,'0',240,210,'KB001','Kabel Belden Cat 6',0,0,148500,'',0,0),(220,116,20,'0',241,211,'KB001','Kabel Belden Cat 6',0,0,115500,'',0,0),(221,116,20,'0',242,212,'TK001','Biaya Pengiriman Tokopedia',0,0,4840,'',0,0),(222,116,20,'0',243,213,'TK001','Biaya Pengiriman Tokopedia',0,0,8254.5,'',0,0),(223,117,20,'0',244,214,'IP001','Annual Fee IP-Address IPv4 /23',1,10500000,1155000,'',0,0),(224,118,20,'0',245,215,'BR002','Biaya Registrasi IP-ADD',1,5000000,550000,'',0,0),(225,119,20,'0',246,216,'ED001','Edging Taco HPL 22/1mm',0,0,240.24,'',0,0),(226,119,20,'0',247,217,'LF001','Lem Fox Kuning Kaleng 600ml',0,0,5665,'',0,0),(227,119,20,'0',248,218,'TK001','Biaya Pengiriman Tokopedia',0,0,2420,'',0,0),(228,119,20,'0',249,219,'FD001','Floor Duct Oval 90x25mm',0,0,6490,'',0,0),(229,119,20,'0',250,220,'FD002','Floor Duct Oval 70x20mm',0,0,2585,'',0,0),(230,119,20,'0',251,221,'TK001','Biaya Pengiriman Tokopedia',0,0,3630,'',0,0),(231,119,20,'0',252,222,'BW001','Bubble Warp 40x50cm roll',0,0,4389,'',0,0),(232,119,20,'0',253,223,'TK001','Biaya Pengiriman Tokopedia',0,0,4730,'',0,0),(233,120,20,'0',254,224,'ZPA001','Zoom One Pro Annual',1,1348111,148292,'',0,0),(234,121,20,'0',255,1,'ZPA001','Zoom One Pro Annual',1,2210126,243114,'',0,0),(235,122,20,'0',256,225,'KB001','Kabel Belden Cat 6',0,0,115500,'',0,0),(236,122,20,'0',257,226,'TK001','Biaya Pengiriman Tokopedia',0,0,4840,'',0,0),(237,122,20,'0',258,227,'TK001','Biaya Pengiriman Tokopedia',0,0,8254,'',0,0),(238,123,20,'0',259,228,'BW001','Bubble Warp 40x50cm roll',0,0,4389,'',0,0),(239,123,20,'0',260,229,'TK001','Biaya Pengiriman Tokopedia',0,0,4730,'',0,0),(240,124,20,'0',264,230,'FD001','Floor Duct Oval 90x25mm',0,0,6490,'',0,0),(241,124,20,'0',265,231,'FD002','Floor Duct Oval 70x20mm',0,0,2585,'',0,0),(242,124,20,'0',266,232,'TK001','Biaya Pengiriman Tokopedia',0,0,3630,'',0,0),(243,125,20,'0',267,233,'NE001','Nescafe Ice Coffee Original 240ml',0,0,1166,'',0,0),(244,125,20,'0',268,234,'NE002','Nescafe Ice Coffee Latte 240ml',0,0,1056,'',0,0),(245,125,20,'0',269,235,'LE001','Le Minerale 600ml',0,0,792,'',0,0),(246,126,20,'0',270,236,'ZPA001','Zoom One Pro Annual',0,0,1985996,'',0,0),(247,127,20,'0',271,126,'BD001','Pembangunan Sistem Keamanan web server dgn Sectigo',0,0,22077917,'',0,0),(248,128,20,'0',272,237,'IJ002','Layanan Konfigurasi Jaringan Internet dan Relokasi',0,0,13603975,'',0,0),(249,129,20,'0',273,238,'ZP001','Zoom Pro Monthly',0,0,24535.5,'',0,0),(250,129,20,'0',274,239,'ZP003','Zoom Meeting 1000 Participant Monthly',0,0,147312,'',0,0),(251,130,20,'0',275,238,'ZP001','Zoom Pro Monthly',5,223051,24535.6,'',0,0),(252,130,20,'0',276,239,'ZP003','Zoom Meeting 1000 Participant Monthly',2,1339200,147312,'',0,0),(253,130,20,'0',277,240,'ZP002','Zoom Meeting 500 Participant Monthly',3,744000,81840,'',0,0),(254,131,20,'0',278,241,'ZP001','Zoom Pro Monthly',1,224955,24745,'',0,0),(255,131,20,'0',279,242,'ZP003','Zoom Meeting 1000 Participant Monthly',1,1350630,148569,'',0,0),(256,132,20,'0',280,243,'ZP001','Zoom Pro Monthly',5,227848,25063.2,'',0,0),(257,132,20,'0',281,244,'ZP003','Zoom Meeting 1000 Participant Monthly',2,1368000,150480,'',0,0),(258,132,20,'0',282,245,'ZP002','Zoom Meeting 500 Participant Monthly',3,760000,83600,'',0,0),(259,133,20,'0',283,246,'ZP001','Zoom Pro Monthly',1,232735,25601,'',0,0),(260,133,20,'0',284,247,'ZP003','Zoom Meeting 1000 Participant Monthly',1,1397340,153707,'',0,0),(261,134,20,'0',285,248,'ZP001','Zoom Pro Monthly',4,234788,25826.75,'',0,0),(262,134,20,'0',286,249,'ZP003','Zoom Meeting 1000 Participant Monthly',2,1409670,155063.5,'',0,0),(263,134,20,'0',287,250,'ZP002','Zoom Meeting 500 Participant Monthly',2,783150,86146.5,'',0,0),(264,135,20,'0',288,251,'ZP001','Zoom Pro Monthly',1,234608,25807,'',0,0),(265,135,20,'0',289,252,'ZP002','Zoom Meeting 500 Participant Monthly',1,782550,86081,'',0,0),(266,136,20,'0',290,253,'ZPA001','Zoom One Pro Annual',1,1749592,192455,'',0,0),(267,137,20,'0',292,254,'BD001','Jasa Konsultan Bandwidth on Demand',1,59224636,6514710,'',0,0),(268,138,20,'0',293,126,'BD001','Jasa Konsultan Bandwidth on Demand',1,187274982,20600248,'',0,0),(269,139,20,'0',294,255,'IJ002','Layanan Konfigurasi Jaringan Internet dan Relokasi',1,115375500,12691305,'',0,0),(270,140,20,'0',295,194,'IN001','Jasa InstalasiInternet Rumah Dinas Wisma Handayani',1,46292402,5092164,'',0,0),(271,141,20,'0',296,189,'BD001','Jasa Konsultan Bandwidth on Demand',1,76130000,8374300,'',0,0),(272,142,20,'0',297,188,'BD001','Jasa Konsultan Bandwidth on Demand',1,99047545,10895230,'',0,0),(273,143,20,'0',298,340,'KB010','Penutup Lubang Kabel Meja',0,0,940.33333333333,'',0,0),(274,143,20,'0',299,341,'RJ001','Konektor RJ45',0,0,8547,'',0,0),(275,143,20,'0',300,342,'BA001','Biaya Asuransi Pengiriman',0,0,143,'',0,0),(276,143,20,'0',301,343,'JA001','Jasa Aplikasi Tokopedia',0,0,110,'',0,0),(277,144,20,'0',302,344,'KB010','Tutup Lubang Kabel',3,2849,313.33333333333,'',0,0),(278,144,20,'0',303,345,'OK001','Ongkos Kirim Tutup Lubang Kabel',1,22500,2475,'',0,0),(279,144,20,'0',304,346,'BA001','Biaya Asuransi Pengiriman Tutup Lubang Kabel',1,200,22,'',0,0),(280,144,20,'0',305,347,'RJ001','Konektor RJ45',2,77700,8547,'',0,0),(281,144,20,'0',306,348,'OK001','Ongkos Kirim RJ45',1,11500,1265,'',0,0),(282,144,20,'0',307,349,'BA001','Biaya Asuransi Pengiriman RJ45',1,1100,121,'',0,0),(283,145,20,'0',308,350,'BP003','Biaya Parkir Mobil Ops Kantor Periode Januari 2024',1,450000,49500,'',0,0),(284,146,20,'0',309,351,'6208','Biaya Perawatan Gedung',1,68000,7480,'',0,0),(285,147,20,'0',310,352,'IN002','Locallop FIber Optik 50 Mbps Periode Januari 2024',0,0,572000,'',0,0),(286,148,20,'0',310,352,'IN002','Locallop FIber Optik 50 Mbps Periode Januari 2024',1,5200000,572000,'',0,0),(287,149,20,'0',311,353,'IN002','Dedicated Internet 70 Mbps Periode Januari 2024',1,4500000,495000,'',0,0),(288,150,20,'0',312,354,'C3001','Collocation Half Rack (1/2) &amp; Upgrade IX 50 Mbps Periode Januari 2024',1,16600000,1826000,'',0,0),(289,151,20,'0',313,355,'ET001','E-Toll',1,50000,5500,'',0,0),(290,152,20,'0',314,356,'AD001','Xiaomi Mi Smart Camera C300 2K HD Clear 1296P CCTV IP Cam Full Colour - Micro SD 32GB',1,60000,6600,'',0,0),(291,152,20,'0',315,357,'AD001','Xiaomi Mi Smart Camera C300 2K HD Clear 1296P CCTV IP Cam Full Colour - C300+ADAPTOR',1,390000,42900,'',0,0),(292,152,20,'0',316,358,'OK001','Ongkos Kirim',1,48000,5280,'',0,0),(293,152,20,'0',317,359,'BA001','Biaya Asuransi Pengiriman',1,3000,330,'',0,0),(294,152,20,'0',318,360,'BL001','Biaya Layanan',1,1000,110,'',0,0),(295,152,20,'0',319,361,'BJ001','Biaya Jasa Aplikasi',1,1000,110,'',0,0),(296,153,20,'0',320,362,'TP001','Tinta Printer HP Original 803 Economy Black DeskJet 1112 2132 2621',1,160000,17600,'',0,0),(297,153,20,'0',321,363,'OK001','Ongkos Kirim',1,10000,1100,'',0,0),(298,153,20,'0',322,364,'BA001','Biaya Asuransi Pengiriman',1,1100,121,'',0,0),(299,153,20,'0',323,365,'BJ001','Biaya Jasa Aplikasi',1,1000,110,'',0,0),(300,153,20,'0',324,366,'BL001','Biaya Layanan',1,1000,110,'',0,0),(301,154,20,'0',325,367,'TP001','Tinta Printer HP Original 803 Tri-Color DeskJet 1112, 2132,2621',1,223000,24530,'',0,0),(302,154,20,'0',326,368,'BA001','Biaya Asuransi Pengiriman',1,1500,165,'',0,0),(303,154,20,'0',327,369,'BL001','Biaya Layanan',1,1000,110,'',0,0),(304,154,20,'0',328,370,'BJ001','Biaya Jasa Aplikasi',1,1000,110,'',0,0),(305,155,20,'0',329,371,'IP003','Fanvil X1P Entry Level IP Phone (Poe Version) - with PSU',3,711500,78265,'',0,0),(306,155,20,'0',330,372,'OK001','Ongkos Kirim',1,22500,2475,'',0,0),(307,155,20,'0',331,373,'BL001','Biaya Layanan',1,1000,110,'',0,0),(308,155,20,'0',332,374,'BJ001','Biaya Jasa Aplikasi',1,1000,110,'',0,0),(309,156,20,'0',333,375,'IJ003','Kabel LAN utp belden cat 6e / 6 e kw (real 305 meter)',1,883050,97136,'',0,0),(310,156,20,'0',334,376,'OK001','Ongkos Kirim',1,48000,5280,'',0,0),(311,156,20,'0',335,377,'BA001','Biaya Asuransi Pengiriman',1,5600,616,'',0,0),(312,156,20,'0',336,378,'BL001','Biaya Layanan',1,1000,110,'',0,0),(313,156,20,'0',337,379,'BJ001','Biaya Jasa Aplikasi',1,1000,110,'',0,0),(314,157,20,'0',338,380,'AP002','Tp-Link Archer AX10 AX1500 WIFI 6 Wireless Router Tplink AX 10 AX 1500',2,717000,78870,'',0,0),(315,157,20,'0',339,381,'OK001','Ongkos Kirim',1,51000,5610,'',0,0),(316,157,20,'0',340,382,'BA001','Biaya Asuransi Pengiriman',1,9000,990,'',0,0),(317,157,20,'0',341,383,'BL001','Biaya Layanan',1,1000,110,'',0,0),(318,157,20,'0',342,384,'BJ001','Biaya Jasa Aplikasi',1,1000,110,'',0,0),(319,158,20,'0',343,385,'IJ003','kabel lan utp belden cat6 e/ cat 6 e kw (real 305 meter) - biru',1,1015000,111650,'',0,0),(320,158,20,'0',344,386,'AD001','Adaptor 19,5 V - 2.31 A Charger Laptop HP 14-bw-14-bw0xx 19.5v-2.31a',2,155700,17127,'',0,0),(321,158,20,'0',345,387,'OK001','Ongkos Kirim',1,48000,5280,'',0,0),(322,158,20,'0',346,388,'6208','Biaya Proteksi ',1,19800,2178,'',0,0),(323,158,20,'0',347,389,'BA001','Biaya Asuransi Pengiriman',1,8300,913,'',0,0),(324,158,20,'0',348,390,'BL001','Biaya Layanan',1,1000,110,'',0,0),(325,158,20,'0',349,391,'BJ001','Biaya Jasa Aplikasi',1,1000,110,'',0,0),(326,159,20,'0',350,392,'PJ002','Epson L3210 EcoTank All in One Ink Tank Printer (print, scan, copy) - tanpa tinta',1,1975000,217250,'',0,0),(327,159,20,'0',351,393,'6208','Biaya Proteksi ',1,48300,5313,'',0,0),(328,159,20,'0',352,394,'OK001','Ongkos Kirim',1,31000,3410,'',0,0),(329,159,20,'0',353,395,'BA001','Biaya Asuransi Pengiriman',1,12100,1331,'',0,0),(330,159,20,'0',354,396,'BP002','FixPrint Indonesia',1,32500,3575,'',0,0),(331,159,20,'0',355,397,'MS001','Multi Solution',1,310000,34100,'',0,0),(332,159,20,'0',356,398,'BL001','Biaya Layanan',1,1000,110,'',0,0),(333,159,20,'0',357,399,'BJ001','Biaya Jasa Aplikasi',1,1000,110,'',0,0),(334,160,20,'0',358,400,'ST004','Starlink Flat High Performance Kit',1,49000676,5390074,'',0,0);

--
-- Table structure for table `1_supp_trans`
--

CREATE TABLE `1_supp_trans` (
  `trans_no` int unsigned NOT NULL DEFAULT '0',
  `type` smallint unsigned NOT NULL DEFAULT '0',
  `supplier_id` int unsigned NOT NULL DEFAULT '0',
  `reference` tinytext CHARACTER SET utf8mb3 COLLATE utf8mb3_unicode_ci NOT NULL,
  `supp_reference` varchar(60) CHARACTER SET utf8mb3 COLLATE utf8mb3_unicode_ci NOT NULL DEFAULT '',
  `tran_date` date NOT NULL DEFAULT '0000-00-00',
  `due_date` date NOT NULL DEFAULT '0000-00-00',
  `ov_amount` double NOT NULL DEFAULT '0',
  `ov_discount` double NOT NULL DEFAULT '0',
  `ov_gst` double NOT NULL DEFAULT '0',
  `rate` double NOT NULL DEFAULT '1',
  `alloc` double NOT NULL DEFAULT '0',
  `tax_included` tinyint(1) NOT NULL DEFAULT '0',
  PRIMARY KEY (`type`,`trans_no`,`supplier_id`),
  KEY `supplier_id` (`supplier_id`),
  KEY `tran_date` (`tran_date`)
) ENGINE=InnoDB DEFAULT CHARSET=utf8mb3 COLLATE=utf8mb3_unicode_ci;

--
-- Dumping data for table `1_supp_trans`
--

INSERT INTO `1_supp_trans` (`trans_no`, `type`, `supplier_id`, `reference`, `supp_reference`, `tran_date`, `due_date`, `ov_amount`, `ov_discount`, `ov_gst`, `rate`, `alloc`, `tax_included`) VALUES (1,20,1,'1','INV155044586','2022-06-29','2022-06-29',0,0,0,1,0,0),(2,20,3,'2','INV/20220728/MPL/2525723104','2022-07-28','2022-07-28',0,0,0,1,0,0),(3,20,3,'2','INV/2020728/MPL/2525723104','2023-01-30','2023-01-30',0,0,0,1,0,0),(4,20,3,'2','INV/2020728/MPL/2525723104','2022-07-28','2022-07-28',10469700,0,0,1,10469700,0),(5,20,4,'3','220740000780','2022-07-27','2022-07-27',2717280,0,0,1,2717280,0),(6,20,3,'4','INV/20220801/MPL/2535984233','2022-08-01','2022-08-01',2026700,0,0,1,2026700,0),(7,20,3,'5','INV/20220730/MPL/2531696391','2022-08-01','2022-08-01',14161000,0,0,1,14161000,0),(8,20,2,'6','megalife','2023-01-30','2022-08-03',0,0,0,1,0,0),(9,20,2,'6','megalife','2022-08-03','2022-09-30',0,0,0,1,0,0),(10,20,2,'6','megalife','2022-08-03','2022-08-03',3000000,0,0,1,3000000,0),(11,20,3,'7','INV/20220803/MPL/2544674527','2022-08-03','2022-08-03',4742400,0,0,1,4742400,0),(12,20,5,'8','Megalife2','2022-08-04','2022-08-04',6000000,0,0,1,6000000,0),(13,20,6,'9','220805B5GGQYQ5','2022-08-05','2022-08-05',4959000,0,0,1,4959000,0),(14,20,2,'10','megalife2','2022-08-08','2022-08-08',0,0,0,1,0,0),(15,20,7,'11','megalife2','2022-08-08','2022-08-08',6500000,0,0,1,6500000,0),(16,20,2,'12','megalife2','2022-08-08','2022-08-08',5000000,0,0,1,5000000,0),(17,20,5,'13','megalife3','2022-08-08','2022-08-08',500000,0,0,1,500000,0),(18,20,8,'14','megalife4','2022-08-08','2022-08-08',1000000,0,0,1,1000000,0),(19,20,9,'15','megalife5','2022-08-08','2022-08-08',1000000,0,0,1,1000000,0),(20,20,3,'16','INV/20220808/MPL/2555974530','2022-08-08','2022-08-08',265000,0,0,1,265000,0),(21,20,3,'17','INV/20220808/MPL/2557741836','2022-08-08','2022-08-08',128000,0,0,1,128000,0),(22,20,3,'18','INV/20220808/MPL/2556440047','2022-08-08','2022-08-08',166000,0,0,1,166000,0),(23,20,2,'19','megalife6','2022-08-09','2022-08-09',3800000,0,0,1,3800000,0),(24,20,5,'20','megalife7','2022-08-09','2022-09-30',1000000,0,0,1,1000000,0),(25,20,10,'21','megalife8','2022-08-10','2022-08-10',3680000,0,0,1,3680000,0),(26,20,11,'22','megalife9','2022-08-10','2022-08-10',23320000,0,0,1,23320000,0),(27,20,5,'23','megalife9','2022-08-11','2022-08-11',1000000,0,0,1,1000000,0),(28,20,12,'24','megalife10','2022-08-12','2022-08-12',1500000,0,0,1,1500000,0),(29,20,2,'25','megalife11','2022-08-12','2022-08-12',2250000,0,0,1,2250000,0),(30,20,5,'26','megalife12','2022-08-15','2022-09-30',0,0,0,1,0,0),(31,20,5,'26','megalife12','2022-08-15','2022-08-15',1600000,0,0,1,1600000,0),(32,20,3,'27','INV/20220817/MPL/2581721247','2022-08-17','2022-08-17',9862100,0,0,1,9862100,0),(33,20,3,'28','INV/20220818/MPL/2583914000','2022-08-18','2022-08-18',24097000,0,0,1,24097000,0),(34,20,4,'29','220830004895','2022-08-22','2022-08-22',2717280,0,0,1,2717280,0),(35,20,3,'30','INV/2022/08/24/MPL/2598329129','2022-08-24','2022-08-24',10470700,0,0,1,10470700,0),(36,20,3,'31','INV/20220906/MPL/2635016521','2022-09-06','2022-09-06',2612500,0,0,1,2612500,0),(37,20,3,'32','INV/20220908/MPL/2639262184','2022-09-08','2022-09-08',715000,0,0,1,715000,0),(38,20,13,'33','1100000355128','2022-09-08','2022-09-08',1748250,0,0,1,1748250,0),(39,20,3,'34','INV/20220909/MPL/2641807595','2022-09-09','2022-09-09',1014000,0,0,1,1014000,0),(40,20,14,'35','RCAMJ58Q2H','2022-09-09','2022-09-09',4765000,0,0,1,4765000,0),(41,20,2,'36','megalife13','2022-09-12','2022-09-12',2000000,0,0,1,2000000,0),(42,20,12,'37','megalife13','2022-09-12','2022-09-12',1000000,0,0,1,1000000,0),(43,20,2,'38','megalife14','2022-09-13','2022-09-13',1177000,0,0,1,1177000,0),(44,20,4,'39','220930003752','2022-09-15','2022-09-15',2717280,0,0,1,2717280,0),(45,20,3,'40','INV/20220915/MPL/2658502686','2022-09-15','2022-09-15',373400,0,0,1,373400,0),(46,20,15,'41','megalife15','2022-09-19','2022-09-19',1400000,0,0,1,1400000,0),(47,20,16,'42','1483049','2022-09-21','2022-09-21',165910,0,0,1,165910,0),(48,20,17,'43','009668','2022-10-11','2022-10-11',5500000,0,0,1,5500000,0),(49,20,18,'44','dge102022','2022-10-12','2022-10-12',4950000,0,0,1,4950000,0),(50,20,5,'45','megalife102022','2022-10-12','2022-10-12',1000000,0,0,1,1000000,0),(51,20,15,'46','megalife13102022','2022-10-13','2022-10-13',0,0,0,1,0,0),(52,20,15,'46','megalife13102022','2022-10-13','2022-10-13',1923000,0,0,1,1923000,0),(53,20,13,'47','1100000355128-13-10-2022','2022-10-13','2022-10-13',0,0,0,1,0,0),(54,20,19,'48','Unair14102022','2022-10-14','2022-10-14',20560800,0,0,1,20560800,0),(55,20,13,'49','1100000355128-13-10-2022','2022-10-13','2022-10-13',915750,0,0,1,915750,0),(56,20,3,'50','INV/20221015/MPL/2738677079','2022-10-15','2022-10-15',1107148,0,0,1,1107148,0),(57,20,4,'51','221030004307','2022-10-24','2022-10-24',2717280,0,0,1,2717280,0),(58,20,18,'52','dge28102022','2022-10-28','2022-10-28',10420700,0,0,1,10420700,0),(59,20,18,'53','dge09092022','2022-09-09','2022-09-09',4950000,0,0,1,4950000,0),(60,20,18,'54','dge29092022','2022-09-29','2022-09-29',10420700,0,0,1,10420700,0),(61,20,8,'55','diknas31102022','2022-10-31','2022-10-31',350000,0,0,1,350000,0),(62,20,20,'56','bkhm01112022','2022-11-01','2022-11-01',0,0,0,1,0,0),(63,20,3,'57','IVR/20221101/XXII/XI/1399851275','2022-11-01','2022-11-01',160000,0,0,1,160000,0),(64,20,21,'58','diknas02092022','2022-09-02','2022-09-02',0,0,0,1,0,0),(65,20,21,'59','diknas18082022','2022-08-18','2022-08-18',0,0,0,1,0,0),(66,20,13,'60','110000035512804112022','2022-11-04','2022-11-04',915750,0,0,1,915750,0),(67,20,18,'61','dge09112022','2022-11-09','2022-11-09',4950000,0,0,1,4950000,0),(68,20,15,'62','diknas09112022','2022-11-09','2022-11-09',20000000,0,0,1,20000000,0),(69,20,17,'63','dge09112022','2022-11-09','2022-11-09',7500000,0,0,1,7500000,0),(70,20,22,'64','BM-20221110-008','2022-11-11','2022-11-11',4050000,0,445500,1,4495500,0),(71,20,15,'65','diknas14112022','2022-11-14','2022-11-14',4843000,0,0,1,4843000,0),(72,20,23,'66','IVIP49255083','2022-11-15','2022-11-15',1000000,0,0,1,1000000,0),(73,20,15,'67','diknas17112022','2022-11-17','2022-11-17',8500000,0,0,1,8500000,0),(74,20,3,'68','INV/20221118/MPL/2829087223','2022-11-18','2022-11-18',31660100,0,0,1,31660100,0),(75,20,15,'69','dge21112022','2022-11-21','2022-11-21',2000000,0,0,1,2000000,0),(76,20,15,'70','diknas23112022','2022-11-23','2022-11-23',2500000,0,0,1,2500000,0),(77,20,4,'71','221130004058','2022-11-23','2022-11-23',2717280,0,0,1,2717280,0),(78,20,3,'72','INV/20221123/MPL/2840902280','2022-11-23','2022-11-23',1366500,0,0,1,1366500,0),(79,20,18,'73','dge25112022','2022-11-25','2022-11-25',10420700,0,0,1,10420700,0),(80,20,15,'74','diknas25112022','2022-11-25','2022-11-25',2500000,0,0,1,2500000,0),(81,20,19,'75','unair25112022','2022-11-25','2022-11-25',20560811,0,0,1,20560811,0),(82,20,24,'76','diknas29112022','2022-11-29','2022-11-29',2500000,0,0,1,2500000,0),(83,20,25,'77','diknas29112022','2022-11-29','2022-11-29',1500000,0,0,1,1500000,0),(84,20,3,'78','INV/20221130/MPL/2859546917','2022-11-30','2022-11-30',2290600,0,0,1,2290600,0),(85,20,25,'79','diknas02122022','2022-12-02','2022-12-02',3000000,0,0,1,3000000,0),(86,20,20,'80','Diknas08122022','2022-12-08','2022-12-08',0,0,0,1,0,0),(87,20,18,'81','dge09122022','2022-12-09','2022-12-09',9705315,0,0,1,9705315,0),(88,20,26,'82','10','2022-12-09','2022-12-09',9600000,0,0,1,9600000,0),(89,20,22,'83','20221126/7941/3100393924','2022-12-09','2022-12-09',1700000,0,187000,1,1887000,0),(90,20,18,'84','dge14122022','2022-12-14','2022-12-14',15184800,0,0,1,15184800,0),(91,20,15,'85','dge15122022','2022-12-15','2022-12-15',1745000,0,0,1,1745000,0),(92,20,21,'86','diknas21122022','2022-12-21','2022-12-21',0,0,0,1,0,0),(93,20,5,'87','mega25082022','2022-08-25','2022-08-25',1000000,0,0,1,1000000,0),(94,20,20,'88','bkhm01112022','2022-11-01','2022-11-01',41013000,0,0,1,41013000,0),(95,20,2,'89','mega29062022','2022-06-29','2022-06-29',0,0,0,1,0,0),(96,20,21,'90','diknas26122022','2022-12-26','2022-12-26',0,0,0,1,0,0),(97,20,21,'91','diknas23122022','2022-12-23','2022-12-23',0,0,0,1,0,0),(98,20,20,'92','Diknas08122022','2022-12-08','2022-12-08',27300000,0,0,1,27300000,0),(99,20,20,'93','diknas27102022','2022-10-27','2022-10-27',20527027,0,0,1,20527027,0),(100,20,20,'94','diknas26122022','2022-12-26','2022-12-26',20369572,0,0,1,20369572,0),(101,20,21,'95','diknas28072022','2022-07-28','2022-07-28',0,0,0,1,0,0),(102,20,21,'96','diknas04102022','2022-10-04','2022-10-04',27342000,0,0,1,27342000,0),(103,20,21,'97','diknas08122022','2022-12-08','2022-12-08',0,0,0,1,0,0),(104,20,21,'98','diknas22122022','2022-12-22','2022-12-22',250000000,0,0,1,250000000,0),(105,20,21,'99','diknas23122022-1','2022-12-23','2022-12-23',170000000,0,0,1,170000000,0),(106,20,21,'100','diknas23122022-2','2022-12-23','2022-12-23',200000000,0,0,1,200000000,0),(107,20,21,'101','diknas26122022-1','2022-12-26','2022-12-26',720000000,0,0,1,720000000,0),(108,20,4,'102','221230004604','2022-12-26','2022-12-26',2717280,0,0,1,2717280,0),(109,20,15,'103','diknas29122022','2022-12-29','2022-12-29',27140500,0,0,1,27140500,0),(110,20,22,'104','20221226/1386/3100393924','2022-12-29','2022-12-29',1700000,0,187000,1,1887000,0),(111,20,13,'105','1100000355128-3','2022-12-29','2022-12-29',915750,0,0,1,915750,0),(112,20,17,'106','0561/JL/UTM/0722','2022-07-05','2022-07-05',0,0,0,1,0,0),(113,20,17,'107','0564/JL/UTM/0722','2022-07-06','2022-07-06',0,0,0,1,0,0),(114,20,17,'108','0565/JL/UTM/0722','2022-07-12','2022-07-12',0,0,0,1,0,0),(115,20,17,'109','0570/JL/UTM/0722','2022-07-15','2022-07-15',0,0,0,1,0,0),(116,20,3,'110','INV/20220729/MPL/2528243706','2022-07-29','2022-07-29',0,0,0,1,0,0),(117,20,27,'111','IP-ADD/22/07/S3202','2022-07-29','2022-07-29',10500000,0,1155000,1,11655000,0),(118,20,27,'112','OTR/22/07/S3203','2022-07-22','2022-07-22',5000000,0,550000,1,5550000,0),(119,20,3,'113','INV/20220719/MPL/2499866960','2022-07-19','2022-07-19',0,0,0,1,0,0),(120,20,1,'113','INV159033674','2022-07-25','2022-07-25',1348111,0,148292,1,1496403,0),(121,20,1,'114','INV155044586','2022-06-29','2022-06-29',2210126,0,243114,1,2453240,0),(122,20,3,'115','INV/20220729/MPL/2528243706','2022-07-29','2022-07-29',0,0,0,1,0,0),(123,20,3,'116','INV/20220722/MPL/2507772360','2022-07-22','2022-07-22',0,0,0,1,0,0),(124,20,3,'117','INV/20220717/MPL/2495009008','2022-07-17','2022-07-17',0,0,0,1,0,0),(125,20,28,'118','4979/RIA J/01','2022-07-19','2022-07-19',0,0,0,1,0,0),(126,20,21,'119','diknas13082022','2022-08-13','2022-08-13',0,0,0,1,0,0),(127,20,21,'120','diknas18082022','2022-08-18','2022-08-18',0,0,0,1,0,0),(128,20,21,'121','diknas02092022','2022-09-02','2022-09-02',0,0,0,1,0,0),(129,20,1,'122','INV166099483','2022-09-11','2022-09-11',0,0,0,1,0,0),(130,20,1,'122','INV166099483','2022-09-11','2022-09-11',6025655,0,662822,1,6688477,0),(131,20,1,'123','INV168915056','2022-09-30','2022-09-30',1575585,0,173314,1,1748899,0),(132,20,1,'124','INV170643932','2022-10-11','2022-10-11',6155240,0,677076,1,6832316,0),(133,20,1,'125','INV173497025','2022-10-30','2022-10-30',1630075,0,179308,1,1809383,0),(134,20,1,'126','INV175067066','2022-11-11','2022-11-11',5324792,0,585727,1,5910519,0),(135,20,1,'127','INV179499359','2022-12-11','2022-12-11',1017158,0,111887,1,1129045,0),(136,20,1,'128','INV180640012','2022-12-20','2022-12-20',1749592,0,192455,1,1942047,0),(137,20,21,'129','diknas13082022','2022-08-13','2022-08-13',59224636,0,0,1,59224636,0),(138,20,21,'130','diknas18082022','2022-08-18','2022-08-18',187274982,0,0,1,187274982,0),(139,20,21,'131','diknas02092022','2022-09-02','2022-09-02',115375500,0,0,1,115375500,0),(140,20,21,'132','diknas08122022','2022-12-08','2022-12-08',46292402,0,0,1,46292402,0),(141,20,21,'133','diknas23122022','2022-12-23','2022-12-23',76130000,0,0,1,76130000,0),(142,20,21,'134','diknas26122022','2022-12-26','2022-12-26',99047545,0,0,1,99047545,0),(143,20,3,'135','INV/20240102/MPL/3658129405','2024-01-02','2024-01-02',0,0,0,1,0,0),(144,20,3,'135','INV/20220729/MPL/2528243706','2024-01-02','2024-01-02',199247,0,0,1,199247,0),(145,20,54,'136','01/01/2024','2024-01-01','2024-03-01',450000,0,0,1,450000,0),(146,20,55,'137','O-0237-9474','2024-01-04','2024-03-01',68000,0,0,1,68000,0),(147,20,29,'138','MLD/INV/2024/I/009','2024-01-04','2024-03-01',0,0,0,1,0,0),(148,20,29,'138','MLD/INV/2024/I/009','2024-01-04','2024-03-01',5200000,0,572000,1,5772000,0),(149,20,39,'139','500140/FNI.INV.KMY/I/2024','2024-01-04','2024-03-01',4500000,0,495000,1,4995000,0),(150,20,29,'140','MLD/INV/2024/I/008','2024-01-04','2024-03-01',16600000,0,1826000,1,18426000,0),(151,20,3,'141','IVR/20240105/XXIV/I/1893519639','2024-01-05','2024-01-05',50000,0,0,1,50000,0),(152,20,3,'142','INV/20231222/MPL/3638612787','2023-12-22','2023-12-22',503000,0,0,1,503000,0),(153,20,3,'143','INV/20231215/MPL/3626125711','2023-12-15','2023-12-15',173100,0,0,1,173100,0),(154,20,3,'144','INV/20231129/MPL/3592465569','2022-11-29','2022-11-29',226500,0,0,1,226500,0),(155,20,3,'145','INV/20231128/MPL/3590696637','2022-11-28','2022-11-28',2159000,0,0,1,2159000,0),(156,20,3,'146','INV/20231124/MPL/3582287373','2022-11-24','2022-11-24',938650,0,0,1,938650,0),(157,20,3,'147','INV/20231031/MPL/3538401961','2023-10-31','2023-10-31',1496000,0,0,1,1496000,0),(158,20,3,'148','INV/20231020/MOL/3519919635','2023-10-20','2023-10-20',1404500,0,0,1,1404500,0),(159,20,3,'149','INV/20231016/MPL/3512203735','2024-01-19','2024-01-19',2410900,0,0,1,2410900,0),(160,20,57,'150','Invoice ST/JX/LE/2312-313','2024-02-12','2024-03-30',49000676,0,5390074,1,54390750,0),(1,22,2,'1','','2022-06-23','2022-06-23',0,0,0,1,0,0),(2,22,2,'2','','2022-06-25','2022-06-25',0,0,0,1,0,0),(3,22,1,'3','','2022-06-29','2022-06-29',0,0,0,1,0,0),(4,22,2,'4','','2022-06-02','2022-06-02',0,0,0,1,0,0),(5,22,2,'5','','2022-06-29','2022-06-29',0,0,0,1,0,0),(6,22,2,'5','','2022-06-29','2022-06-29',0,0,0,1,0,0),(7,22,2,'6','','2022-07-04','2022-07-04',0,0,0,1,0,0),(8,22,2,'7','','2022-06-02','2022-06-02',0,0,0,1,0,0),(9,22,2,'8','','2022-06-29','2022-06-29',0,0,0,1,0,0),(10,22,1,'9','','2022-06-29','2022-06-29',0,0,0,1,0,0),(11,22,2,'10','','2022-06-29','2022-06-29',0,0,0,1,0,0),(12,22,3,'11','','2022-07-28','2022-07-28',-10469700,0,0,1,10469700,0),(13,22,4,'12','','2022-07-27','2022-07-27',-2717280,0,0,1,2717280,0),(14,22,3,'13','','2022-08-01','2022-08-01',-2026700,0,0,1,2026700,0),(15,22,3,'14','','2022-08-01','2022-08-01',-14161000,0,0,1,14161000,0),(16,22,2,'15','','2022-08-03','2022-08-03',-3000000,0,0,1,3000000,0),(17,22,3,'16','','2022-08-03','2022-08-03',-4742400,0,0,1,4742400,0),(18,22,5,'17','','2022-08-04','2022-08-04',-6000000,0,0,1,6000000,0),(19,22,6,'18','','2022-08-05','2022-08-05',-4959000,0,0,1,4959000,0),(20,22,2,'19','','2022-08-08','2022-08-08',0,0,0,1,0,0),(21,22,7,'20','','2022-08-08','2022-08-08',0,0,0,1,0,0),(22,22,7,'20','','2023-01-31','2023-01-31',0,0,0,1,0,0),(23,22,7,'20','','2022-08-08','2022-08-08',-6500000,0,0,1,6500000,0),(24,22,2,'21','','2022-08-08','2022-08-08',-5000000,0,0,1,5000000,0),(25,22,5,'22','','2022-08-08','2022-08-08',-500000,0,0,1,500000,0),(26,22,8,'23','','2022-08-08','2022-08-08',-1000000,0,0,1,1000000,0),(27,22,9,'24','','2022-08-08','2022-08-08',-1000000,0,0,1,1000000,0),(28,22,3,'25','','2022-08-08','2022-08-08',-265000,0,0,1,265000,0),(29,22,3,'26','','2022-08-08','2022-08-08',-128000,0,0,1,128000,0),(30,22,3,'27','','2022-08-08','2022-08-08',-166000,0,0,1,166000,0),(31,22,2,'28','','2022-08-09','2022-08-09',-3800000,0,0,1,3800000,0),(32,22,5,'29','','2022-08-09','2022-08-09',-1000000,0,0,1,1000000,0),(33,22,10,'30','','2022-08-10','2022-08-10',-3680000,0,0,1,3680000,0),(34,22,11,'31','','2022-08-10','2022-08-10',-23320000,0,0,1,23320000,0),(35,22,5,'32','','2022-08-11','2022-08-11',-1000000,0,0,1,1000000,0),(36,22,12,'33','','2022-08-12','2022-08-12',-1500000,0,0,1,1500000,0),(37,22,2,'34','','2022-08-12','2022-08-12',-2250000,0,0,1,2250000,0),(38,22,5,'35','','2022-08-15','2022-08-15',0,0,0,1,0,0),(39,22,5,'35','','2022-08-15','2022-08-15',-1600000,0,0,1,1600000,0),(40,22,3,'36','','2022-08-17','2022-08-17',-9862100,0,0,1,9862100,0),(41,22,3,'37','','2022-08-18','2022-08-18',0,0,0,1,0,0),(42,22,4,'38','','2022-08-22','2022-08-22',-2717280,0,0,1,2717280,0),(43,22,3,'39','','2022-08-24','2022-08-24',-10470700,0,0,1,10470700,0),(44,22,3,'40','','2022-09-06','2022-09-06',-2612500,0,0,1,2612500,0),(45,22,3,'41','','2022-09-08','2022-09-08',-715000,0,0,1,715000,0),(46,22,13,'42','','2022-09-08','2022-09-08',-1748250,0,0,1,1748250,0),(47,22,3,'43','','2022-09-09','2022-09-09',-1014000,0,0,1,1014000,0),(48,22,14,'44','','2022-09-09','2022-09-09',-4765000,0,0,1,4765000,0),(49,22,2,'45','','2022-09-12','2022-09-12',-2000000,0,0,1,2000000,0),(50,22,12,'46','','2022-09-12','2022-09-12',-1000000,0,0,1,1000000,0),(51,22,2,'47','','2022-09-13','2022-09-13',-1177000,0,0,1,1177000,0),(52,22,4,'48','','2022-09-15','2022-09-15',-2717280,0,0,1,2717280,0),(53,22,3,'49','','2022-09-15','2022-09-15',-373400,0,0,1,373400,0),(54,22,15,'50','','2022-09-19','2022-09-19',-1400000,0,0,1,1400000,0),(55,22,16,'51','','2022-09-21','2022-09-21',-165910,0,0,1,165910,0),(56,22,17,'52','','2022-10-11','2022-10-11',-5500000,0,0,1,5500000,0),(57,22,18,'53','','2022-10-12','2022-10-12',-4950000,0,0,1,4950000,0),(58,22,5,'54','','2022-10-12','2022-10-12',-1000000,0,0,1,1000000,0),(59,22,15,'55','','2022-10-13','2022-10-13',-1923000,0,0,1,1923000,0),(60,22,13,'56','','2022-10-13','2022-10-13',0,0,0,1,0,0),(61,22,19,'57','','2022-10-14','2022-10-14',-20560800,0,0,1,20560800,0),(62,22,13,'58','','2022-10-13','2022-10-13',-915750,0,0,1,915750,0),(63,22,3,'59','','2022-10-15','2022-10-15',-1107148,0,0,1,1107148,0),(64,22,4,'60','','2022-10-24','2022-10-24',-2717280,0,0,1,2717280,0),(65,22,18,'61','','2022-10-28','2022-10-28',-10420700,0,0,1,10420700,0),(66,22,18,'62','','2022-09-09','2022-09-09',-4950000,0,0,1,4950000,0),(67,22,18,'63','','2022-09-29','2022-09-29',-10420700,0,0,1,10420700,0),(68,22,8,'64','','2022-10-31','2022-10-31',-350000,0,0,1,350000,0),(69,22,20,'65','','2022-11-01','2022-11-01',0,0,0,1,0,0),(70,22,3,'66','','2022-11-01','2022-11-01',-160000,0,0,1,160000,0),(71,22,21,'67','','2022-09-02','2022-09-02',0,0,0,1,0,0),(72,22,21,'68','','2022-08-18','2022-08-18',0,0,0,1,0,0),(73,22,13,'69','','2022-11-04','2022-11-04',-915750,0,0,1,915750,0),(74,22,18,'70','','2022-11-09','2022-11-09',-4950000,0,0,1,4950000,0),(75,22,15,'71','','2022-11-09','2022-11-09',-20000000,0,0,1,20000000,0),(76,22,17,'72','','2022-11-09','2022-11-09',-7500000,0,0,1,7500000,0),(77,22,22,'73','','2022-11-11','2022-11-11',-4436500,-59000,0,1,4495500,0),(78,22,15,'74','','2022-11-14','2022-11-14',-4843000,0,0,1,4843000,0),(79,22,23,'75','','2022-11-15','2022-11-15',-1000000,0,0,1,1000000,0),(80,22,15,'76','','2022-11-17','2022-11-17',-8500000,0,0,1,8500000,0),(81,22,3,'77','','2022-11-18','2022-11-18',-31660100,0,0,1,31660100,0),(82,22,15,'78','','2022-11-21','2022-11-21',-2000000,0,0,1,2000000,0),(83,22,15,'79','','2022-11-23','2022-11-23',-2500000,0,0,1,2500000,0),(84,22,4,'80','','2022-11-23','2022-11-23',-2717280,0,0,1,2717280,0),(85,22,3,'81','','2022-11-23','2022-11-23',-1366500,0,0,1,1366500,0),(86,22,18,'82','','2022-11-25','2022-11-25',-10420700,0,0,1,10420700,0),(87,22,15,'83','','2022-11-25','2022-11-25',-2500000,0,0,1,2500000,0),(88,22,19,'84','','2022-12-25','2022-12-25',0,0,0,1,0,0),(89,22,19,'84','','2022-11-25','2022-11-25',-20560811,0,0,1,20560811,0),(90,22,24,'85','','2022-11-29','2022-11-29',-2500000,0,0,1,2500000,0),(91,22,25,'86','','2022-11-29','2022-11-29',-1500000,0,0,1,1500000,0),(92,22,3,'87','','2022-11-30','2022-11-30',-2290600,0,0,1,2290600,0),(93,22,25,'88','','2022-12-02','2022-12-02',-3000000,0,0,1,3000000,0),(94,22,20,'89','','2022-12-08','2022-12-08',0,0,0,1,0,0),(95,22,20,'89','','2022-12-08','2022-12-08',0,0,0,1,0,0),(96,22,18,'90','','2022-12-09','2022-12-09',-9705315,0,0,1,9705315,0),(97,22,26,'91','','2022-12-09','2022-12-09',-9600000,0,0,1,9600000,0),(98,22,22,'92','','2022-12-09','2022-12-09',-1887000,0,0,1,1887000,0),(99,22,18,'93','','2022-12-14','2022-12-14',-15184800,0,0,1,15184800,0),(100,22,15,'94','','2022-12-15','2022-12-15',-1745000,0,0,1,1745000,0),(101,22,21,'95','','2022-12-21','2022-12-21',0,0,0,1,0,0),(102,22,5,'96','','2022-08-25','2022-08-25',-1000000,0,0,1,1000000,0),(103,22,20,'97','','2022-11-01','2022-11-01',-41013000,0,0,1,41013000,0),(104,22,2,'98','','2022-06-29','2022-06-29',0,0,0,1,0,0),(105,22,3,'99','','2022-08-18','2022-08-18',-24097000,0,0,1,24097000,0),(106,22,21,'100','','2022-12-26','2022-12-26',0,0,0,1,0,0),(107,22,21,'101','','2022-12-23','2022-12-23',0,0,0,1,0,0),(108,22,20,'102','','2022-12-08','2022-12-08',0,0,0,1,0,0),(109,22,21,'103','','2022-12-21','2022-12-21',0,0,0,1,0,0),(110,22,20,'102','','2022-12-08','2022-12-08',-27300000,0,0,1,27300000,0),(111,22,20,'103','','2022-10-27','2022-10-27',-20527027,0,0,1,20527027,0),(112,22,20,'104','','2022-12-26','2022-12-26',-20369572,0,0,1,20369572,0),(113,22,21,'105','','2022-07-28','2022-07-28',0,0,0,1,0,0),(114,22,21,'106','','2022-10-04','2022-10-04',-27342000,0,0,1,27342000,0),(115,22,21,'107','','2022-12-08','2022-12-08',0,0,0,1,0,0),(116,22,21,'108','','2022-12-22','2022-12-22',-250000000,0,0,1,250000000,0),(117,22,21,'109','','2022-12-23','2022-12-23',-170000000,0,0,1,170000000,0),(118,22,21,'110','','2022-12-23','2022-12-23',-200000000,0,0,1,200000000,0),(119,22,21,'111','','2022-12-26','2022-12-26',-720000000,0,0,1,720000000,0),(120,22,4,'112','','2022-12-26','2022-12-26',-2717280,0,0,1,2717280,0),(121,22,15,'113','','2022-12-29','2022-12-29',-27140500,0,0,1,27140500,0),(122,22,22,'114','','2022-12-30','2022-12-30',-1887000,0,0,1,1887000,0),(123,22,13,'115','','2022-12-29','2022-12-29',-915750,0,0,1,915750,0),(124,22,17,'116','','2022-07-05','2022-07-05',0,0,0,1,0,0),(125,22,17,'117','','2022-07-27','2022-07-27',0,0,0,1,0,0),(126,22,17,'118','','2022-07-12','2022-07-12',0,0,0,1,0,0),(127,22,17,'119','','2022-07-28','2022-07-28',0,0,0,1,0,0),(128,22,3,'120','','2022-07-29','2022-07-29',0,0,0,1,0,0),(129,22,27,'121','','2022-07-29','2022-07-29',-11655000,0,0,1,11655000,0),(130,22,27,'122','','2022-07-22','2022-07-22',-5550000,0,0,1,5550000,0),(131,22,3,'123','','2022-07-19','2022-07-19',0,0,0,1,0,0),(132,22,1,'123','','2022-07-25','2022-07-25',-1496403,0,0,1,1496403,0),(133,22,1,'124','','2022-06-29','2022-06-29',-2453240,0,0,1,2453240,0),(134,22,3,'125','','2022-07-29','2022-07-29',0,0,0,1,0,0),(135,22,3,'126','','2022-07-22','2022-07-22',0,0,0,1,0,0),(136,22,3,'127','','2022-07-17','2022-07-17',0,0,0,1,0,0),(137,22,28,'128','','2022-07-19','2022-07-19',0,0,0,1,0,0),(138,22,21,'129','','2022-08-13','2022-08-13',0,0,0,1,0,0),(139,22,21,'130','','2022-08-18','2022-08-18',0,0,0,1,0,0),(140,22,21,'131','','2022-09-02','2022-09-02',0,0,0,1,0,0),(141,22,1,'132','','2022-09-11','2022-09-11',0,0,0,1,0,0),(142,22,1,'132','','2022-09-11','2022-09-11',-6688477,0,0,1,6688477,0),(143,22,1,'133','','2022-09-30','2022-09-30',-1748899,0,0,1,1748899,0),(144,22,1,'134','','2022-10-11','2022-10-11',-6832316,0,0,1,6832316,0),(145,22,1,'135','','2022-10-30','2022-10-30',-1809383,0,0,1,1809383,0),(146,22,1,'136','','2022-11-11','2022-11-11',-5910519,0,0,1,5910519,0),(147,22,1,'137','','2022-12-11','2022-12-11',-1129045,0,0,1,1129045,0),(148,22,1,'138','','2022-12-20','2022-12-20',-1942047,0,0,1,1942047,0),(149,22,21,'139','','2022-08-13','2022-08-13',-59224636,0,0,1,59224636,0),(150,22,21,'140','','2022-08-18','2022-08-18',-187274982,0,0,1,187274982,0),(151,22,21,'141','','2022-09-02','2022-09-02',-115375500,0,0,1,115375500,0),(152,22,21,'142','','2022-12-08','2022-12-08',-46292402,0,0,1,46292402,0),(153,22,21,'143','','2022-12-23','2022-12-23',-76130000,0,0,1,76130000,0),(154,22,21,'144','','2022-12-26','2022-12-26',-99047545,0,0,1,99047545,0),(155,22,3,'145','','2024-01-02','2024-01-02',-183341,0,0,1,0,0),(156,22,3,'146','','2024-01-02','2024-01-02',-199247,0,0,1,199247,0),(157,22,3,'147','','2024-01-03','2024-01-03',-174247,-25000,0,1,0,0),(158,22,54,'148','','2024-01-01','2024-01-01',-450000,0,0,1,450000,0),(159,22,54,'149','','2024-01-01','2024-01-01',-450000,0,0,1,0,0),(160,22,55,'150','','2024-01-04','2024-01-04',-68000,0,0,1,68000,0),(161,22,55,'151','','2024-01-04','2024-01-04',-68000,0,0,1,0,0),(162,22,29,'152','','2024-01-04','2024-01-04',-5772000,0,0,1,5772000,0),(163,22,29,'153','','2023-04-30','2023-04-30',-10545000,0,0,1,10545000,0),(164,22,29,'154','','2023-08-31','2023-08-31',-888000,0,0,1,888000,0),(165,22,29,'155','','2022-10-26','2022-10-26',-888000,0,0,1,888000,0),(166,22,29,'156','','2024-01-04','2024-01-04',-5772000,0,0,1,0,0),(167,22,39,'157','','2024-01-04','2024-01-04',-4995000,0,0,1,4995000,0),(168,22,39,'158','','2023-09-21','2023-09-21',-7215000,0,0,1,7215000,0),(169,22,39,'500140/FNI.INV.KMY/I/2024','','2024-01-04','2024-01-04',-4995000,0,0,1,0,0),(170,22,29,'159','','2024-01-04','2024-01-04',-18426000,0,0,1,18426000,0),(171,22,3,'160','','2024-01-05','2024-01-05',-50000,0,0,1,50000,0),(172,22,3,'161','','2023-12-22','2023-12-22',-503000,0,0,1,503000,0),(173,22,3,'162','','2023-12-22','2023-12-22',-503000,0,0,1,0,0),(174,22,3,'163','','2023-12-15','2023-12-15',-173100,0,0,1,173100,0),(175,22,3,'164','','2023-12-15','2023-12-15',-173100,0,0,1,0,0),(176,22,3,'165','','2022-11-29','2022-11-29',-226500,0,0,1,226500,0),(177,22,3,'166','','2022-11-28','2022-11-28',-2159000,0,0,1,2159000,0),(178,22,3,'167','','2022-11-24','2022-11-24',-938650,0,0,1,938650,0),(179,22,3,'168','','2023-10-31','2023-10-31',-1496000,0,0,1,1496000,0),(180,22,3,'169','','2023-10-20','2023-10-20',-1404500,0,0,1,1404500,0),(181,22,3,'170','','2023-10-20','2023-10-20',-1404500,0,0,1,0,0),(182,22,3,'171','','2024-01-19','2024-01-19',-2410900,0,0,1,2410900,0),(183,22,3,'172','','2024-01-19','2024-01-19',-2410900,0,0,1,0,0),(184,22,57,'Invoice ST/JX/LE/2312-313','','2024-02-12','2024-02-12',-54390750,0,0,1,0,0),(185,22,57,'173','','2024-02-12','2024-02-12',-54390750,0,0,1,54390750,0),(186,22,57,'174','','2024-02-12','2024-02-12',-54390750,0,0,1,0,0);

--
-- Table structure for table `1_suppliers`
--

CREATE TABLE `1_suppliers` (
  `supplier_id` int NOT NULL AUTO_INCREMENT,
  `supp_name` varchar(60) CHARACTER SET utf8mb3 COLLATE utf8mb3_unicode_ci NOT NULL DEFAULT '',
  `supp_ref` varchar(30) CHARACTER SET utf8mb3 COLLATE utf8mb3_unicode_ci NOT NULL DEFAULT '',
  `address` tinytext CHARACTER SET utf8mb3 COLLATE utf8mb3_unicode_ci NOT NULL,
  `supp_address` tinytext CHARACTER SET utf8mb3 COLLATE utf8mb3_unicode_ci NOT NULL,
  `gst_no` varchar(25) CHARACTER SET utf8mb3 COLLATE utf8mb3_unicode_ci NOT NULL DEFAULT '',
  `contact` varchar(60) CHARACTER SET utf8mb3 COLLATE utf8mb3_unicode_ci NOT NULL DEFAULT '',
  `supp_account_no` varchar(40) CHARACTER SET utf8mb3 COLLATE utf8mb3_unicode_ci NOT NULL DEFAULT '',
  `website` varchar(100) CHARACTER SET utf8mb3 COLLATE utf8mb3_unicode_ci NOT NULL DEFAULT '',
  `bank_account` varchar(60) CHARACTER SET utf8mb3 COLLATE utf8mb3_unicode_ci NOT NULL DEFAULT '',
  `curr_code` char(3) CHARACTER SET utf8mb3 COLLATE utf8mb3_unicode_ci DEFAULT NULL,
  `payment_terms` int DEFAULT NULL,
  `tax_included` tinyint(1) NOT NULL DEFAULT '0',
  `dimension_id` int DEFAULT '0',
  `dimension2_id` int DEFAULT '0',
  `tax_group_id` int DEFAULT NULL,
  `credit_limit` double NOT NULL DEFAULT '0',
  `purchase_account` varchar(15) CHARACTER SET utf8mb3 COLLATE utf8mb3_unicode_ci NOT NULL DEFAULT '',
  `payable_account` varchar(15) CHARACTER SET utf8mb3 COLLATE utf8mb3_unicode_ci NOT NULL DEFAULT '',
  `payment_discount_account` varchar(15) CHARACTER SET utf8mb3 COLLATE utf8mb3_unicode_ci NOT NULL DEFAULT '',
  `notes` tinytext CHARACTER SET utf8mb3 COLLATE utf8mb3_unicode_ci NOT NULL,
  `inactive` tinyint(1) NOT NULL DEFAULT '0',
  PRIMARY KEY (`supplier_id`),
  KEY `supp_ref` (`supp_ref`)
) ENGINE=InnoDB AUTO_INCREMENT=74 DEFAULT CHARSET=utf8mb3 COLLATE=utf8mb3_unicode_ci;

--
-- Dumping data for table `1_suppliers`
--

INSERT INTO `1_suppliers` (`supplier_id`, `supp_name`, `supp_ref`, `address`, `supp_address`, `gst_no`, `contact`, `supp_account_no`, `website`, `bank_account`, `curr_code`, `payment_terms`, `tax_included`, `dimension_id`, `dimension2_id`, `tax_group_id`, `credit_limit`, `purchase_account`, `payable_account`, `payment_discount_account`, `notes`, `inactive`) VALUES (1,'Zoom Video Communication Inc','Zoom','Zoom Video Communications Inc.\r\n55 Almaden Blvd, 6th Floor\r\nSan Jose, CA 95113','Zoom Video Communications Inc.\r\n55 Almaden Blvd, 6th Floor\r\nSan Jose, CA 95113','02.162.904.3-053.000','','','www.zoom.us','Credit Card','IDR',2,0,0,0,1,0,'5101','2100','7103','',0),(2,'Eko Mulyono','Pak Eko','','','','','','','','IDR',2,0,0,0,2,0,'5101','2100','7103','',0),(3,'Tokopedia','Tokopedia','','','','','','tokopedia.com','BCA Virtual Akun','IDR',4,0,0,0,2,0,'5101','2100','7103','',0),(4,'PT. Trans Indonesia Superkoridor','TIS IDPlay','','','85.292.139.4-043.000','','16035919','','BCA Virtual Account','IDR',2,0,0,0,2,0,'5101','2100','7103','',0),(5,'Reza','Reza','','','','','','','','IDR',2,0,0,0,2,0,'','2100','7103','',0),(6,'Shopee','Shopee','','','','','','shopee.co.id','','IDR',2,0,0,0,2,0,'5101','2100','7103','',0),(7,'Dwiyono','Dwiyono','','','','','','','','IDR',2,0,0,0,2,0,'5101','2100','7103','',0),(8,'Krishna Adi Ramadhan','Krishna ','','','','','','','','IDR',2,0,0,0,2,0,'5101','2100','7103','',0),(9,'Burhanul Arifin','Burhan','','','','','','','','IDR',2,0,0,0,2,0,'','2100','7103','',0),(10,'Elen Ekawaty','Elen Ekawaty','','','','','','','','IDR',2,0,0,0,2,0,'1420','2100','7103','',0),(11,'Yulia Citra','Lia','','','','','','','','IDR',2,0,0,0,2,0,'5102','2100','7103','',0),(12,'Mulyani','Mulyani','','','','','','','','IDR',2,0,0,0,2,0,'5101','2100','7103','',0),(13,'Biznet Home','Biznet Home','','','','','','','','IDR',2,0,0,0,2,0,'5101','2100','7103','',0),(14,'AirBnB','AirBnB','','','','','','','','IDR',2,0,0,0,2,0,'6100','2100','7103','',0),(15,'Geri Tapusa','Geri','','','','','','','','IDR',2,0,0,0,2,0,'5101','2100','7103','',0),(16,'CV Jogjacamp','IDwebhost','','','','','','','','IDR',2,0,0,0,2,0,'5101','2100','7103','',0),(17,'Anugerah Gemilang COmputer','agecom','','','','','','','','IDR',2,0,0,0,2,0,'5101','2100','7103','',0),(18,'Andre Raditya','Radit','','','','','','','','IDR',2,0,0,0,2,0,'5103','2100','7103','',0),(19,'Adrian','Cuneng','','','','','','','','IDR',2,0,0,0,2,0,'5103','2100','7103','',0),(20,'Edo','Edo','','','','','','','','IDR',2,0,0,0,2,0,'5101','2100','7103','',0),(21,'Agung Sunaryo','Agung Sunaryo','','','','','','','','IDR',2,0,0,0,2,0,'5103','2100','7103','',0),(22,'Biznet','PT. Supra Primatama Nusantara','','','','','','','','IDR',2,0,0,0,1,0,'5101','2100','7103','',0),(23,'Envato Market','Envato','','','','','','','','IDR',2,0,0,0,2,0,'5101','2100','7103','',0),(24,'Alwi DIknas','Alwi','','','','','','','','IDR',2,0,0,0,2,0,'5103','2100','7103','',0),(25,'Raden Idris','Aris','','','','','','','','IDR',2,0,0,0,2,0,'','2100','7103','',0),(26,'P.D.R Solutions','P.D.R Solutions','','','','','','','','IDR',2,0,0,0,2,0,'5101','2100','7103','',0),(27,'Aosiasi Penyelenggara Jasa Internet Indonesia','APJII','','','01.771.304.1-014.000','','','','','IDR',2,0,0,0,1,0,'5101','2100','7103','',0),(28,'Indomaret','Indomaret','','','','','','','','IDR',2,0,0,0,2,0,'6207','2100','7103','',0),(29,'PT. Media Lintas Data','MLD','MENARA SELATAN GD. MENARA JAMSOSTEK LT.6 JL. JEND. GATOT SUBROTO NO.38, KUNINGAN\r\nBARAT , JAKARTA SELATAN\r\n','MENARA SELATAN GD. MENARA JAMSOSTEK LT.6 JL. JEND. GATOT SUBROTO NO.38, KUNINGAN\r\nBARAT , JAKARTA SELATAN\r\n','03.211.256.7-014.000','','','','','IDR',2,0,0,0,1,0,'5101','2100','7103','',0),(30,'PT. Asia Akses Utama','AAU','Jl Rukan Golf Island Blok G No. 015\r\nKamal Muara Penjaringan','Jl Rukan Golf Island Blok G No. 015\r\nKamal Muara Penjaringan','81.796.985.0-031.000','','','','','IDR',2,0,0,0,1,0,'5101','2100','7103','',0),(31,'PT. BORNEO MEGA POWERINDO','Borneo Indorack','L JEND SUDIRMAN, DAMAI, BALIKPAPAN KOTA, KOTA\r\nBALIKPAPAN, KALIMANTAN TIMUR, 76114','','94.070.473.7-729.000','','','','','IDR',2,0,0,0,1,0,'','2100','7103','',0),(32,'PT. Media Data Teknologi','Media Data TPLink','Ruko Blok R No 30 Harco Mangga Dua Jl Mangga Dua Raya\r\nMangga Dua Selatan, Sawah Besar\r\nJakarta Pusat DKI Jakarta','Ruko Blok R No 30 Harco Mangga Dua Jl Mangga Dua Raya\r\nMangga Dua Selatan, Sawah Besar\r\nJakarta Pusat DKI Jakarta','80.236.133.7-026.000','','','','','IDR',2,0,0,0,1,0,'','2100','7103','',0),(33,'PT. Lintas Jaringan Nusantara','LJN','Jl Ahmad Yani No.25 B RT. 004 RW. 002,\r\nKarawang Pawitan, Karawang Barat, Karawang','Jl Ahmad Yani No.25 B RT. 004 RW. 002,\r\nKarawang Pawitan, Karawang Barat, Karawang','31.803.591.2-408.000','','','','','IDR',2,0,0,0,1,0,'5101','2100','7103','',0),(34,'PT. Abizar Cahaya Makmur','Abizar','Komplek Jerang Baru Permai Jalan Cendana 5 Nomor 86 RT. 006 RW. 003 Karang Asem Cibeber','Komplek Jerang Baru Permai Jalan Cendana 5 Nomor 86 RT. 006 RW. 003 Karang Asem Cibeber','42.726.442.1-417.000','','','','','IDR',2,0,0,0,1,0,'5101','2100','7103','',0),(35,'Novian','Asenware','Harco Glodok Lt. 5 Blok D No. 37, Jakarta Barat, DKI Jakarta','Harco Glodok Lt. 5 Blok D No. 37, Jakarta Barat, DKI Jakarta','','','','','','IDR',2,0,0,0,2,0,'5101','2100','7103','',0),(36,'PT. Indonesia Comnets Plus','IconPlus','Gedung PLN Jalan KH. Abdul Rochim Kuningan Barat 1 RT. 009 RW.001 Kuningan Barat Mampang Prapatan \r\nJakarta Selatan DKI Jakarta 12710','Gedung PLN Jalan KH. Abdul Rochim Kuningan Barat 1 RT. 009 RW.001 Kuningan Barat Mampang Prapatan \r\nJakarta Selatan DKI Jakarta 12710','01.061.190.3-051.000','','','','','IDR',2,0,0,0,1,0,'5101','2100','7103','',0),(37,'PT. Sinar Alam Cakrabuana','SAC','Perumahan Palm Asri Blok KarangTengah No. 02 RT.000 Kel. Lurah Kec.Plumbon\r\nCirebon, Jawa Barat','Perumahan Palm Asri Blok KarangTengah No. 02 RT.000 Kel. Lurah Kec.Plumbon\r\nCirebon, Jawa Barat','66.043.286.5-426.000','','','','','IDR',2,0,0,0,1,0,'5101','2100','7103','',0),(38,'PT. Multipro Jaya Prima','Multipro','Jl. Jembatan Tiga, Pejagalan, Penjaringan, Kota Adm. Jakarta Utara, DKI Jakarta 14450','','01.781.189.4-041.000','','','','','IDR',2,0,0,0,1,0,'5101','2100','7103','',0),(39,'PT. Fiber Networks Indonesia','FiberNet','Rukan Tanjung Mas Raya Blok B1 No.5. RT/RW.002/001 Jagakarsa, Jakarta Selatan','Rukan Tanjung Mas Raya Blok B1 No.5. RT/RW.002/001 Jagakarsa, Jakarta Selatan','03.124.469.2-017.000','','','','','IDR',2,0,0,0,1,0,'5101','2100','7103','',0),(40,'PT. Griya Mitra Persada','Griyasis','Jl. Mangga Dua Dalam Blok. H2 No.7 RT.001 RW.012, Mangga Dua Selatan Sawah Besar','Jl. Mangga Dua Dalam Blok. H2 No.7 RT.001 RW.012, Mangga Dua Selatan Sawah Besar','02.344.184.3-026.000','','','','','IDR',2,0,0,0,1,0,'5101','2100','7103','',0),(41,'PT. Doran Sukses Indonesia','Doran','Jl. Lebak Jaya 2 Tengah No. 2 RT. 005 RW.003, Gading Tambaksari','','74.440.199.3-611.000','','','','','IDR',2,0,0,0,1,0,'5101','2100','7103','',0),(42,'PT. XDC Indonesia','XDC','Jl. Kh. Zainul Arifin Komplek Ketapang Business Central Blok D2-D3 No. 20\r\nKrukut Tamansari, Jakarta Barat, DKI Jakarta','Jl. Kh. Zainul Arifin Komplek Ketapang Business Central Blok D2-D3 No. 20\r\nKrukut Tamansari, Jakarta Barat, DKI Jakarta','31.273.207.6-037.000','','','','','IDR',2,0,0,0,1,0,'5101','2100','7103','',0),(43,'PT. Octopus Distrindo','Flixx','Ruko Harco Mangga Dua Lt. 1-3 Blok J No 23 RT 017 RW 011, Mangga Dua Selatan, Sawah Besar','Ruko Harco Mangga Dua Lt. 1-3 Blok J No 23 RT 017 RW 011, Mangga Dua Selatan, Sawah Besar','03.048.129.5-026.000','','','','','IDR',2,0,0,0,1,0,'5101','2100','7103','',0),(44,'PT. Alaska Putra Perdana','Hagane Rack','Komplek Ruko Perdana Indah Blok E8, Nomor 7 RT. 00 RW. 00, Wijaya Kusuma, Grogol Petamburan','Komplek Ruko Perdana Indah Blok E8, Nomor 7 RT. 00 RW. 00, Wijaya Kusuma, Grogol Petamburan','63.413.912.5-036.000','','','','','IDR',2,0,0,0,1,0,'5101','2100','7103','',0),(45,'PT. Pelita Cahaya Teknologi','Plutus HP Deskjet','Harco Mangga Dua Lantai 3, Mangga dua selatan, Sawah besar, Kota Adm. Jakarta Pusat, DKI Jakarta, 10730','Harco Mangga Dua Lantai 3, Mangga dua selatan, Sawah besar, Kota Adm. Jakarta Pusat, DKI Jakarta, 10730','83.692.396.1-026.000','','','','','IDR',2,0,0,0,1,0,'5101','2100','7103','',0),(46,'CV. Mitra Surya','ExpoComp','Manyar Indah No. 11 A, 11 B RT.001 RW. 006, Menur Pumpungan Sukolilo, Kota Surabaya, Jawa Timur, 60118','Manyar Indah No. 11 A, 11 B RT.001 RW. 006, Menur Pumpungan Sukolilo, Kota Surabaya, Jawa Timur, 60118','03.193.613.1-615.000','','','','','IDR',2,0,0,0,1,0,'5101','2100','7103','',0),(47,'CV. Rajawali Bina Maju','Iware Honeywell','Jalan Babatan Pantai No. 14 RT. 003 RW. 001, Dukuh Sutorejo Mulyorejo','Jalan Babatan Pantai No. 14 RT. 003 RW. 001, Dukuh Sutorejo Mulyorejo','03.294.976.0-611.000','','','','','IDR',2,0,0,0,1,0,'','2100','7103','',0),(48,'PT. Salasa Berkah Bersama','Barcode Excellent','Villa Bintaro Indah Blok. F2 No.07, Jombang Ciputat, Kota Tangerang Selatan Banten 15414','Villa Bintaro Indah Blok. F2 No.07, Jombang Ciputat, Kota Tangerang Selatan Banten 15414','63.022.861.7-453.000','','','','','IDR',2,0,0,0,1,0,'5101','2100','7103','',0),(49,'Barcode official','Barcode official','','','','','','','','IDR',2,0,0,0,1,0,'5101','2100','7103','',0),(50,'PT. Data Solusi Infotindo','MiniPOS','Klampis Megah B No. 6 RT.001 RW.004\r\nKlampis Ngasem, Sukolilo, Kota Surabaya, Jawa Timur','Klampis Megah B No. 6 RT.001 RW.004\r\nKlampis Ngasem, Sukolilo, Kota Surabaya, Jawa Timur','82.790.960.7-606.000','','','','','IDR',2,0,0,0,1,0,'5101','2100','7103','',0),(51,'PT. Maha Dana Wikasita','Karya Artha - KAD','Gedung Satrio Tower Lt 6 Unit 1\r\nJl. Prof Dr Satrio KAV C4 RT.007 RW.002 Kuningan Timur, Setiabudi\r\nJakarta Selatan - DKI Jakarta','Gedung Satrio Tower Lt 6 Unit 1\r\nJl. Prof Dr Satrio KAV C4 RT.007 RW.002 Kuningan Timur, Setiabudi\r\nJakarta Selatan - DKI Jakarta','86.993.697.1-011.000','','','','','IDR',2,0,0,0,1,0,'5101','2100','7103','',0),(52,'PT. Permana Putra Mandiri','PPM AED','Jl. TMII Pintu II Atas, Lubang Buaya, Cipayung, Kota Adm. Jakarta Timur, DKI Jakarta, 13810','Jl. TMII Pintu II Atas, Lubang Buaya, Cipayung, Kota Adm. Jakarta Timur, DKI Jakarta, 13810','03.079.308.7-009.000','','','','','IDR',2,0,0,0,1,0,'5101','2100','7103','',0),(53,'PT. Eventus Solution','eventus','Mall Mega Glodok Kemayoran Lantai GF Blok. B01 No. 09-10, Gunung Sahari, Jakarta Selatan, Kemayoran, Kota Adm. Jakarta Pusat, DKI Jakarta 10610','Mall Mega Glodok Kemayoran Lantai GF Blok. B01 No. 09-10, Gunung Sahari, Jakarta Selatan, Kemayoran, Kota Adm. Jakarta Pusat, DKI Jakarta 10610','0030314553027000','','','','','IDR',2,0,0,0,1,0,'5101','2100','7103','',0),(54,'Master Parking Indonesia','Master Parking Indonesia','','','','','','','','IDR',2,0,0,0,2,0,'6203','2100','7103','',0),(55,'Sejasa.com','Sejasa.com','','','','','','','','IDR',2,0,0,0,2,0,'6208','2100','7103','',0),(56,'Internal - Krishna','Krishna','','','','','','','','IDR',2,0,0,0,2,0,'','2100','7103','',0),(57,'Station Satcom Pte, LTD','Station Satcom','47 Jln Pemimpin, Singapore 577200','','','','','','','IDR',2,0,0,0,2,0,'1420','2100','7103','',0),(58,'Achmad Fauzi','Achmad Fauzi','','','','','','','','IDR',2,0,0,0,1,0,'','2100','7103','',0),(59,'PT. Central Teknologi Sekurindo','CTS Hikvision','Green Lake City Boulevard Ruko Crown, L, 32, Petir, Cipondoh, Kota Tangerang, Banten, 15147','Green Lake City Boulevard Ruko Crown, L, 32, Petir, Cipondoh, Kota Tangerang, Banten, 15147','63.230.425.9-416.000','','','','','IDR',2,0,0,0,1,0,'5101','2100','7103','',0),(60,'PT. Schneider Indonesia','APC Indonesia','','','','','','','','IDR',2,0,0,0,1,0,'','2100','7103','',0),(61,'CV. ANEKA TEKNOLOGI INDONESIA','CV. ATI - MINRRAY','GRAHA TAMAN BUNGA BLOK B5 NO. 5 RT. 008 RW. 006. KEDUNGPANE MIJEN','GRAHA TAMAN BUNGA BLOK B5 NO. 5 RT. 008 RW. 006. KEDUNGPANE MIJEN','42.556.256.8-503.000','','','','','IDR',2,0,0,0,1,0,'5101','2100','7103','',0),(62,'PT Digital Screen International','PT Digital Screen Internationa','','','','','','','','IDR',3,1,0,0,1,0,'','2100','7103','',0),(63,'CENTRALTECH GLOBAL SOLUSI','Centraltech Honeywell','RUKO BAHAN BANGUNAN NO. 23 F5 JALAN MANGGA\r\nDUA RAYA RT/RW. 003/013, MANGGA DUA SELATAN,\r\nSAWAH BESAR, KOTA ADM. JAKARTA PUSAT, DKI\r\nJAKARTA, 10730','','0849 7750 0202 6000','','','','','IDR',2,0,0,0,1,0,'5101','2100','7103','',0),(64,'PT. Badan Universal Network Indonesia','Ucom Ubiquity','JL MANGGA DUA DALAM BLOK H2 NO 25 RT.001/012,\r\nH2, 25, MANGGA DUA SELATAN, SAWAH BESAR, KOTA\r\nADM. JAKARTA PUSAT, DKI JAKARTA, 10730','JL MANGGA DUA DALAM BLOK H2 NO 25 RT.001/012,\r\nH2, 25, MANGGA DUA SELATAN, SAWAH BESAR, KOTA\r\nADM. JAKARTA PUSAT, DKI JAKARTA, 10730','0027068444026000','','','','','IDR',2,0,0,0,1,0,'5101','2100','7103','',0),(65,'PT. MAKMUR ABADI SENANTIASA','PT MAS Ruijie','Ruko Bahan Bangunan Blok F5 No. 27 RT. 001 RW. 012, Mangga Dua Selatan Sawah Besar','Ruko Bahan Bangunan Blok F5 No. 27 RT. 001 RW. 012, Mangga Dua Selatan Sawah Besar','94.748.807.8-026.000','','','','','IDR',2,0,0,0,1,0,'5101','2100','7103','',0),(66,'PT. Duta Teknologi Nusantara','DTN','Rukan Colombus Blok B Green Lake City, 19, Petir, Cipondoh, Kota Tangerang, Banten, 15147','Rukan Colombus Blok B Green Lake City, 19, Petir, Cipondoh, Kota Tangerang, Banten, 15147','0803116581028000','','','','','IDR',2,0,0,0,1,0,'5101','2100','7103','',0),(67,'PT Duta Teknologi Nusantara','PT Duta Teknologi Nusantara','','','','','','','','IDR',2,0,0,0,1,0,'','2100','7103','',0),(68,'PT HERLINDO PUTRA PERSADA','PT HERLINDO PUTRA PERSADA','Jl. AR Salleh, Komp Rosana Terrace No B6 Pontianak, Kalimantan Barat\r\n','','','','','','','IDR',2,0,0,0,1,0,'','2100','7103','',0),(69,'Rcom','Rcom','Harco Mangga dua plaza blok B lantai 1 no.70 Jl. Mangga dua raya, jakarta 10730','','','','','','','IDR',2,0,0,0,1,0,'','2100','7103','',0),(70,'PT. Utama Rackindo Semesta','Indorack','Ruko Harco Mangga Dua J25, Mangga Dua Raya RT/RW. 11/13. Mangga Dua Selatan, Sawah Besar, Jakarta Pusat, DKI Jakarta. 10730','','31.572.939.2-026.000','','','','','IDR',2,0,0,0,1,0,'1420','2100','7103','',0),(71,'PT. Dinamika Cipta Solusi','DCS','Jl. Pangeran Jayakarta Blok E8 No. 08\r\nPinangsia Taman Sari\r\nJakarta Barat JK 11110','','02.791.973.7-048.000','','','','','IDR',2,0,0,0,1,0,'','2100','7103','',0),(72,'Core Media Indonesia','Coremedia VMix','KOMPLEK PERKANTORAN BUSINESS PARK KEBON JERUK\r\nJL MERUYA ILIR E1 NO.15 RT. 001 RW. 005, MERUYA UTARA,\r\nKEMBANGAN, KOTA ADM. JAKARTA BARAT, DKI JAKARTA','KOMPLEK PERKANTORAN BUSINESS PARK KEBON JERUK\r\nJL MERUYA ILIR E1 NO.15 RT. 001 RW. 005, MERUYA UTARA,\r\nKEMBANGAN, KOTA ADM. JAKARTA BARAT, DKI JAKARTA','0721447977035000','','','','','IDR',2,0,0,0,1,0,'','2100','7103','',0),(73,'PT Jaringan Digital Nasional ','PT Jaringan Digital Nasional','','','','','','','','IDR',2,0,0,0,1,0,'','2100','7103','',0);

--
-- Table structure for table `1_sys_prefs`
--

CREATE TABLE `1_sys_prefs` (
  `name` varchar(35) CHARACTER SET utf8mb3 COLLATE utf8mb3_unicode_ci NOT NULL DEFAULT '',
  `category` varchar(30) CHARACTER SET utf8mb3 COLLATE utf8mb3_unicode_ci DEFAULT NULL,
  `type` varchar(20) CHARACTER SET utf8mb3 COLLATE utf8mb3_unicode_ci NOT NULL DEFAULT '',
  `length` smallint DEFAULT NULL,
  `value` text CHARACTER SET utf8mb3 COLLATE utf8mb3_unicode_ci NOT NULL,
  PRIMARY KEY (`name`),
  KEY `category` (`category`)
) ENGINE=InnoDB DEFAULT CHARSET=utf8mb3 COLLATE=utf8mb3_unicode_ci;

--
-- Dumping data for table `1_sys_prefs`
--

INSERT INTO `1_sys_prefs` (`name`, `category`, `type`, `length`, `value`) VALUES ('accounts_alpha','glsetup.general','tinyint',1,'0'),('accumulate_shipping','glsetup.customer','tinyint',1,'0'),('add_pct','setup.company','int',5,'-1'),('allow_negative_prices','glsetup.inventory','tinyint',1,'1'),('allow_negative_stock','glsetup.inventory','tinyint',1,'1'),('alternative_tax_include_on_docs','setup.company','tinyint',1,''),('auto_curr_reval','setup.company','smallint',6,'1'),('bank_charge_act','glsetup.general','varchar',15,'8101'),('barcodes_on_stock','setup.company','tinyint',1,'0'),('base_sales','setup.company','int',11,'1'),('bcc_email','setup.company','varchar',100,'mirzunosolusi@gmail.com'),('company_logo_on_views','setup.company','tinyint',1,'1'),('company_logo_report','setup.company','tinyint',1,'1'),('coy_logo','setup.company','varchar',100,'logo-mirzuno.png'),('coy_name','setup.company','varchar',60,'PT. Mirzuno Global Solusi'),('coy_no','setup.company','varchar',25,'1906220022019'),('creditors_act','glsetup.purchase','varchar',15,'2100'),('curr_default','setup.company','char',3,'IDR'),('debtors_act','glsetup.sales','varchar',15,'1200'),('default_adj_act','glsetup.items','varchar',15,'5104'),('default_cogs_act','glsetup.items','varchar',15,'5101'),('default_credit_limit','glsetup.customer','int',11,'1000000'),('default_delivery_required','glsetup.sales','smallint',6,'1'),('default_dim_required','glsetup.dims','int',11,'20'),('default_inv_sales_act','glsetup.items','varchar',15,'4100'),('default_inventory_act','glsetup.items','varchar',15,'1420'),('default_loss_on_asset_disposal_act','glsetup.items','varchar',15,'1100'),('default_prompt_payment_act','glsetup.sales','varchar',15,'4200'),('default_quote_valid_days','glsetup.sales','smallint',6,'10'),('default_receival_required','glsetup.purchase','smallint',6,'10'),('default_sales_act','glsetup.sales','varchar',15,'4100'),('default_sales_discount_act','glsetup.sales','varchar',15,'4200'),('default_wip_act','glsetup.items','varchar',15,'1415'),('default_workorder_required','glsetup.manuf','int',11,'20'),('deferred_income_act','glsetup.sales','varchar',15,'4100'),('depreciation_period','glsetup.company','tinyint',1,'0'),('dim_on_recurrent_invoice','setup.company','tinyint',1,'0'),('domicile','setup.company','varchar',55,'Kantor Pusat'),('email','setup.company','varchar',100,'sales@mirzuno.com'),('exchange_diff_act','glsetup.general','varchar',15,'6300'),('f_year','setup.company','int',11,'9'),('fax','setup.company','varchar',30,''),('freight_act','glsetup.customer','varchar',15,'4250'),('gl_closing_date','setup.closing_date','date',8,'2024-12-31'),('grn_clearing_act','glsetup.purchase','varchar',15,'1416'),('gst_no','setup.company','varchar',25,'0657581401447000'),('legal_text','glsetup.customer','tinytext',0,''),('loc_notification','glsetup.inventory','tinyint',1,''),('login_tout','setup.company','smallint',6,'1800'),('long_description_invoice','setup.company','tinyint',1,'1'),('max_days_in_docs','setup.company','smallint',5,'10'),('no_customer_list','setup.company','tinyint',1,'1'),('no_item_list','setup.company','tinyint',1,'1'),('no_supplier_list','setup.company','tinyint',1,'1'),('no_zero_lines_amount','glsetup.sales','tinyint',1,''),('past_due_days','glsetup.general','int',11,'30'),('phone','setup.company','varchar',30,'02182784703'),('po_over_charge','glsetup.purchase','int',11,'10'),('po_over_receive','glsetup.purchase','int',11,'10'),('postal_address','setup.company','tinytext',0,'Cluster Makarona 1 No. 2. Jl. Masjid Al Falak, Jatiasih, Kota Bekasi'),('print_dialog_direct','setup.company','tinyint',1,'0'),('print_invoice_no','glsetup.sales','tinyint',1,'0'),('print_item_images_on_quote','glsetup.inventory','tinyint',1,''),('profit_loss_year_act','glsetup.general','varchar',15,'9990'),('pyt_discount_act','glsetup.purchase','varchar',15,'7103'),('ref_no_auto_increase','setup.company','tinyint',1,'1'),('retained_earnings_act','glsetup.general','varchar',15,'3400'),('round_to','setup.company','int',5,'1'),('shortname_name_in_list','setup.company','tinyint',1,''),('show_po_item_codes','glsetup.purchase','tinyint',1,''),('suppress_tax_rates','setup.company','tinyint',1,''),('tax_algorithm','glsetup.customer','tinyint',1,'1'),('tax_last','setup.company','int',11,'1'),('tax_prd','setup.company','int',11,'1'),('time_zone','setup.company','tinyint',1,'1'),('use_dimension','setup.company','tinyint',1,'1'),('use_fixed_assets','setup.company','tinyint',1,'1'),('use_manufacturing','setup.company','tinyint',1,''),('version_id','system','varchar',11,'2.4.1');

--
-- Table structure for table `1_tag_associations`
--

CREATE TABLE `1_tag_associations` (
  `record_id` varchar(15) CHARACTER SET utf8mb3 COLLATE utf8mb3_unicode_ci NOT NULL,
  `tag_id` int NOT NULL,
  UNIQUE KEY `record_id` (`record_id`,`tag_id`)
) ENGINE=InnoDB DEFAULT CHARSET=utf8mb3 COLLATE=utf8mb3_unicode_ci;

--
-- Dumping data for table `1_tag_associations`
--


--
-- Table structure for table `1_tags`
--

CREATE TABLE `1_tags` (
  `id` int NOT NULL AUTO_INCREMENT,
  `type` smallint NOT NULL,
  `name` varchar(30) CHARACTER SET utf8mb3 COLLATE utf8mb3_unicode_ci NOT NULL,
  `description` varchar(60) CHARACTER SET utf8mb3 COLLATE utf8mb3_unicode_ci DEFAULT NULL,
  `inactive` tinyint(1) NOT NULL DEFAULT '0',
  PRIMARY KEY (`id`),
  UNIQUE KEY `type` (`type`,`name`)
) ENGINE=InnoDB AUTO_INCREMENT=2 DEFAULT CHARSET=utf8mb3 COLLATE=utf8mb3_unicode_ci;

--
-- Dumping data for table `1_tags`
--

INSERT INTO `1_tags` (`id`, `type`, `name`, `description`, `inactive`) VALUES (1,2,'Lumsum','Borongan',0);

--
-- Table structure for table `1_tax_group_items`
--

CREATE TABLE `1_tax_group_items` (
  `tax_group_id` int NOT NULL DEFAULT '0',
  `tax_type_id` int NOT NULL DEFAULT '0',
  `tax_shipping` tinyint(1) NOT NULL DEFAULT '0',
  PRIMARY KEY (`tax_group_id`,`tax_type_id`)
) ENGINE=InnoDB DEFAULT CHARSET=utf8mb3 COLLATE=utf8mb3_unicode_ci;

--
-- Dumping data for table `1_tax_group_items`
--

INSERT INTO `1_tax_group_items` (`tax_group_id`, `tax_type_id`, `tax_shipping`) VALUES (1,1,0);

--
-- Table structure for table `1_tax_groups`
--

CREATE TABLE `1_tax_groups` (
  `id` int NOT NULL AUTO_INCREMENT,
  `name` varchar(60) CHARACTER SET utf8mb3 COLLATE utf8mb3_unicode_ci NOT NULL DEFAULT '',
  `inactive` tinyint(1) NOT NULL DEFAULT '0',
  PRIMARY KEY (`id`),
  UNIQUE KEY `name` (`name`)
) ENGINE=InnoDB AUTO_INCREMENT=3 DEFAULT CHARSET=utf8mb3 COLLATE=utf8mb3_unicode_ci;

--
-- Dumping data for table `1_tax_groups`
--

INSERT INTO `1_tax_groups` (`id`, `name`, `inactive`) VALUES (1,'Pajak',0),(2,'Bebas Pajak',0);

--
-- Table structure for table `1_tax_types`
--

CREATE TABLE `1_tax_types` (
  `id` int NOT NULL AUTO_INCREMENT,
  `rate` double NOT NULL DEFAULT '0',
  `sales_gl_code` varchar(15) CHARACTER SET utf8mb3 COLLATE utf8mb3_unicode_ci NOT NULL DEFAULT '',
  `purchasing_gl_code` varchar(15) CHARACTER SET utf8mb3 COLLATE utf8mb3_unicode_ci NOT NULL DEFAULT '',
  `name` varchar(60) CHARACTER SET utf8mb3 COLLATE utf8mb3_unicode_ci NOT NULL DEFAULT '',
  `inactive` tinyint(1) NOT NULL DEFAULT '0',
  PRIMARY KEY (`id`)
) ENGINE=InnoDB AUTO_INCREMENT=4 DEFAULT CHARSET=utf8mb3 COLLATE=utf8mb3_unicode_ci;

--
-- Dumping data for table `1_tax_types`
--

INSERT INTO `1_tax_types` (`id`, `rate`, `sales_gl_code`, `purchasing_gl_code`, `name`, `inactive`) VALUES (1,12,'2201','2202','PPN 11/12',0),(2,0.5,'2000','2000','PPH Final',0);

--
-- Table structure for table `1_trans_tax_details`
--

CREATE TABLE `1_trans_tax_details` (
  `id` int NOT NULL AUTO_INCREMENT,
  `trans_type` smallint DEFAULT NULL,
  `trans_no` int DEFAULT NULL,
  `tran_date` date NOT NULL,
  `tax_type_id` int NOT NULL DEFAULT '0',
  `rate` double NOT NULL DEFAULT '0',
  `ex_rate` double NOT NULL DEFAULT '1',
  `included_in_price` tinyint(1) NOT NULL DEFAULT '0',
  `net_amount` double NOT NULL DEFAULT '0',
  `amount` double NOT NULL DEFAULT '0',
  `memo` tinytext CHARACTER SET utf8mb3 COLLATE utf8mb3_unicode_ci,
  `reg_type` tinyint(1) DEFAULT NULL,
  PRIMARY KEY (`id`),
  KEY `Type_and_Number` (`trans_type`,`trans_no`),
  KEY `tran_date` (`tran_date`)
) ENGINE=InnoDB AUTO_INCREMENT=1949 DEFAULT CHARSET=utf8mb3 COLLATE=utf8mb3_unicode_ci;

--
-- Dumping data for table `1_trans_tax_details`
--

INSERT INTO `1_trans_tax_details` (`id`, `trans_type`, `trans_no`, `tran_date`, `tax_type_id`, `rate`, `ex_rate`, `included_in_price`, `net_amount`, `amount`, `memo`, `reg_type`) VALUES (1,13,1,'2022-07-06',1,11,1,1,0,0,'auto',NULL),(2,10,1,'2022-07-06',1,11,1,1,0,0,'1',0),(3,13,2,'2022-07-14',1,11,1,0,14139640,1555360,'1',NULL),(4,10,2,'2022-07-13',1,11,1,0,14139640,1555360,'001/MGS/07/22',0),(5,13,3,'2022-07-14',1,11,1,0,6750000,742500,'2',NULL),(6,10,3,'2022-07-14',1,11,1,0,6750000,742500,'002/MGS/07/22',0),(7,13,4,'2022-07-20',1,11,1,0,60000000,6600000,'3',NULL),(8,10,4,'2022-07-20',1,11,1,0,0,0,'003/MGS/07/22',0),(9,10,4,'2022-07-20',1,11,1,0,60000000,6600000,'003/MGS/07/22',0),(10,13,5,'2022-07-22',1,11,1,0,13500000,1485000,'4',NULL),(11,10,5,'2022-07-22',1,11,1,0,13500000,1485000,'004/MGS/07/22',0),(12,13,6,'2022-07-22',1,11,1,0,18000000,1980000,'5',NULL),(13,10,6,'2022-07-22',1,11,1,0,18000000,1980000,'005/MGS/07/22',0),(14,13,7,'2022-07-22',1,11,1,0,4500000,495000,'6',NULL),(15,10,7,'2022-07-22',1,11,1,0,4500000,495000,'006/MGS/07/22',0),(16,13,8,'2022-07-22',1,11,1,0,7250000,797500,'7',NULL),(17,10,8,'2022-07-22',1,11,1,0,7250000,797500,'007/MGS/07/22',0),(18,13,9,'2022-07-26',1,11,1,0,9639640,1060360,'8',NULL),(19,10,9,'2022-07-26',1,11,1,0,9639640,1060360,'008/MGS/07/22',0),(20,13,10,'2022-07-28',1,11,1,0,10000000,1100000,'9',NULL),(21,10,10,'2022-07-28',1,11,1,0,10000000,1100000,'009/MGS/07/22',0),(22,13,11,'2022-07-28',1,11,1,0,35000000,3850000,'10',NULL),(23,10,11,'2022-07-28',1,11,1,0,35000000,3850000,'010/MGS/07/22',0),(24,13,12,'2022-07-28',1,11,1,0,20000000,2200000,'11',NULL),(25,10,12,'2022-07-28',1,11,1,0,20000000,2200000,'011/MGS/07/22',0),(26,13,13,'2022-07-29',1,11,1,0,2000000,220000,'12',NULL),(27,10,13,'2022-07-29',1,11,1,0,2000000,220000,'012/MGS/07/22',0),(28,13,15,'2022-08-04',1,11,1,0,0,0,'13',NULL),(29,10,14,'2022-08-04',1,11,1,0,0,0,'001/MGS/08/22',0),(30,13,16,'2022-08-04',1,11,1,0,0,0,'13',NULL),(31,10,15,'2022-08-04',1,11,1,0,0,0,'001/MGS/08/22',0),(32,13,17,'2022-08-05',1,11,1,0,0,0,'13',NULL),(33,10,16,'2022-08-01',1,11,1,0,0,0,'001/MGS/08/22',0),(34,13,18,'2022-08-01',1,11,1,0,0,0,'13',NULL),(35,10,17,'2022-08-01',1,11,1,0,0,0,'001/MGS/08/22',0),(36,13,19,'2022-08-05',1,11,1,0,0,0,'13',NULL),(37,13,20,'2022-08-01',1,11,1,0,0,0,'13',NULL),(38,10,18,'2022-08-01',1,11,1,0,0,0,'001/MGS/08/22',0),(39,13,21,'2022-08-05',1,11,1,0,22972973,2527027,'13',NULL),(40,10,19,'2022-08-01',1,11,1,0,22972973,2527027,'001/MGS/08/22',0),(41,13,22,'2022-08-09',1,11,1,0,0,0,'14',NULL),(42,10,20,'2022-08-09',1,11,1,0,0,0,'002/MGS/08/22',0),(43,13,23,'2022-08-09',1,11,1,0,43396396,4773604,'14',NULL),(44,10,21,'2022-08-09',1,11,1,0,43396396,4773604,'002/MGS/08/22',0),(45,13,24,'2022-08-09',1,11,1,0,43396396,4773604,'15',NULL),(46,10,22,'2022-08-09',1,11,1,0,43396396,4773604,'003/MGS/08/22',0),(47,20,1,'2022-06-29',1,11,1,0,0,0,'INV155044586',1),(48,13,25,'2022-08-10',1,11,1,0,43396396,4773604,'16',NULL),(49,13,26,'2022-08-10',1,11,1,0,43396396,4773604,'17',NULL),(50,13,27,'2022-08-10',1,11,1,0,43396396,4773604,'18',NULL),(51,10,23,'2022-08-10',1,11,1,0,43396396,4773604,'004/MGS/08/22',0),(52,10,24,'2022-08-10',1,11,1,0,43396396,4773604,'005/MGS/08/22',0),(53,10,25,'2022-08-10',1,11,1,0,43396396,4773604,'006/MGS/08/22',0),(54,13,28,'2022-08-15',1,11,1,0,0,0,'auto',NULL),(55,10,26,'2022-08-15',1,11,1,0,0,0,'007/MGS/08/22',0),(56,13,29,'2022-08-15',1,11,1,0,0,0,'auto',NULL),(57,10,27,'2022-08-15',1,11,1,0,0,0,'007/MGS/08/22',0),(58,13,30,'2022-08-15',1,11,1,0,0,0,'auto',NULL),(59,10,28,'2022-08-15',1,11,1,0,0,0,'007/MGS/08/22',0),(60,13,31,'2022-08-15',1,11,1,0,0,0,'auto',NULL),(61,10,29,'2022-08-15',1,11,1,0,0,0,'007/MGS/08/22',0),(62,13,32,'2022-08-16',1,11,1,0,0,0,'auto',NULL),(63,10,30,'2022-08-16',1,11,1,0,0,0,'007/MGS/08/22',0),(64,13,33,'2022-08-16',1,11,1,0,0,0,'auto',NULL),(65,10,31,'2022-08-16',1,11,1,0,0,0,'007/MGS/08/22',0),(66,13,34,'2022-08-16',1,11,1,0,0,0,'auto',NULL),(67,10,32,'2022-08-16',1,11,1,0,0,0,'007/MGS/08/22',0),(68,13,35,'2022-08-18',1,11,1,0,13500000,1485000,'auto',NULL),(69,10,33,'2022-08-18',1,11,1,0,13500000,1485000,'007/MGS/08/22',0),(70,13,36,'2022-08-18',1,11,1,0,4500000,495000,'auto',NULL),(71,10,34,'2022-08-18',1,11,1,0,4500000,495000,'008/MGS/08/22',0),(72,13,37,'2022-08-18',1,11,1,0,7250000,797500,'auto',NULL),(73,10,35,'2022-08-18',1,11,1,0,7250000,797500,'009/MGS/08/22',0),(74,13,38,'2022-08-24',1,11,1,0,133700000,14707000,'19',NULL),(75,10,36,'2022-08-24',1,11,1,0,133700000,14707000,'010/MGS/08/22',0),(76,13,39,'2022-08-26',1,11,1,0,65000000,7150000,'20',NULL),(77,10,37,'2022-08-26',1,11,1,0,65000000,7150000,'011/MGS/08/22',0),(78,13,40,'2022-08-29',1,11,1,0,15000000,1650000,'21',NULL),(79,10,38,'2022-08-29',1,11,1,0,15000000,1650000,'012/MGS/08/22',0),(80,13,41,'2022-09-14',1,11,1,0,22522523,2477478,'22',NULL),(81,10,39,'2022-09-14',1,11,1,0,22522523,2477478,'001/MGS/09/22',0),(82,13,42,'2022-09-15',1,11,1,0,15000000,1650000,'23',NULL),(83,10,40,'2022-09-15',1,11,1,0,15000000,1650000,'002/MGS/09/22',0),(84,13,43,'2022-09-21',1,11,1,0,13500000,1485000,'auto',NULL),(85,10,41,'2022-09-21',1,11,1,0,13500000,1485000,'004/MGS/09/22',0),(86,13,44,'2022-09-21',1,11,1,0,7250000,797500,'auto',NULL),(87,10,42,'2022-09-21',1,11,1,0,7250000,797500,'005/MGS/09/22',0),(88,13,45,'2022-09-21',1,11,1,0,4500000,495000,'auto',NULL),(89,10,43,'2022-09-21',1,11,1,0,4500000,495000,'006/MGS/09/22',0),(90,13,46,'2022-09-21',1,11,1,0,22972973,2527027,'auto',NULL),(91,10,44,'2022-09-21',1,11,1,0,22972973,2527027,'007/MGS/09/22',0),(92,13,47,'2022-09-21',1,11,1,0,334000,36740,'auto',NULL),(93,10,45,'2022-09-21',1,11,1,0,334000,36740,'008/MGS/09/22',0),(94,13,48,'2022-09-27',1,11,1,0,0,0,'auto',NULL),(95,10,46,'2022-09-27',1,11,1,0,0,0,'009/MGS/09/22',0),(96,13,49,'2022-09-27',1,11,1,0,20000000,2200000,'24',NULL),(97,10,47,'2022-09-27',1,11,1,0,20000000,2200000,'009/MGS/09/22',0),(98,13,50,'2022-10-05',1,11,1,0,18000000,1980000,'auto',NULL),(99,10,48,'2022-10-05',1,11,1,0,18000000,1980000,'001/MGS/10/22',0),(100,13,51,'2022-10-06',1,11,1,0,15000000,1650000,'auto',NULL),(101,10,49,'2022-10-06',1,11,1,0,15000000,1650000,'002/MGS/10/22',0),(102,13,52,'2022-10-07',1,11,1,0,0,0,'auto',NULL),(103,10,50,'2022-10-07',1,11,1,0,0,0,'003/MGS/10/22',0),(104,13,53,'2022-10-11',1,11,1,0,3900000,429000,'auto',NULL),(105,10,51,'2022-10-11',1,11,1,0,3900000,429000,'004/MGS/10/22',0),(106,13,54,'2022-10-12',1,11,1,0,0,0,'auto',NULL),(107,10,52,'2022-10-12',1,11,1,0,0,0,'005/MGS/10/22',0),(108,13,55,'2022-10-12',1,11,1,0,0,0,'auto',NULL),(109,10,53,'2022-10-12',1,11,1,0,0,0,'006/MGS/10/22',0),(110,13,56,'2022-10-12',1,11,1,0,0,0,'auto',NULL),(111,10,54,'2022-10-12',1,11,1,0,0,0,'005/MGS/10/22',0),(112,13,57,'2022-10-12',1,11,1,0,0,0,'auto',NULL),(113,10,55,'2022-10-12',1,11,1,0,0,0,'005/MGS/10/22',0),(114,13,58,'2022-10-18',1,11,1,0,2500000,275000,'auto',NULL),(115,10,56,'2022-10-18',1,11,1,0,2500000,275000,'006/MGS/10/22',0),(116,13,59,'2022-10-20',1,11,1,0,13500000,1485000,'auto',NULL),(117,10,57,'2022-10-20',1,11,1,0,13500000,1485000,'007/MGS/10/22',0),(118,13,60,'2022-10-20',1,11,1,0,7250000,797500,'auto',NULL),(119,10,58,'2022-10-20',1,11,1,0,7250000,797500,'008/MGS/10/22',0),(120,13,61,'2022-10-20',1,11,1,0,0,0,'auto',NULL),(121,10,59,'2022-10-20',1,11,1,0,0,0,'009/MGS/10/22',0),(122,13,62,'2022-10-20',1,11,1,0,15000000,1650000,'auto',NULL),(123,10,60,'2022-10-20',1,11,1,0,15000000,1650000,'010/MGS/10/22',0),(124,13,63,'2022-10-20',1,11,1,0,30000000,3300000,'auto',NULL),(125,10,61,'2022-10-20',1,11,1,0,30000000,3300000,'011/MGS/10/22',0),(126,13,64,'2022-10-20',1,11,1,0,43396396,4773604,'auto',NULL),(127,10,62,'2022-10-20',1,11,1,0,0,0,'012/MGS/10/22',0),(128,13,65,'2022-10-21',1,11,1,0,4500000,495000,'auto',NULL),(129,10,63,'2022-10-21',1,11,1,0,4500000,495000,'009/MGS/10/22',0),(130,10,62,'2022-10-20',1,11,1,0,43396396,4773604,'012/MGS/10/22',0),(131,13,66,'2022-11-11',1,11,1,0,22972973,2527027,'auto',NULL),(132,10,64,'2022-11-11',1,11,1,0,22972973,2527027,'001/MGS/11/22',0),(133,13,67,'2022-11-14',1,11,1,0,2500000,275000,'auto',NULL),(134,10,65,'2022-11-14',1,11,1,0,2500000,275000,'002/MGS/11/22',0),(135,13,68,'2022-11-14',1,11,1,0,72072072,7927928,'auto',NULL),(136,10,66,'2022-11-14',1,11,1,0,72072072,7927928,'003/MGS/11/22',0),(137,13,69,'2022-11-14',1,11,1,0,15000000,1650000,'auto',NULL),(138,10,67,'2022-11-14',1,11,1,0,15000000,1650000,'004/MGS/11/22',0),(139,13,70,'2022-11-14',1,11,1,0,15000000,1650000,'auto',NULL),(140,10,68,'2022-11-14',1,11,1,0,15000000,1650000,'005/MGS/11/22',0),(141,13,71,'2022-11-21',1,11,1,0,13500000,1485000,'auto',NULL),(142,10,69,'2022-11-21',1,11,1,0,13500000,1485000,'006/MGS/11/22',0),(143,13,72,'2022-11-23',1,11,1,0,30000000,3300000,'auto',NULL),(144,10,70,'2022-11-23',1,11,1,0,30000000,3300000,'007/MGS/11/22',0),(145,13,73,'2022-11-26',1,11,1,0,0,0,'auto',NULL),(146,10,71,'2022-11-26',1,11,1,0,0,0,'008/MGS/11/22',0),(147,13,74,'2022-11-26',1,11,1,0,6500000,715000,'auto',NULL),(148,10,72,'2022-11-26',1,11,1,0,6500000,715000,'008/MGS/11/22',0),(149,13,75,'2022-11-26',1,11,1,0,18000000,1980000,'auto',NULL),(150,10,73,'2022-11-26',1,11,1,0,18000000,1980000,'009/MGS/11/22',0),(151,13,76,'2022-11-29',1,11,1,0,15000000,1650000,'auto',NULL),(152,10,74,'2022-11-29',1,11,1,0,15000000,1650000,'010/MGS/11/22',0),(153,13,77,'2022-11-30',1,11,1,0,7250000,797500,'auto',NULL),(154,10,75,'2022-11-30',1,11,1,0,7250000,797500,'011/MGS/11/22',0),(155,13,78,'2022-11-30',1,11,1,0,15315315,1684685,'auto',NULL),(156,10,76,'2022-11-30',1,11,1,0,15315315,1684685,'012/MGS/11/22',0),(157,13,79,'2022-11-30',1,11,1,0,4500000,495000,'auto',NULL),(158,10,77,'2022-11-30',1,11,1,0,4500000,495000,'013/MGS/11/22',0),(159,13,80,'2022-12-05',1,11,1,0,0,0,'auto',NULL),(160,10,78,'2022-12-05',1,11,1,0,0,0,'001/MGS/12/22',0),(161,13,81,'2022-12-05',1,11,1,0,0,0,'auto',NULL),(162,10,79,'2022-12-05',1,11,1,0,0,0,'002/MGS/12/22',0),(163,13,82,'2022-12-06',1,11,1,0,0,0,'auto',NULL),(164,10,80,'2022-12-06',1,11,1,0,0,0,'003/MGS/12/22',0),(165,13,83,'2022-12-06',1,11,1,0,0,0,'auto',NULL),(166,10,81,'2022-12-06',1,11,1,0,0,0,'004/MGS/12/22',0),(167,13,84,'2022-12-06',1,11,1,0,0,0,'auto',NULL),(168,10,82,'2022-12-06',1,11,1,0,0,0,'001/MGS/12/22',0),(169,13,85,'2022-12-06',1,11,1,0,17250000,1897500,'auto',NULL),(170,10,83,'2022-12-06',1,11,1,0,17250000,1897500,'002/MGS/12/22',0),(171,13,86,'2022-12-06',1,11,1,0,36750000,4042500,'auto',NULL),(172,10,84,'2022-12-06',1,11,1,0,36750000,4042500,'003/MGS/12/22',0),(173,13,87,'2022-12-07',1,11,1,0,15000000,1650000,'auto',NULL),(174,10,85,'2022-12-07',1,11,1,0,15000000,1650000,'004/MGS/12/22',0),(175,13,88,'2022-12-09',1,11,1,0,44594595,4905405,'auto',NULL),(176,10,86,'2022-12-09',1,11,1,0,44594595,4905405,'005/MGS/12/22',0),(177,13,89,'2022-12-09',1,11,1,0,0,0,'auto',NULL),(178,10,87,'2022-12-09',1,11,1,0,0,0,'006/MGS/12/22',0),(179,13,90,'2022-12-09',1,11,1,0,44594595,4905405,'auto',NULL),(180,10,88,'2022-12-09',1,11,1,0,44594595,4905405,'006/MGS/12/22',0),(181,13,91,'2022-12-09',1,11,1,0,0,0,'auto',NULL),(182,10,89,'2022-12-09',1,11,1,0,0,0,'007/MGS/12/22',0),(183,13,92,'2022-12-09',1,11,1,0,0,0,'auto',NULL),(184,10,90,'2022-12-09',1,11,1,0,0,0,'007/MGS/12/22',0),(185,13,93,'2022-12-09',1,11,1,0,18018018,1981982,'auto',NULL),(186,10,91,'2022-12-09',1,11,1,0,18018018,1981982,'007/MGS/12/22',0),(187,13,94,'2022-12-14',1,11,1,0,10000000,1100000,'auto',NULL),(188,10,92,'2022-12-14',1,11,1,0,10000000,1100000,'008/MGS/12/22',0),(189,13,95,'2022-12-14',1,11,1,0,22522522,2477477,'auto',NULL),(190,10,93,'2022-12-14',1,11,1,0,22522522,2477477,'009/MGS/12/22',0),(191,13,96,'2022-12-16',1,11,1,0,37788300,4156713,'auto',NULL),(192,10,94,'2022-12-16',1,11,1,0,37788300,4156713,'010/MGS/12/22',0),(193,13,97,'2022-12-20',1,11,1,0,0,0,'auto',NULL),(194,10,95,'2022-12-20',1,11,1,0,0,0,'011/MGS/12/22',0),(195,13,98,'2022-12-20',1,11,1,0,0,0,'auto',NULL),(196,10,96,'2022-12-20',1,11,1,0,0,0,'012/MGS/12/22',0),(197,13,99,'2022-12-20',1,11,1,0,177930000,19572300,'auto',NULL),(198,10,97,'2022-12-20',1,11,1,0,177930000,19572300,'011/MGS/12/22',0),(199,13,100,'2022-12-20',1,11,1,0,177930000,19572300,'auto',NULL),(200,10,98,'2022-12-20',1,11,1,0,177930000,19572300,'012/MGS/12/22',0),(201,13,101,'2022-12-20',1,11,1,0,13500000,1485000,'auto',NULL),(202,10,99,'2022-12-20',1,11,1,0,13500000,1485000,'013/MGS/12/22',0),(203,13,102,'2022-12-20',1,11,1,0,18018018,1981982,'auto',NULL),(204,10,100,'2022-12-20',1,11,1,0,18018018,1981982,'014/MGS/12/22',0),(205,13,103,'2022-12-25',1,11,1,0,161787897,17796669,'auto',NULL),(206,10,101,'2022-12-25',1,11,1,0,161787897,17796669,'015/MGS/12/22',0),(207,13,104,'2022-12-25',1,11,1,0,0,0,'auto',NULL),(208,10,102,'2022-12-25',1,11,1,0,0,0,'016/MGS/12/22',0),(209,13,105,'2022-12-25',1,11,1,0,0,0,'auto',NULL),(210,10,103,'2022-12-25',1,11,1,0,0,0,'017/MGS/12/22',0),(211,13,106,'2022-12-25',1,11,1,0,0,0,'auto',NULL),(212,10,104,'2022-12-25',1,11,1,0,0,0,'018/MGS/12/22',0),(213,13,107,'2022-12-25',1,11,1,0,166314954,18294645,'auto',NULL),(214,10,105,'2022-12-25',1,11,1,0,166314954,18294645,'016/MGS/12/22',0),(215,13,108,'2022-12-25',1,11,1,0,170900901,18799099,'auto',NULL),(216,10,106,'2022-12-25',1,11,1,0,170900901,18799099,'017/MGS/12/22',0),(217,13,109,'2022-12-25',1,11,1,0,179909910,19790090,'auto',NULL),(218,10,107,'2022-12-25',1,11,1,0,179909910,19790090,'018/MGS/12/22',0),(219,13,111,'2022-12-27',1,11,1,0,180180000,19819800,'auto',NULL),(220,10,109,'2022-12-27',1,11,1,0,180180000,19819800,'019/MGS/12/22',0),(221,13,112,'2022-12-27',1,11,1,0,180180000,19819800,'auto',NULL),(222,10,110,'2022-12-27',1,11,1,0,180180000,19819800,'020/MGS/12/22',0),(223,13,113,'2022-12-27',1,11,1,0,45000000,4950000,'auto',NULL),(224,10,111,'2022-12-27',1,11,1,0,45000000,4950000,'021/MGS/12/22',0),(225,13,114,'2022-12-27',1,11,1,0,45000000,4950000,'auto',NULL),(226,10,112,'2022-12-27',1,11,1,0,45000000,4950000,'022/MGS/12/22',0),(227,13,115,'2022-12-27',1,11,1,0,39500000,4345000,'auto',NULL),(228,10,113,'2022-12-27',1,11,1,0,39500000,4345000,'023/MGS/12/22',0),(229,13,116,'2022-12-27',1,11,1,0,18000000,1980000,'auto',NULL),(230,10,114,'2022-12-27',1,11,1,0,0,0,'024/MGS/12/22',0),(231,10,114,'2022-12-27',1,11,1,0,18000000,1980000,'024/MGS/12/22',0),(232,13,118,'2022-12-29',1,11,1,0,8500000,935000,'auto',NULL),(233,10,116,'2022-12-29',1,11,1,0,8500000,935000,'025/MGS/12/22',0),(234,13,119,'2022-12-29',1,11,1,0,7250000,797500,'auto',NULL),(235,10,117,'2022-12-29',1,11,1,0,7250000,797500,'026/MGS/12/22',0),(236,13,120,'2022-12-29',1,11,1,0,0,0,'auto',NULL),(237,10,118,'2022-12-29',1,11,1,0,0,0,'027/MGS/12/22',0),(238,13,121,'2022-12-30',1,11,1,0,0,0,'auto',NULL),(239,10,119,'2022-12-30',1,11,1,0,0,0,'028/MGS/12/22',0),(240,13,122,'2022-12-30',1,11,1,0,0,0,'auto',NULL),(241,10,120,'2022-12-30',1,11,1,0,0,0,'028/MGS/12/22',0),(242,13,123,'2022-12-30',1,11,1,0,28828828,3171171,'auto',NULL),(243,10,121,'2022-12-30',1,11,1,0,28828828,3171171,'028/MGS/12/22',0),(244,13,124,'2022-12-31',1,11,1,0,4500000,495000,'auto',NULL),(245,10,122,'2022-12-31',1,11,1,0,4500000,495000,'029/MGS/12/22',0),(246,13,125,'2023-01-25',1,11,1,0,13500000,1485000,'auto',NULL),(247,10,123,'2023-01-25',1,11,1,0,13500000,1485000,'002/MGS/01/23',0),(248,13,126,'2023-01-25',1,11,1,0,8500000,935000,'auto',NULL),(249,10,124,'2023-01-25',1,11,1,0,8500000,935000,'003/MGS/01/23',0),(250,20,2,'2022-07-28',0,0,1,0,0,0,'INV/20220728/MPL/2525723104',1),(251,20,3,'2023-01-30',0,0,1,0,0,0,'INV/2020728/MPL/2525723104',1),(252,20,4,'2022-07-28',0,0,1,0,10469700,0,'INV/2020728/MPL/2525723104',1),(253,20,5,'2022-07-27',0,0,1,0,2717280,0,'220740000780',1),(254,1,3,'2022-08-01',2,0.5,1,0,-180779200,-903896,'PPh Final Juli 2022',NULL),(255,20,6,'2022-08-01',0,0,1,0,2026700,0,'INV/20220801/MPL/2535984233',1),(256,20,7,'2022-08-01',0,0,1,0,14161000,0,'INV/20220730/MPL/2531696391',1),(257,20,8,'2023-01-30',0,0,1,0,0,0,'megalife',1),(258,20,9,'2022-08-03',0,0,1,0,0,0,'megalife',1),(259,20,10,'2022-08-03',0,0,1,0,3000000,0,'megalife',1),(260,20,11,'2022-08-03',0,0,1,0,4742400,0,'INV/20220803/MPL/2544674527',1),(261,20,12,'2022-08-04',0,0,1,0,6000000,0,'Megalife2',1),(262,1,5,'2022-08-30',1,11,1,0,0,0,'PPN dan PPH WAPU Ditjen GTK',NULL),(263,1,5,'2022-08-30',2,0.5,1,0,0,0,'PPN dan PPH WAPU Ditjen GTK',NULL),(264,20,13,'2022-08-05',0,0,1,0,4959000,0,'220805B5GGQYQ5',1),(265,20,14,'2022-08-08',0,0,1,0,0,0,'megalife2',1),(266,20,15,'2022-08-08',0,0,1,0,6500000,0,'megalife2',1),(267,20,16,'2022-08-08',0,0,1,0,5000000,0,'megalife2',1),(268,20,17,'2022-08-08',0,0,1,0,500000,0,'megalife3',1),(269,20,18,'2022-08-08',0,0,1,0,1000000,0,'megalife4',1),(270,20,19,'2022-08-08',0,0,1,0,1000000,0,'megalife5',1),(271,20,20,'2022-08-08',0,0,1,0,265000,0,'INV/20220808/MPL/2555974530',1),(272,20,21,'2022-08-08',0,0,1,0,128000,0,'INV/20220808/MPL/2557741836',1),(273,20,22,'2022-08-08',0,0,1,0,166000,0,'INV/20220808/MPL/2556440047',1),(274,20,23,'2022-08-09',0,0,1,0,3800000,0,'megalife6',1),(275,20,24,'2022-08-09',0,0,1,0,1000000,0,'megalife7',1),(276,20,25,'2022-08-10',0,0,1,0,3680000,0,'megalife8',1),(277,20,26,'2022-08-10',0,0,1,0,23320000,0,'megalife9',1),(278,20,27,'2022-08-11',0,0,1,0,1000000,0,'megalife9',1),(279,20,28,'2022-08-12',0,0,1,0,1500000,0,'megalife10',1),(280,20,29,'2022-08-12',0,0,1,0,2250000,0,'megalife11',1),(281,20,30,'2022-08-15',0,0,1,0,0,0,'megalife12',1),(282,20,31,'2022-08-15',0,0,1,0,1600000,0,'megalife12',1),(283,20,32,'2022-08-17',0,0,1,0,9862100,0,'INV/20220817/MPL/2581721247',1),(284,20,33,'2022-08-18',0,0,1,0,24097000,0,'INV/20220818/MPL/2583914000',1),(285,20,34,'2022-08-22',0,0,1,0,2717280,0,'220830004895',1),(286,1,8,'2022-08-29',2,0.5,1,0,-463905000,-2319525,'PPH Final Agustus',NULL),(287,1,9,'2022-08-31',1,11,1,0,-138181818.18182,-15200000,'PPN Masa Juli 2022',NULL),(288,13,127,'2023-02-01',1,11,1,0,7250000,797500,'auto',NULL),(289,10,125,'2023-02-01',1,11,1,0,7250000,797500,'001/MGS/02/23',0),(290,20,35,'2022-08-24',0,0,1,0,10470700,0,'INV/2022/08/24/MPL/2598329129',1),(291,13,128,'2023-02-01',1,11,1,0,4500000,495000,'auto',NULL),(292,10,126,'2023-02-01',1,11,1,0,4500000,495000,'002/MGS/02/23',0),(293,13,129,'2023-02-07',1,11,1,0,0,0,'auto',NULL),(294,10,127,'2023-02-07',1,11,1,0,0,0,'003/MGS/02/23',0),(295,13,130,'2023-02-07',1,11,1,0,10950450,1204550,'auto',NULL),(296,10,128,'2023-02-07',1,11,1,0,10950450,1204550,'003/MGS/02/23',0),(297,20,36,'2022-09-06',0,0,1,0,2612500,0,'INV/20220906/MPL/2635016521',1),(298,20,37,'2022-09-08',0,0,1,0,715000,0,'INV/20220908/MPL/2639262184',1),(299,20,38,'2022-09-08',0,0,1,0,1748250,0,'1100000355128',1),(300,20,39,'2022-09-09',0,0,1,0,1014000,0,'INV/20220909/MPL/2641807595',1),(301,20,40,'2022-09-09',0,0,1,0,4765000,0,'RCAMJ58Q2H',1),(302,20,41,'2022-09-12',0,0,1,0,2000000,0,'megalife13',1),(303,20,42,'2022-09-12',0,0,1,0,1000000,0,'megalife13',1),(304,20,43,'2022-09-13',0,0,1,0,1177000,0,'megalife14',1),(305,20,44,'2022-09-15',0,0,1,0,2717280,0,'220930003752',1),(306,20,45,'2022-09-15',0,0,1,0,373400,0,'INV/20220915/MPL/2658502686',1),(307,20,46,'2022-09-19',0,0,1,0,1400000,0,'megalife15',1),(308,20,47,'2022-09-21',0,0,1,0,165910,0,'1483049',1),(309,13,131,'2023-02-08',1,11,1,0,0,0,'auto',NULL),(310,10,129,'2023-02-08',1,11,1,0,0,0,'004/MGS/02/23',0),(311,13,132,'2023-02-08',1,11,1,0,0,0,'auto',NULL),(312,10,130,'2023-02-08',1,11,1,0,0,0,'005/MGS/02/23',0),(313,1,13,'2022-09-29',2,0.5,1,0,-22522600,-112613,'PPH Final September 2022',NULL),(314,1,13,'2022-09-29',2,0.5,1,0,-15000000,-75000,'PPH Final September 2022',NULL),(315,1,13,'2022-09-29',2,0.5,1,0,-15000000,-75000,'PPH Final September 2022',NULL),(316,1,13,'2022-09-29',2,0.5,1,0,-13500000,-67500,'PPH Final September 2022',NULL),(317,1,13,'2022-09-29',2,0.5,1,0,-7250000,-36250,'PPH Final September 2022',NULL),(318,1,13,'2022-09-29',2,0.5,1,0,-4500000,-22500,'PPH Final September 2022',NULL),(319,1,13,'2022-09-29',2,0.5,1,0,-22973000,-114865,'PPH Final September 2022',NULL),(320,1,13,'2022-09-29',2,0.5,1,0,-20000000,-100000,'PPH Final September 2022',NULL),(321,1,13,'2022-09-29',2,0.5,1,0,-2490905400,-12454527,'PPH Final September 2022',NULL),(322,1,14,'2022-09-29',2,0.5,1,0,-334000,-1670,'PPH Final September 2022',NULL),(323,20,48,'2022-10-11',0,0,1,0,5500000,0,'009668',1),(324,20,49,'2022-10-12',0,0,1,0,4950000,0,'dge102022',1),(325,20,50,'2022-10-12',0,0,1,0,1000000,0,'megalife102022',1),(326,20,51,'2022-10-13',0,0,1,0,0,0,'megalife13102022',1),(327,20,52,'2022-10-13',0,0,1,0,1923000,0,'megalife13102022',1),(328,20,53,'2022-10-13',0,0,1,0,0,0,'1100000355128-13-10-2022',1),(329,20,54,'2022-10-14',0,0,1,0,20560800,0,'Unair14102022',1),(330,20,55,'2022-10-13',0,0,1,0,915750,0,'1100000355128-13-10-2022',1),(331,20,56,'2022-10-15',0,0,1,0,1107148,0,'INV/20221015/MPL/2738677079',1),(332,20,57,'2022-10-24',0,0,1,0,2717280,0,'221030004307',1),(333,1,20,'2022-10-25',2,0.5,1,0,-18000000,-90000,'PPh Final Oktober 2022',NULL),(334,1,20,'2022-10-25',2,0.5,1,0,-2500000,-12500,'PPh Final Oktober 2022',NULL),(335,1,20,'2022-10-25',2,0.5,1,0,-136046400,-680232,'PPh Final Oktober 2022',NULL),(336,20,58,'2022-10-28',0,0,1,0,10420700,0,'dge28102022',1),(337,20,59,'2022-09-09',0,0,1,0,4950000,0,'dge09092022',1),(338,20,60,'2022-09-29',0,0,1,0,10420700,0,'dge29092022',1),(339,20,61,'2022-10-31',0,0,1,0,350000,0,'diknas31102022',1),(340,1,21,'2022-10-31',1,11,1,0,-62530572.727273,-6878363,'PPN Oktober 2022',NULL),(341,20,62,'2022-11-01',0,0,1,0,0,0,'bkhm01112022',1),(342,20,63,'2022-11-01',0,0,1,0,160000,0,'IVR/20221101/XXII/XI/1399851275',1),(343,20,64,'2022-09-02',0,0,1,0,0,0,'diknas02092022',1),(344,20,65,'2022-08-18',0,0,1,0,0,0,'diknas18082022',1),(345,20,66,'2022-11-04',0,0,1,0,915750,0,'110000035512804112022',1),(346,13,133,'2022-11-04',1,11,1,0,0,0,'auto',NULL),(347,10,131,'2022-11-04',1,11,1,0,0,0,'014/MGS/11/22',0),(348,13,134,'2022-11-04',1,11,1,0,0,0,'auto',NULL),(349,10,132,'2022-11-04',1,11,1,0,0,0,'014/MGS/11/22',0),(350,13,135,'2022-10-31',1,11,1,0,3500000,385000,'auto',NULL),(351,10,133,'2022-10-31',1,11,1,0,3500000,385000,'003/MGS/10/22',0),(352,20,67,'2022-11-09',0,0,1,0,4950000,0,'dge09112022',1),(353,20,68,'2022-11-09',0,0,1,0,20000000,0,'diknas09112022',1),(354,20,69,'2022-11-09',0,0,1,0,7500000,0,'dge09112022',1),(355,20,70,'2022-11-11',1,11,1,0,4050000,445500,'BM-20221110-008',1),(356,20,71,'2022-11-14',0,0,1,0,4843000,0,'diknas14112022',1),(357,20,72,'2022-11-15',0,0,1,0,1000000,0,'IVIP49255083',1),(358,20,73,'2022-11-17',0,0,1,0,8500000,0,'diknas17112022',1),(359,20,74,'2022-11-18',0,0,1,0,31660100,0,'INV/20221118/MPL/2829087223',1),(360,20,75,'2022-11-21',0,0,1,0,2000000,0,'dge21112022',1),(361,20,76,'2022-11-23',0,0,1,0,2500000,0,'diknas23112022',1),(362,20,77,'2022-11-23',0,0,1,0,2717280,0,'221130004058',1),(363,20,78,'2022-11-23',0,0,1,0,1366500,0,'INV/20221123/MPL/2840902280',1),(364,20,79,'2022-11-25',0,0,1,0,10420700,0,'dge25112022',1),(365,20,80,'2022-11-25',0,0,1,0,2500000,0,'diknas25112022',1),(366,20,81,'2022-11-25',0,0,1,0,20560811,0,'unair25112022',1),(367,20,82,'2022-11-29',0,0,1,0,2500000,0,'diknas29112022',1),(368,20,83,'2022-11-29',0,0,1,0,1500000,0,'diknas29112022',1),(369,20,84,'2022-11-30',0,0,1,0,2290600,0,'INV/20221130/MPL/2859546917',1),(370,20,85,'2022-12-02',0,0,1,0,3000000,0,'diknas02122022',1),(371,20,86,'2022-12-08',0,0,1,0,0,0,'Diknas08122022',1),(372,20,87,'2022-12-09',0,0,1,0,9705315,0,'dge09122022',1),(373,20,88,'2022-12-09',0,0,1,0,9600000,0,'10',1),(374,20,89,'2022-12-09',1,11,1,0,1700000,187000,'20221126/7941/3100393924',1),(375,20,90,'2022-12-14',0,0,1,0,15184800,0,'dge14122022',1),(376,1,29,'2022-12-14',2,0.5,1,0,-237610400,-1188052,'PPH Final November 2022',NULL),(377,20,91,'2022-12-15',0,0,1,0,1745000,0,'dge15122022',1),(378,1,30,'2022-12-21',1,11,1,0,0,0,'PPN WAPU Desember 2023',NULL),(379,1,30,'2022-12-21',1,11,1,0,0,0,'PPN WAPU Desember 2023',NULL),(380,1,31,'2022-12-21',2,0.5,1,0,0,0,'PPH WAPU Desember 2023',NULL),(381,1,32,'2022-12-21',2,0.5,1,0,0,0,'PPH WAPU Desember 2023',NULL),(382,1,32,'2022-12-21',2,0.5,1,0,0,0,'PPH WAPU Desember 2023',NULL),(383,20,92,'2022-12-21',0,0,1,0,0,0,'diknas21122022',1),(384,1,33,'2022-08-29',2,0.5,1,0,0,0,'PPH WAPU Agustus 2023',NULL),(385,1,33,'2022-08-29',2,0.5,1,0,0,0,'PPH WAPU Agustus 2023',NULL),(386,1,33,'2022-08-29',2,0.5,1,0,0,0,'PPH WAPU Agustus 2023',NULL),(387,1,33,'2022-08-29',2,0.5,1,0,0,0,'PPH WAPU Agustus 2023',NULL),(388,1,33,'2022-08-29',2,0.5,1,0,0,0,'PPH WAPU Agustus 2023',NULL),(389,1,34,'2022-08-29',1,11,1,0,0,0,'PPN WAPU Agustus 2023',NULL),(390,1,36,'2022-08-31',1,11,1,0,0,0,'PPN WAPU Agustus 2023',NULL),(391,20,93,'2022-08-25',0,0,1,0,1000000,0,'mega25082022',1),(392,20,94,'2022-11-01',0,0,1,0,41013000,0,'bkhm01112022',1),(393,20,95,'2022-06-29',0,0,1,0,0,0,'mega29062022',1),(394,20,96,'2022-12-26',0,0,1,0,0,0,'diknas26122022',1),(395,1,38,'2022-12-20',1,11,1,0,-44594590.909091,-4905405,'PPN WAPU Desember 2022',NULL),(396,1,38,'2022-12-20',1,11,1,0,-37788300,-4156713,'PPN WAPU Desember 2022',NULL),(397,1,39,'2022-12-26',1,11,1,0,-44594590.909091,-4905405,'PPN WAPU Desember 2022',NULL),(398,1,40,'2023-01-10',2,0.5,1,0,0,0,'PPH WAPU Desember 2023',NULL),(399,1,40,'2023-01-10',2,0.5,1,0,0,0,'PPH WAPU Desember 2023',NULL),(400,1,41,'2022-12-22',1,11,1,0,-43094000,-4740340,'PPN Oktober 2022',NULL),(401,1,42,'2022-12-22',2,0.5,1,0,-10000000,-50000,'PPH Desember 2022',NULL),(402,1,43,'2022-12-22',1,11,1,0,0,0,'PPN WAPU Desember 2022',NULL),(403,1,44,'2022-12-23',1,11,1,0,-131136363.63636,-14425000,'PPN WAPU Desember 2022',NULL),(404,20,97,'2022-12-23',0,0,1,0,0,0,'diknas23122022',1),(405,1,45,'2022-12-21',1,11,1,0,-355860000,-39144600,'PPN WAPU Desember 2022',NULL),(406,1,46,'2022-12-22',1,11,1,0,-1039273663.6364,-114320103,'PPN WAPU Desember 2022',NULL),(407,1,47,'2022-08-30',1,11,1,0,0,0,'',NULL),(408,1,48,'2022-08-29',1,11,1,0,-133700000,-14707000,'PPN WAPU Agustus 2022	',NULL),(409,1,49,'2022-08-29',1,11,1,0,-216981981.81818,-23868018,'PPN WAPU Agustus 2022',NULL),(410,20,98,'2022-12-08',0,0,1,0,27300000,0,'Diknas08122022',1),(411,1,50,'2022-11-01',1,11,1,0,-45000000,-4950000,'PPN WAPU November 2022',NULL),(412,1,51,'2022-12-08',1,11,1,0,-30000000,-3300000,'PPN WAPU Desember 2022',NULL),(413,1,52,'2022-10-27',1,11,1,0,-22522527.272727,-2477478,'PPN WAPU Oktober 2022',NULL),(414,20,99,'2022-10-27',0,0,1,0,20527027,0,'diknas27102022',1),(415,1,53,'2022-12-26',1,11,1,0,-22522518.181818,-2477477,'PPN WAPU Desember 2022',NULL),(416,20,100,'2022-12-26',0,0,1,0,20369572,0,'diknas26122022',1),(417,1,54,'2022-07-28',1,11,1,0,0,0,'PPN WAPU Juli 2022',NULL),(418,20,101,'2022-07-28',0,0,1,0,0,0,'diknas28072022',1),(419,1,55,'2022-10-04',1,11,1,0,-30000000,-3300000,'PPN WAPU Oktober 2022',NULL),(420,20,102,'2022-10-04',0,0,1,0,27342000,0,'diknas04102022',1),(421,1,56,'2022-12-08',1,11,1,0,-60000000,-6600000,'PPN WAPU Desember 2022',NULL),(422,20,103,'2022-12-08',0,0,1,0,0,0,'diknas08122022',1),(423,1,57,'2022-12-23',1,11,1,0,-54000000,-5940000,'',NULL),(424,20,104,'2022-12-22',0,0,1,0,250000000,0,'diknas22122022',1),(425,20,105,'2022-12-23',0,0,1,0,170000000,0,'diknas23122022-1',1),(426,20,106,'2022-12-23',0,0,1,0,200000000,0,'diknas23122022-2',1),(427,20,107,'2022-12-26',0,0,1,0,720000000,0,'diknas26122022-1',1),(428,20,108,'2022-12-26',0,0,1,0,2717280,0,'221230004604',1),(429,20,109,'2022-12-29',0,0,1,0,27140500,0,'diknas29122022',1),(430,20,110,'2022-12-29',1,11,1,0,1700000,187000,'20221226/1386/3100393924',1),(431,20,111,'2022-12-29',0,0,1,0,915750,0,'1100000355128-3',1),(432,1,60,'2022-12-30',1,11,1,0,-166534945.45455,-18318844,'',NULL),(433,13,136,'2023-02-16',1,11,1,0,15000000,1650000,'auto',NULL),(434,10,134,'2023-02-16',1,11,1,0,15000000,1650000,'004/MGS/02/23',0),(435,13,137,'2023-02-16',1,11,1,0,15000000,1650000,'auto',NULL),(436,10,135,'2023-02-16',1,11,1,0,15000000,1650000,'005/MGS/02/23',0),(437,13,138,'2023-02-16',1,11,1,0,0,0,'auto',NULL),(438,10,136,'2023-02-16',1,11,1,0,0,0,'006/MGS/02/23',0),(439,13,139,'2023-02-16',1,11,1,0,180000000,19800000,'auto',NULL),(440,10,137,'2023-02-16',1,11,1,0,180000000,19800000,'001/MGS/01/23',0),(441,20,112,'2022-07-05',0,0,1,0,0,0,'0561/JL/UTM/0722',1),(442,20,113,'2022-07-06',0,0,1,0,0,0,'0564/JL/UTM/0722',1),(443,20,114,'2022-07-12',0,0,1,0,0,0,'0565/JL/UTM/0722',1),(444,20,115,'2022-07-15',0,0,1,0,0,0,'0570/JL/UTM/0722',1),(445,20,116,'2022-07-29',0,0,1,0,0,0,'INV/20220729/MPL/2528243706',1),(446,20,117,'2022-07-29',1,11,1,0,10500000,1155000,'IP-ADD/22/07/S3202',1),(447,20,118,'2022-07-22',1,11,1,0,5000000,550000,'OTR/22/07/S3203',1),(448,20,119,'2022-07-19',0,0,1,0,0,0,'INV/20220719/MPL/2499866960',1),(449,20,120,'2022-07-25',1,11,1,0,1348111,148292,'INV159033674',1),(450,20,121,'2022-06-29',1,11,1,0,2210126,243114,'INV155044586',1),(451,20,122,'2022-07-29',0,0,1,0,0,0,'INV/20220729/MPL/2528243706',1),(452,20,123,'2022-07-22',0,0,1,0,0,0,'INV/20220722/MPL/2507772360',1),(453,20,124,'2022-07-17',0,0,1,0,0,0,'INV/20220717/MPL/2495009008',1),(454,20,125,'2022-07-19',0,0,1,0,0,0,'4979/RIA J/01',1),(455,20,126,'2022-08-13',0,0,1,0,0,0,'diknas13082022',1),(456,1,63,'2022-07-27',1,11,1,0,-23779281.818182,-2615721,'PPN WAPU Juli 2022',NULL),(457,20,127,'2022-08-18',0,0,1,0,0,0,'diknas18082022',1),(458,20,128,'2022-09-02',0,0,1,0,0,0,'diknas02092022',1),(459,20,129,'2022-09-11',1,11,1,0,0,0,'INV166099483',1),(460,20,130,'2022-09-11',1,11,1,0,6025655,662822,'INV166099483',1),(461,20,131,'2022-09-30',1,11,1,0,1575585,173314,'INV168915056',1),(462,20,132,'2022-10-11',1,11,1,0,6155240,677076,'INV170643932',1),(463,20,133,'2022-10-30',1,11,1,0,1630075,179308,'INV173497025',1),(464,20,134,'2022-11-11',1,11,1,0,5324792,585727,'INV175067066',1),(465,20,135,'2022-12-11',1,11,1,0,1017158,111887,'INV179499359',1),(466,20,136,'2022-12-20',1,11,1,0,1749592,192455,'INV180640012',1),(467,20,137,'2022-08-13',0,0,1,0,59224636,0,'diknas13082022',1),(468,20,138,'2022-08-18',0,0,1,0,187274982,0,'diknas18082022',1),(469,20,139,'2022-09-02',0,0,1,0,115375500,0,'diknas02092022',1),(470,20,140,'2022-12-08',0,0,1,0,46292402,0,'diknas08122022',1),(471,20,141,'2022-12-23',0,0,1,0,76130000,0,'diknas23122022',1),(472,20,142,'2022-12-26',0,0,1,0,99047545,0,'diknas26122022',1),(473,13,140,'2023-02-21',1,11,1,0,24000000,2640000,'auto',NULL),(474,10,138,'2023-02-21',1,11,1,0,24000000,2640000,'006/MGS/02/23',0),(475,13,141,'2023-02-22',1,11,1,0,13500000,1485000,'auto',NULL),(476,10,139,'2023-02-22',1,11,1,0,13500000,1485000,'007/MGS/02/23',0),(477,13,142,'2023-02-24',1,11,1,0,45000000,4950000,'auto',NULL),(478,10,140,'2023-02-24',1,11,1,0,45000000,4950000,'008/MGS/02/23',0),(479,13,143,'2023-03-01',1,11,1,0,8500000,935000,'auto',NULL),(480,10,141,'2023-03-01',1,11,1,0,8500000,935000,'001/MGS/03/23',0),(481,13,144,'2023-03-01',1,11,1,0,7250000,797500,'auto',NULL),(482,10,142,'2023-03-01',1,11,1,0,7250000,797500,'002/MGS/03/23',0),(483,13,145,'2023-03-01',1,11,1,0,4500000,495000,'auto',NULL),(484,10,143,'2023-03-01',1,11,1,0,4500000,495000,'003/MGS/03/23',0),(485,13,146,'2023-03-09',1,11,1,0,0,0,'auto',NULL),(486,10,144,'2023-03-09',1,11,1,0,0,0,'004/MGS/03/23',0),(487,13,147,'2023-03-09',1,11,1,0,6000000,660000,'auto',NULL),(488,10,145,'2023-03-09',1,11,1,0,6000000,660000,'004/MGS/03/23',0),(489,13,148,'2023-03-14',1,11,1,0,22972973,2527027,'auto',NULL),(490,10,146,'2023-03-14',1,11,1,0,22972973,2527027,'005/MGS/03/23',0),(491,13,149,'2023-03-14',1,11,1,0,22972973,2527027,'auto',NULL),(492,10,147,'2023-03-14',1,11,1,0,22972973,2527027,'006/MGS/03/23',0),(493,13,150,'2023-03-15',1,11,1,0,0,0,'auto',NULL),(494,10,148,'2023-03-15',1,11,1,0,0,0,'007/MGS/03/23',0),(495,13,151,'2023-03-17',1,11,1,0,0,0,'auto',NULL),(496,10,149,'2023-03-17',1,11,1,0,0,0,'008/MGS/03/23',0),(497,13,153,'2023-03-17',1,11,1,0,18918919,2081081,'auto',NULL),(498,10,151,'2023-03-17',1,11,1,0,18918919,2081081,'008/MGS/03/23',0),(499,13,154,'2023-03-21',1,11,1,0,29250000,3217500,'auto',NULL),(500,10,152,'2023-03-21',1,11,1,0,29250000,3217500,'009/MGS/03/23',0),(501,13,155,'2023-03-21',1,11,1,0,4500000,495000,'auto',NULL),(502,10,153,'2023-03-21',1,11,1,0,4500000,495000,'010/MGS/03/23',0),(503,13,156,'2023-03-24',1,11,1,0,27927928,3072072,'auto',NULL),(504,10,154,'2023-03-24',1,11,1,0,27927928,3072072,'011/MGS/03/23',0),(505,13,157,'2023-03-24',1,11,1,0,27927928,3072072,'auto',NULL),(506,10,155,'2023-03-24',1,11,1,0,27927928,3072072,'012/MGS/03/23',0),(507,13,158,'2023-03-24',1,11,1,0,27927928,3072072,'auto',NULL),(508,10,156,'2023-03-24',1,11,1,0,27927928,3072072,'013/MGS/03/23',0),(509,13,159,'2023-03-25',1,11,1,0,44750000,4922500,'auto',NULL),(510,10,157,'2023-03-25',1,11,1,0,44750000,4922500,'014/MGS/03/23',0),(511,13,160,'2023-03-25',1,11,1,0,43000000,4730000,'auto',NULL),(512,10,158,'2023-03-25',1,11,1,0,43000000,4730000,'015/MGS/03/23',0),(513,13,161,'2023-03-25',1,11,1,0,0,0,'auto',NULL),(514,10,159,'2023-03-25',1,11,1,0,0,0,'016/MGS/03/23',0),(515,13,162,'2023-03-25',1,11,1,0,0,0,'auto',NULL),(516,10,160,'2023-03-25',1,11,1,0,0,0,'017/MGS/03/23',0),(517,13,163,'2023-03-25',1,11,1,0,0,0,'auto',NULL),(518,10,161,'2023-03-25',1,11,1,0,0,0,'018/MGS/03/23',0),(519,13,164,'2023-03-25',1,11,1,0,0,0,'auto',NULL),(520,10,162,'2023-03-25',1,11,1,0,0,0,'019/MGS/03/23',0),(521,13,165,'2023-03-25',1,11,1,0,0,0,'auto',NULL),(522,10,163,'2023-03-25',1,11,1,0,0,0,'020/MGS/03/23',0),(523,13,166,'2023-03-25',1,11,1,0,0,0,'auto',NULL),(524,10,164,'2023-03-25',1,11,1,0,0,0,'021/MGS/03/23',0),(525,13,167,'2023-03-25',1,11,1,0,0,0,'auto',NULL),(526,10,165,'2023-03-25',1,11,1,0,0,0,'022/MGS/03/23',0),(527,13,168,'2023-03-18',1,11,1,0,179100000,19701000,'auto',NULL),(528,10,166,'2023-03-18',1,11,1,0,179100000,19701000,'016/MGS/03/23',0),(529,13,169,'2023-03-18',1,11,1,0,89550000,9850500,'auto',NULL),(530,10,167,'2023-03-18',1,11,1,0,89550000,9850500,'017/MGS/03/23',0),(531,13,170,'2023-03-31',1,11,1,0,0,0,'auto',NULL),(532,10,168,'2023-03-31',1,11,1,0,0,0,'018/MGS/03/23',0),(533,13,171,'2023-03-31',1,11,1,0,0,0,'auto',NULL),(534,10,169,'2023-03-31',1,11,1,0,0,0,'019/MGS/03/23',0),(535,13,172,'2023-03-31',1,11,1,0,0,0,'auto',NULL),(536,10,170,'2023-03-31',1,11,1,0,0,0,'020/MGS/03/23',0),(537,13,173,'2023-03-31',1,11,1,0,0,0,'auto',NULL),(538,10,171,'2023-03-31',1,11,1,0,0,0,'021/MGS/03/23',0),(539,13,174,'2023-03-31',1,11,1,0,0,0,'auto',NULL),(540,10,172,'2023-03-31',1,11,1,0,0,0,'022/MGS/03/23',0),(541,13,175,'2023-03-31',1,11,1,0,0,0,'auto',NULL),(542,10,173,'2023-03-31',1,11,1,0,0,0,'023/MGS/03/23',0),(543,13,176,'2023-03-27',1,11,1,0,0,0,'auto',NULL),(544,10,174,'2023-03-27',1,11,1,0,0,0,'019/MGS/03/23',0),(545,13,177,'2023-03-27',1,11,1,0,0,0,'auto',NULL),(546,10,175,'2023-03-27',1,11,1,0,0,0,'018/MGS/03/23',0),(547,13,178,'2023-03-27',1,11,1,0,16975000,1867250,'auto',NULL),(548,10,176,'2023-03-27',1,11,1,0,16975000,1867250,'019/MGS/03/23',0),(549,13,179,'2023-03-27',1,11,1,0,180000000,19800000,'auto',NULL),(550,10,177,'2023-03-27',1,11,1,0,180000000,19800000,'020/MGS/03/23',0),(551,13,180,'2023-03-31',1,11,1,0,10900901,1199099,'auto',NULL),(552,10,178,'2023-03-31',1,11,1,0,10900901,1199099,'021/MGS/03/23',0),(553,13,181,'2023-03-31',1,11,1,0,89550000,9850500,'auto',NULL),(554,10,179,'2023-03-31',1,11,1,0,89550000,9850500,'022/MGS/03/23',0),(555,13,183,'2023-04-11',1,11,1,0,0,0,'auto',NULL),(556,10,181,'2023-04-11',1,11,1,0,0,0,'002/MGS/04/23',0),(557,13,184,'2023-04-11',1,11,1,0,43000000,4730000,'auto',NULL),(558,10,182,'2023-04-11',1,11,1,0,43000000,4730000,'002/MGS/04/23',0),(559,13,185,'2023-04-10',1,11,1,0,180000000,19800000,'auto',NULL),(560,10,183,'2023-04-10',1,11,1,0,180000000,19800000,'001/MGS/04/23',0),(561,13,186,'2023-04-18',1,11,1,0,51750000,5692500,'auto',NULL),(562,10,184,'2023-04-18',1,11,1,0,51750000,5692500,'003/MGS/04/23',0),(563,13,187,'2023-04-18',1,11,1,0,4500000,495000,'auto',NULL),(564,10,185,'2023-04-18',1,11,1,0,4500000,495000,'004/MGS/04/23',0),(565,13,188,'2023-04-18',1,11,1,0,180000000,19800000,'auto',NULL),(566,10,186,'2023-04-18',1,11,1,0,180000000,19800000,'005/MGS/04/23',0),(567,13,189,'2023-05-05',1,11,1,0,10900901,1199099,'auto',NULL),(568,10,187,'2023-05-05',1,11,1,0,10900901,1199099,'001/MGS/05/23',0),(569,13,190,'2023-05-05',1,11,1,0,10900901,1199099,'auto',NULL),(570,10,188,'2023-05-05',1,11,1,0,10900901,1199099,'002/MGS/05/23',0),(571,13,191,'2023-05-05',1,11,1,0,0,0,'auto',NULL),(572,10,189,'2023-05-05',1,11,1,0,0,0,'003/MGS/05/23',0),(573,13,192,'2023-05-18',1,11,1,0,4500000,495000,'auto',NULL),(574,10,190,'2023-05-18',1,11,1,0,4500000,495000,'003/MGS/05/23',0),(575,13,193,'2023-05-19',1,11,1,0,51750000,5692500,'auto',NULL),(576,10,191,'2023-05-19',1,11,1,0,51750000,5692500,'004/MGS/05/23',0),(577,13,194,'2023-05-25',1,11,1,0,180000000,19800000,'auto',NULL),(578,10,192,'2023-05-25',1,11,1,0,180000000,19800000,'005/MGS/05/23',0),(579,13,195,'2023-05-25',1,11,1,0,15000000,1650000,'auto',NULL),(580,10,193,'2023-05-25',1,11,1,0,15000000,1650000,'006/MGS/05/23',0),(581,13,196,'2023-06-05',1,11,1,0,18000000,1980000,'auto',NULL),(582,10,194,'2023-06-05',1,11,1,0,18000000,1980000,'001/MGS/06/23',0),(583,13,197,'2023-06-19',1,11,1,0,37788300,4156713,'auto',NULL),(584,10,195,'2023-06-19',1,11,1,0,37788300,4156713,'002/MGS/06/23',0),(585,13,198,'2023-06-19',1,11,1,0,4500000,495000,'auto',NULL),(586,10,196,'2023-06-19',1,11,1,0,4500000,495000,'003/MGS/06/23',0),(587,13,199,'2023-06-19',1,11,1,0,51750000,5692500,'auto',NULL),(588,10,197,'2023-06-19',1,11,1,0,51750000,5692500,'004/MGS/06/23',0),(589,13,200,'2023-06-21',1,11,1,0,22522553,2477481,'auto',NULL),(590,10,198,'2023-06-21',1,11,1,0,22522553,2477481,'007/MGS/06/23',0),(591,13,201,'2023-06-21',1,11,1,0,180000000,19800000,'auto',NULL),(592,10,199,'2023-06-21',1,11,1,0,180000000,19800000,'005/MGS/06/23',0),(593,13,202,'2023-06-21',1,11,1,0,180000000,19800000,'auto',NULL),(594,10,200,'2023-06-21',1,11,1,0,180000000,19800000,'006/MGS/06/23',0),(595,13,203,'2023-06-28',1,11,1,0,16975000,1867250,'auto',NULL),(596,10,201,'2023-06-28',1,11,1,0,16975000,1867250,'008/MGS/06/23',0),(597,13,204,'2023-07-03',1,11,1,0,22972973,2527027,'auto',NULL),(598,10,202,'2023-07-03',1,11,1,0,22972973,2527027,'001/MGS/07/23',0),(599,13,205,'2023-07-04',1,11,1,0,22972973,2527027,'auto',NULL),(600,10,203,'2023-07-04',1,11,1,0,22972973,2527027,'003/MGS/07/23',0),(601,13,206,'2023-07-04',1,11,1,0,180000000,19800000,'auto',NULL),(602,10,204,'2023-07-04',1,11,1,0,180000000,19800000,'002/MGS/07/23',0),(603,13,207,'2023-07-13',1,11,1,0,40200000,4422000,'auto',NULL),(604,10,205,'2023-07-13',1,11,1,0,40200000,4422000,'004/MGS/07/23',0),(605,13,208,'2023-07-18',1,11,1,0,51750000,5692500,'auto',NULL),(606,10,206,'2023-07-18',1,11,1,0,51750000,5692500,'005/MGS/07/23',0),(607,13,209,'2023-07-18',1,11,1,0,0,0,'auto',NULL),(608,10,207,'2023-07-18',1,11,1,0,0,0,'006/MGS/07/23',0),(609,13,210,'2023-07-18',1,11,1,0,4500000,495000,'auto',NULL),(610,10,208,'2023-07-18',1,11,1,0,4500000,495000,'006/MGS/07/23',0),(611,13,211,'2023-07-18',1,11,1,0,44750000,4922500,'auto',NULL),(612,10,209,'2023-07-18',1,11,1,0,44750000,4922500,'007/MGS/07/23',0),(613,13,212,'2023-05-25',1,11,1,0,0,0,'auto',NULL),(614,10,210,'2023-05-25',1,11,1,0,0,0,'007/MGS/05/23',0),(615,13,213,'2023-06-25',1,11,1,0,0,0,'auto',NULL),(616,10,211,'2023-06-25',1,11,1,0,0,0,'009/MGS/06/23',0),(617,13,214,'2023-07-25',1,11,1,0,0,0,'auto',NULL),(618,10,212,'2023-07-25',1,11,1,0,0,0,'008/MGS/07/23',0),(619,13,215,'2023-07-25',1,11,1,0,19819820,2180180,'auto',NULL),(620,10,213,'2023-07-25',1,11,1,0,19819820,2180180,'008/MGS/07/23',0),(621,13,216,'2023-07-25',1,11,1,0,19819820,2180180,'auto',NULL),(622,10,214,'2023-07-25',1,11,1,0,19819820,2180180,'009/MGS/07/23',0),(623,13,217,'2023-07-25',1,11,1,0,0,0,'auto',NULL),(624,10,215,'2023-07-25',1,11,1,0,0,0,'010/MGS/07/23',0),(625,13,218,'2023-07-26',1,11,1,0,43963964,4836036,'auto',NULL),(626,10,216,'2023-07-26',1,11,1,0,43963964,4836036,'011/MGS/07/23',0),(627,13,219,'2023-07-28',1,11,1,0,70000000,7700000,'auto',NULL),(628,10,217,'2023-07-28',1,11,1,0,70000000,7700000,'012/MGS/07/23',0),(629,13,220,'2023-08-01',1,11,1,0,18000000,1980000,'auto',NULL),(630,10,218,'2023-08-01',1,11,1,0,18000000,1980000,'001/MGS/08/23',0),(631,13,221,'2023-08-03',1,11,1,0,0,0,'auto',NULL),(632,10,219,'2023-08-03',1,11,1,0,0,0,'002/MGS/08/23',0),(633,13,222,'2023-08-03',1,11,1,0,0,0,'auto',NULL),(634,10,220,'2023-08-03',1,11,1,0,0,0,'003/MGS/08/23',0),(635,13,223,'2023-08-03',1,11,1,0,0,0,'auto',NULL),(636,10,221,'2023-08-03',1,11,1,0,0,0,'002/MGS/08/23',0),(637,13,224,'2023-08-03',1,11,1,0,25000000,2750000,'auto',NULL),(638,10,222,'2023-08-03',1,11,1,0,25000000,2750000,'002/MGS/08/23',0),(639,13,225,'2023-08-03',1,11,1,0,22000000,2420000,'auto',NULL),(640,10,223,'2023-08-03',1,11,1,0,22000000,2420000,'003/MGS/08/23',0),(641,13,226,'2023-08-07',1,11,1,0,0,0,'25',NULL),(642,13,227,'2023-08-07',1,11,1,0,1135551781,124910696,'25',NULL),(643,10,224,'2023-08-07',1,11,1,0,1135551781,124910696,'004/MGS/08/23',0),(644,13,228,'2023-08-07',1,11,1,0,0,0,'auto',NULL),(645,10,225,'2023-08-07',1,11,1,0,0,0,'005/MGS/08/23',0),(646,13,229,'2023-08-07',1,11,1,0,0,0,'auto',NULL),(647,10,226,'2023-08-07',1,11,1,0,0,0,'005/MGS/08/23',0),(648,13,230,'2023-08-08',1,11,1,0,62448222,6869304,'auto',NULL),(649,10,227,'2023-08-08',1,11,1,0,62448222,6869304,'005/MGS/08/23',0),(650,13,231,'2023-08-18',1,11,1,0,4500000,495000,'auto',NULL),(651,10,228,'2023-08-18',1,11,1,0,4500000,495000,'006/MGS/08/23',0),(652,13,232,'2023-08-18',1,11,1,0,0,0,'auto',NULL),(653,10,229,'2023-08-18',1,11,1,0,0,0,'007/MGS/08/23',0),(654,13,233,'2023-08-18',1,11,1,0,52450000,5769500,'auto',NULL),(655,10,230,'2023-08-18',1,11,1,0,52450000,5769500,'007/MGS/08/23',0),(656,13,234,'2023-08-29',1,11,1,0,10900901,1199099,'auto',NULL),(657,10,231,'2023-08-29',1,11,1,0,10900901,1199099,'008/MGS/08/23',0),(658,13,235,'2023-08-31',1,11,1,0,468000,51480,'auto',NULL),(659,10,232,'2023-08-31',1,11,1,0,468000,51480,'009/MGS/08/23',0),(660,13,236,'2023-09-11',1,11,1,0,0,0,'auto',NULL),(661,10,233,'2023-09-11',1,11,1,0,0,0,'001/MGS/09/23',0),(662,13,237,'2023-09-14',1,11,1,0,10900901,1199099,'auto',NULL),(663,10,234,'2023-09-14',1,11,1,0,10900901,1199099,'004/MGS/09/23',0),(664,13,238,'2023-09-18',1,11,1,0,0,0,'auto',NULL),(665,10,235,'2023-09-18',1,11,1,0,0,0,'006/MGS/09/23',0),(666,13,239,'2023-09-18',1,11,1,0,0,0,'auto',NULL),(667,10,236,'2023-09-18',1,11,1,0,0,0,'007/MGS/09/23',0),(668,13,240,'2023-09-01',1,11,1,0,567775890,62455348,'auto',NULL),(669,10,237,'2023-09-01',1,11,1,0,567775890,62455348,'001/MGS/09/23',0),(670,13,241,'2023-09-01',1,11,1,0,31224111,3434652,'auto',NULL),(671,10,238,'2023-09-01',1,11,1,0,31224111,3434652,'002/MGS/09/23',0),(672,13,242,'2023-09-11',1,11,1,0,11599000,1275890,'auto',NULL),(673,10,239,'2023-09-11',1,11,1,0,11599000,1275890,'003/MGS/09/23',0),(674,13,243,'2023-09-14',1,11,1,0,0,0,'auto',NULL),(675,10,240,'2023-09-14',1,11,1,0,0,0,'008/MGS/09/23',0),(676,13,244,'2023-09-14',1,11,1,0,0,0,'auto',NULL),(677,10,241,'2023-09-14',1,11,1,0,0,0,'008/MGS/09/23',0),(678,13,245,'2023-09-15',1,11,1,0,174999997,19250000,'auto',NULL),(679,10,242,'2023-09-15',1,11,1,0,174999997,19250000,'005/MGS/09/23',0),(680,13,246,'2023-09-18',1,11,1,0,4500000,495000,'auto',NULL),(681,10,243,'2023-09-18',1,11,1,0,4500000,495000,'006/MGS/09/23',0),(682,13,247,'2023-09-18',1,11,1,0,51750000,5692500,'auto',NULL),(683,10,244,'2023-09-18',1,11,1,0,51750000,5692500,'007/MGS/09/23',0),(684,13,248,'2023-09-21',1,11,1,0,37788300,4156713,'auto',NULL),(685,10,245,'2023-09-21',1,11,1,0,37788300,4156713,'008/MGS/09/23',0),(686,13,249,'2023-09-21',1,11,1,0,37788300,4156713,'auto',NULL),(687,10,246,'2023-09-21',1,11,1,0,37788300,4156713,'009/MGS/09/23',0),(688,13,250,'2023-09-21',1,11,1,0,180000000,19800000,'auto',NULL),(689,10,247,'2023-09-21',1,11,1,0,180000000,19800000,'010/MGS/09/23',0),(690,13,251,'2023-09-21',1,11,1,0,180000000,19800000,'auto',NULL),(691,10,248,'2023-09-21',1,11,1,0,180000000,19800000,'011/MGS/09/23',0),(692,13,252,'2023-09-22',1,11,1,0,0,0,'auto',NULL),(693,10,249,'2023-09-22',1,11,1,0,0,0,'012/MGS/09/23',0),(694,13,253,'2023-09-22',1,11,1,0,0,0,'auto',NULL),(695,10,250,'2023-09-22',1,11,1,0,0,0,'013/MGS/09/23',0),(696,13,254,'2023-09-22',1,11,1,0,44750000,4922500,'auto',NULL),(697,10,251,'2023-09-22',1,11,1,0,44750000,4922500,'013/MGS/09/23',0),(698,13,255,'2023-09-25',1,11,1,0,43000000,4730000,'auto',NULL),(699,10,252,'2023-09-25',1,11,1,0,43000000,4730000,'014/MGS/09/23',0),(700,13,256,'2023-09-22',1,11,1,0,43000000,4730000,'auto',NULL),(701,10,253,'2023-09-22',1,11,1,0,43000000,4730000,'012/MGS/09/23',0),(702,13,257,'2023-09-27',1,11,1,0,351000,38610,'auto',NULL),(703,10,254,'2023-09-27',1,11,1,0,351000,38610,'015/MGS/09/23',0),(704,13,258,'2023-09-29',1,11,1,0,16975000,1867250,'auto',NULL),(705,10,255,'2023-09-29',1,11,1,0,16975000,1867250,'016/MGS/09/23',0),(706,13,259,'2023-10-02',1,11,1,0,15315315,1684685,'auto',NULL),(707,10,256,'2023-10-02',1,11,1,0,15315315,1684685,'001/MGS/10/23',0),(708,13,260,'2023-10-09',1,11,1,0,14500000,1595000,'auto',NULL),(709,10,257,'2023-10-09',1,11,1,0,14500000,1595000,'002/MGS/10/23',0),(710,13,261,'2023-10-09',1,11,1,0,252092495,27730174,'auto',NULL),(711,10,258,'2023-10-09',1,11,1,0,252092495,27730174,'003/MGS/10/23',0),(712,13,262,'2023-10-09',1,11,1,0,12489644,1373861,'auto',NULL),(713,10,259,'2023-10-09',1,11,1,0,12489644,1373861,'004/MGS/10/23',0),(714,13,263,'2023-10-11',1,11,1,0,0,0,'26',NULL),(715,10,260,'2023-10-11',1,11,1,0,0,0,'005/MGS/10/23',0),(716,13,264,'2023-10-13',1,11,1,0,538020000,59182200,'auto',NULL),(717,10,261,'2023-10-13',1,11,1,0,538020000,59182200,'005/MGS/10/23',0),(718,13,265,'2023-10-13',1,11,1,0,0,0,'auto',NULL),(719,10,262,'2023-10-13',1,11,1,0,0,0,'006/MGS/10/23',0),(720,13,266,'2023-10-13',1,11,1,0,179100000,19701000,'auto',NULL),(721,10,263,'2023-10-13',1,11,1,0,179100000,19701000,'006/MGS/10/23',0),(722,13,267,'2023-10-16',1,11,1,0,0,0,'auto',NULL),(723,10,264,'2023-10-16',1,11,1,0,0,0,'007/MGS/10/23',0),(724,13,268,'2023-10-16',1,11,1,0,51750000,5692500,'auto',NULL),(725,10,265,'2023-10-16',1,11,1,0,51750000,5692500,'008/MGS/10/23',0),(726,13,269,'2023-10-16',1,11,1,0,4500000,495000,'auto',NULL),(727,10,266,'2023-10-16',1,11,1,0,4500000,495000,'009/MGS/10/23',0),(728,13,270,'2023-10-17',1,11,1,0,12000000,1320000,'auto',NULL),(729,10,267,'2023-10-17',1,11,1,0,12000000,1320000,'010/MGS/10/23',0),(730,13,271,'2023-10-16',1,11,1,0,19819820,2180180,'auto',NULL),(731,10,268,'2023-10-16',1,11,1,0,19819820,2180180,'007/MGS/10/23',0),(732,13,272,'2023-10-20',1,11,1,0,92700000,10197000,'auto',NULL),(733,10,269,'2023-10-20',1,11,1,0,92700000,10197000,'011/MGS/10/23',0),(734,13,273,'2023-10-20',1,11,1,0,0,0,'auto',NULL),(735,10,270,'2023-10-20',1,11,1,0,0,0,'012/MGS/10/23',0),(736,13,274,'2023-10-20',1,11,1,0,26400000,2904000,'auto',NULL),(737,10,271,'2023-10-20',1,11,1,0,26400000,2904000,'012/MGS/10/23',0),(738,13,275,'2023-10-23',1,11,1,0,89550000,9850500,'auto',NULL),(739,10,272,'2023-10-23',1,11,1,0,89550000,9850500,'013/MGS/10/23',0),(740,13,276,'2023-10-23',1,11,1,0,0,0,'auto',NULL),(741,10,273,'2023-10-23',1,11,1,0,0,0,'014/MGS/10/23',0),(742,13,277,'2023-10-23',1,11,1,0,0,0,'auto',NULL),(743,10,274,'2023-10-23',1,11,1,0,0,0,'015/MGS/10/23',0),(744,13,278,'2023-10-23',1,11,1,0,11500000,1265000,'auto',NULL),(745,10,275,'2023-10-23',1,11,1,0,11500000,1265000,'015/MGS/10/23',0),(746,13,279,'2023-10-23',1,11,1,0,0,0,'auto',NULL),(747,10,276,'2023-10-23',1,11,1,0,0,0,'014/MGS/10/23',0),(748,13,280,'2023-10-23',1,11,1,0,20100000,2211000,'auto',NULL),(749,10,277,'2023-10-23',1,11,1,0,20100000,2211000,'014/MGS/10/23',0),(750,13,281,'2023-10-31',1,11,1,0,43396396,4773604,'auto',NULL),(751,10,278,'2023-10-31',1,11,1,0,43396396,4773604,'016/MGS/10/23',0),(752,13,282,'2023-11-06',1,11,1,0,0,0,'auto',NULL),(753,10,279,'2023-11-06',1,11,1,0,0,0,'001/MGS/11/23',0),(754,13,283,'2023-11-06',1,11,1,0,10900901,1199099,'auto',NULL),(755,10,280,'2023-11-06',1,11,1,0,10900901,1199099,'002/MGS/11/23',0),(756,13,284,'2023-11-07',1,11,1,0,0,0,'auto',NULL),(757,10,281,'2023-11-07',1,11,1,0,0,0,'003/MGS/11/23',0),(758,13,285,'2023-11-08',1,11,1,0,9750000,1072500,'auto',NULL),(759,10,282,'2023-11-08',1,11,1,0,9750000,1072500,'004/MGS/11/23',0),(760,13,286,'2023-11-08',1,11,1,0,26500000,2915000,'auto',NULL),(761,10,283,'2023-11-08',1,11,1,0,26500000,2915000,'005/MGS/11/23',0),(762,13,287,'2023-11-08',1,11,1,0,26500000,2915000,'auto',NULL),(763,10,284,'2023-11-08',1,11,1,0,26500000,2915000,'008/MGS/11/23',0),(764,13,288,'2023-11-09',1,11,1,0,26500000,2915000,'auto',NULL),(765,10,285,'2023-11-09',1,11,1,0,26500000,2915000,'009/MGS/11/23',0),(766,13,289,'2023-11-10',1,11,1,0,0,0,'auto',NULL),(767,10,286,'2023-11-10',1,11,1,0,0,0,'010/MGS/11/23',0),(768,13,290,'2023-11-10',1,11,1,0,19500000,2145000,'auto',NULL),(769,10,287,'2023-11-10',1,11,1,0,19500000,2145000,'010/MGS/11/23',0),(770,13,291,'2023-11-06',1,11,1,0,43783740,4816211,'auto',NULL),(771,10,288,'2023-11-06',1,11,1,0,43783740,4816211,'01/MGS/11/23',0),(772,13,292,'2023-11-14',1,11,1,0,178378378,19621622,'auto',NULL),(773,10,289,'2023-11-14',1,11,1,0,178378378,19621622,'006/MGS/11/23',0),(774,13,293,'2023-11-14',1,11,1,0,135495360,14904490,'auto',NULL),(775,10,290,'2023-11-14',1,11,1,0,135495360,14904490,'007/MGS/11/23',0),(776,13,294,'2023-11-14',1,11,1,0,4292629,472189,'auto',NULL),(777,10,291,'2023-11-14',1,11,1,0,4292629,472189,'011/MGS/11/23',0),(778,13,295,'2023-10-24',1,11,1,0,176600000,19426000,'auto',NULL),(779,10,292,'2023-10-24',1,11,1,0,176600000,19426000,'017/MGS/10/23',0),(780,13,296,'2023-10-27',1,11,1,0,0,0,'auto',NULL),(781,10,293,'2023-10-27',1,11,1,0,0,0,'018/MGS/10/23',0),(782,13,297,'2023-11-13',1,11,1,0,176246000,19387060,'auto',NULL),(783,10,294,'2023-11-13',1,11,1,0,176246000,19387060,'012/MGS/11/23',0),(784,13,298,'2023-10-09',1,11,1,0,0,0,'auto',NULL),(785,10,295,'2023-10-09',1,11,1,0,0,0,'018/MGS/10/23',0),(786,13,299,'2023-11-15',1,11,1,0,14500000,1595000,'auto',NULL),(787,10,296,'2023-11-15',1,11,1,0,14500000,1595000,'013/MGS/11/23',0),(788,13,300,'2023-11-16',1,11,1,0,4500000,495000,'auto',NULL),(789,10,297,'2023-11-16',1,11,1,0,4500000,495000,'014/MGS/11/23',0),(790,13,301,'2023-11-16',1,11,1,0,51750000,5692500,'auto',NULL),(791,10,298,'2023-11-16',1,11,1,0,51750000,5692500,'015/MGS/11/23',0),(792,13,302,'2023-11-16',1,11,1,0,12000000,1320000,'auto',NULL),(793,10,299,'2023-11-16',1,11,1,0,12000000,1320000,'016/MGS/11/23',0),(794,13,303,'2023-10-20',1,11,1,0,0,0,'auto',NULL),(795,10,300,'2023-10-20',1,11,1,0,0,0,'018/MGS/10/23',0),(796,13,304,'2023-11-17',1,11,1,0,20200000,2222000,'auto',NULL),(797,10,301,'2023-11-17',1,11,1,0,20200000,2222000,'018/MGS/11/23',0),(798,13,305,'2023-11-20',1,11,1,0,178378378,19621622,'auto',NULL),(799,10,302,'2023-11-20',1,11,1,0,178378378,19621622,'019/MGS/11/23',0),(800,13,306,'2023-11-20',1,11,1,0,178378378,19621622,'auto',NULL),(801,10,303,'2023-11-20',1,11,1,0,178378378,19621622,'020/MGS/11/23',0),(802,13,307,'2023-11-21',1,11,1,0,0,0,'auto',NULL),(803,10,304,'2023-11-21',1,11,1,0,0,0,'021/MGS/11/23',0),(804,13,308,'2023-11-21',1,11,1,0,11500000,1265000,'auto',NULL),(805,10,305,'2023-11-21',1,11,1,0,11500000,1265000,'021/MGS/11/23',0),(806,13,309,'2023-11-28',1,11,1,0,176600000,19426000,'auto',NULL),(807,10,306,'2023-11-28',1,11,1,0,176600000,19426000,'022/MGS/11/23',0),(808,13,310,'2023-11-28',1,11,1,0,9750000,1072500,'auto',NULL),(809,10,307,'2023-11-28',1,11,1,0,9750000,1072500,'023/MGS/11/23',0),(810,13,311,'2023-11-29',1,11,1,0,29890000,3287900,'auto',NULL),(811,10,308,'2023-11-29',1,11,1,0,29890000,3287900,'024/MGS/11/23',0),(812,13,312,'2023-11-29',1,11,1,0,29890000,3287900,'auto',NULL),(813,10,309,'2023-11-29',1,11,1,0,29890000,3287900,'025/MGS/11/23',0),(814,13,313,'2023-11-29',1,11,1,0,29890000,3287900,'auto',NULL),(815,10,310,'2023-11-29',1,11,1,0,29890000,3287900,'026/MGS/11/23',0),(816,13,314,'2023-11-29',1,11,1,0,29890000,3287900,'auto',NULL),(817,10,311,'2023-11-29',1,11,1,0,29890000,3287900,'027/MGS/11/23',0),(818,13,315,'2023-12-01',1,11,1,0,18000000,1980000,'auto',NULL),(819,10,312,'2023-12-01',1,11,1,0,18000000,1980000,'001/MGS/12/23',0),(820,13,316,'2023-12-07',1,11,1,0,12805000,1408550,'auto',NULL),(821,10,313,'2023-12-07',1,11,1,0,12805000,1408550,'002/MGS/12/23',0),(822,13,317,'2023-12-07',1,11,1,0,0,0,'auto',NULL),(823,10,314,'2023-12-07',1,11,1,0,0,0,'003/MGS/12/23',0),(824,13,318,'2023-12-08',1,11,1,0,14500000,1595000,'auto',NULL),(825,10,315,'2023-12-08',1,11,1,0,14500000,1595000,'004/MGS/12/23',0),(826,13,319,'2023-12-07',1,11,1,0,19909910,2190090,'auto',NULL),(827,10,316,'2023-12-07',1,11,1,0,19909910,2190090,'003/MGS/12/23',0),(828,13,320,'2023-12-14',1,11,1,0,44750000,4922500,'auto',NULL),(829,10,317,'2023-12-14',1,11,1,0,44750000,4922500,'005/MGS/12/23',0),(830,13,321,'2023-12-14',1,11,1,0,28400000,3124000,'auto',NULL),(831,10,318,'2023-12-14',1,11,1,0,28400000,3124000,'006/MGS/12/23',0),(832,13,322,'2023-12-14',1,11,1,0,17200000,1892000,'auto',NULL),(833,10,319,'2023-12-14',1,11,1,0,17200000,1892000,'007/MGS/12/23',0),(834,13,323,'2023-12-14',1,11,1,0,540000,59400,'auto',NULL),(835,10,320,'2023-12-14',1,11,1,0,540000,59400,'008/MGS/12/23',0),(836,13,324,'2023-12-15',1,11,1,0,51750000,5692500,'auto',NULL),(837,10,321,'2023-12-15',1,11,1,0,51750000,5692500,'009/MGS/12/23',0),(838,13,325,'2023-12-15',1,11,1,0,4500000,495000,'auto',NULL),(839,10,322,'2023-12-15',1,11,1,0,4500000,495000,'010/MGS/12/23',0),(840,13,326,'2023-12-15',1,11,1,0,16975000,1867250,'auto',NULL),(841,10,323,'2023-12-15',1,11,1,0,16975000,1867250,'011/MGS/12/23',0),(842,13,327,'2023-12-18',1,11,1,0,70000000,7700000,'auto',NULL),(843,10,324,'2023-12-18',1,11,1,0,70000000,7700000,'012/MGS/12/23',0),(844,13,328,'2023-12-18',1,11,1,0,11500000,1265000,'auto',NULL),(845,10,325,'2023-12-18',1,11,1,0,11500000,1265000,'013/MGS/12/23',0),(846,13,329,'2023-12-18',1,11,1,0,7500000,825000,'auto',NULL),(847,10,326,'2023-12-18',1,11,1,0,7500000,825000,'014/MGS/12/23',0),(848,13,330,'2023-12-18',1,11,1,0,19372500,2130975,'auto',NULL),(849,10,327,'2023-12-18',1,11,1,0,19372500,2130975,'015/MGS/12/23',0),(850,13,331,'2023-12-19',1,11,1,0,12000000,1320000,'auto',NULL),(851,10,328,'2023-12-19',1,11,1,0,12000000,1320000,'016/MGS/12/23',0),(852,13,332,'2023-12-19',1,11,1,0,45000000,4950000,'auto',NULL),(853,10,329,'2023-12-19',1,11,1,0,45000000,4950000,'017/MGS/12/23',0),(854,13,333,'2023-12-29',1,11,1,0,0,0,'auto',NULL),(855,10,330,'2023-12-29',1,11,1,0,0,0,'018/MGS/12/23',0),(856,13,334,'2023-12-29',1,11,1,0,81351351,8948649,'auto',NULL),(857,10,331,'2023-12-29',1,11,1,0,81351351,8948649,'018/MGS/12/23',0),(858,13,335,'2023-12-29',1,11,1,0,10900901,1199099,'auto',NULL),(859,10,332,'2023-12-29',1,11,1,0,10900901,1199099,'019/MGS/12/23',0),(860,13,336,'2023-12-29',1,11,1,0,97500000,10725000,'auto',NULL),(861,10,333,'2023-12-29',1,11,1,0,97500000,10725000,'020/MGS/12/23',0),(862,13,337,'2023-12-29',1,11,1,0,0,0,'auto',NULL),(863,10,334,'2023-12-29',1,11,1,0,0,0,'021/MGS/12/23',0),(864,13,338,'2023-12-29',1,11,1,0,0,0,'auto',NULL),(865,10,335,'2023-12-29',1,11,1,0,0,0,'021/MGS/12/23',0),(866,13,339,'2024-01-02',1,11,1,0,14500000,1595000,'auto',NULL),(867,10,336,'2024-01-02',1,11,1,0,14500000,1595000,'001/MGS/01/24',0),(868,13,340,'2024-01-03',1,11,1,0,20200000,2222000,'auto',NULL),(869,10,337,'2024-01-03',1,11,1,0,20200000,2222000,'002/MGS/01/24',0),(870,13,341,'2024-01-03',1,11,1,0,0,0,'auto',NULL),(871,10,338,'2024-01-03',1,11,1,0,0,0,'003/MGS/01/24',0),(872,20,143,'2024-01-02',0,0,1,0,0,0,'INV/20240102/MPL/3658129405',1),(873,20,144,'2024-01-02',0,0,1,0,199247,0,'INV/20220729/MPL/2528243706',1),(874,20,145,'2024-01-01',0,0,1,0,450000,0,'01/01/2024',1),(875,20,146,'2024-01-04',0,0,1,0,68000,0,'O-0237-9474',1),(876,20,147,'2024-01-04',1,11,1,0,0,0,'MLD/INV/2024/I/009',1),(877,20,148,'2024-01-04',1,11,1,0,5200000,572000,'MLD/INV/2024/I/009',1),(878,20,149,'2024-01-04',1,11,1,0,4500000,495000,'500140/FNI.INV.KMY/I/2024',1),(879,20,150,'2024-01-04',1,11,1,0,16600000,1826000,'MLD/INV/2024/I/008',1),(880,13,342,'2024-01-05',1,11,1,0,0,0,'auto',NULL),(881,10,339,'2024-01-05',1,11,1,0,0,0,'003/MGS/01/24',0),(882,13,343,'2024-01-03',1,11,1,0,0,0,'auto',NULL),(883,10,340,'2024-01-03',1,11,1,0,0,0,'003/MGS/01/24',0),(884,20,151,'2024-01-05',0,0,1,0,50000,0,'IVR/20240105/XXIV/I/1893519639',1),(885,13,344,'2024-01-03',1,11,1,0,4458575,490443,'auto',NULL),(886,10,341,'2024-01-03',1,11,1,0,4458575,490443,'003/MGS/01/24',0),(887,20,152,'2023-12-22',0,0,1,0,503000,0,'INV/20231222/MPL/3638612787',1),(888,20,153,'2023-12-15',0,0,1,0,173100,0,'INV/20231215/MPL/3626125711',1),(889,13,345,'2024-01-15',1,11,1,0,51750000,5692500,'auto',NULL),(890,10,342,'2024-01-15',1,11,1,0,51750000,5692500,'004/MGS/01/24',0),(891,13,346,'2024-01-15',1,11,1,0,4500000,495000,'auto',NULL),(892,10,343,'2024-01-15',1,11,1,0,4500000,495000,'005/MGS/01/24',0),(893,13,347,'2024-01-17',1,11,1,0,11500000,1265000,'auto',NULL),(894,10,344,'2024-01-17',1,11,1,0,11500000,1265000,'006/MGS/01/24',0),(895,13,348,'2024-01-17',1,11,1,0,12390000,1362900,'auto',NULL),(896,10,345,'2024-01-17',1,11,1,0,12390000,1362900,'007/MGS/01/24',0),(897,20,154,'2022-11-29',0,0,1,0,226500,0,'INV/20231129/MPL/3592465569',1),(898,20,155,'2022-11-28',0,0,1,0,2159000,0,'INV/20231128/MPL/3590696637',1),(899,20,156,'2022-11-24',0,0,1,0,938650,0,'INV/20231124/MPL/3582287373',1),(900,20,157,'2023-10-31',0,0,1,0,1496000,0,'INV/20231031/MPL/3538401961',1),(901,20,158,'2023-10-20',0,0,1,0,1404500,0,'INV/20231020/MOL/3519919635',1),(902,20,159,'2024-01-19',0,0,1,0,2410900,0,'INV/20231016/MPL/3512203735',1),(903,13,349,'2024-01-22',1,11,1,0,14414414,1585586,'auto',NULL),(904,10,346,'2024-01-22',1,11,1,0,14414414,1585586,'008/MGS/01/24',0),(905,13,350,'2024-01-22',1,11,1,0,1981982,218018,'auto',NULL),(906,10,347,'2024-01-22',1,11,1,0,1981982,218018,'009/MGS/01/24',0),(907,13,351,'2024-01-22',1,11,1,0,20200000,2222000,'auto',NULL),(908,10,348,'2024-01-22',1,11,1,0,20200000,2222000,'010/MGS/01/24',0),(909,13,352,'2024-01-22',1,11,1,0,19375000,2131250,'auto',NULL),(910,10,349,'2024-01-22',1,11,1,0,19375000,2131250,'011/MGS/01/24',0),(911,13,353,'2024-01-29',1,11,1,0,14500000,1595000,'auto',NULL),(912,10,350,'2024-01-29',1,11,1,0,14500000,1595000,'012/MGS/01/24',0),(913,13,354,'2024-01-30',1,11,1,0,18000000,1980000,'auto',NULL),(914,10,351,'2024-01-30',1,11,1,0,18000000,1980000,'013/MGS/01/24',0),(915,13,355,'2024-02-02',1,11,1,0,10960000,1205600,'auto',NULL),(916,10,352,'2024-02-02',1,11,1,0,10960000,1205600,'001/MGS/02/24',0),(917,13,356,'2024-02-06',1,11,1,0,1300000,143000,'auto',NULL),(918,10,353,'2024-02-06',1,11,1,0,1300000,143000,'002/MGS/02/24',0),(919,13,357,'2024-02-07',1,11,1,0,10900901,1199099,'auto',NULL),(920,10,354,'2024-02-07',1,11,1,0,10900901,1199099,'003/MGS/02/24',0),(921,13,358,'2024-02-07',1,11,1,0,0,0,'auto',NULL),(922,10,355,'2024-02-07',1,11,1,0,0,0,'004/MGS/02/24',0),(923,20,160,'2024-02-12',1,11,1,0,49000676,5390074,'Invoice ST/JX/LE/2312-313',1),(924,13,359,'2024-02-13',1,11,1,0,12489644,1373861,'auto',NULL),(925,10,356,'2024-02-13',1,11,1,0,12489644,1373861,'005/MGS/02/24',0),(926,13,360,'2024-02-13',1,11,1,0,0,0,'auto',NULL),(927,10,357,'2024-02-13',1,11,1,0,0,0,'006/MGS/02/24',0),(928,13,361,'2024-02-13',1,11,1,0,43000000,4730000,'auto',NULL),(929,10,358,'2024-02-13',1,11,1,0,43000000,4730000,'004/MGS/02/24',0),(930,13,362,'2024-02-15',1,11,1,0,4500000,495000,'auto',NULL),(931,10,359,'2024-02-15',1,11,1,0,4500000,495000,'006/MGS/02/24',0),(932,13,363,'2024-02-15',1,11,1,0,0,0,'auto',NULL),(933,10,360,'2024-02-15',1,11,1,0,0,0,'007/MGS/02/24',0),(934,13,364,'2024-02-15',1,11,1,0,51750000,5692500,'auto',NULL),(935,10,361,'2024-02-15',1,11,1,0,51750000,5692500,'007/MGS/02/24',0),(936,13,365,'2024-02-16',1,11,1,0,11500000,1265000,'auto',NULL),(937,10,362,'2024-02-16',1,11,1,0,11500000,1265000,'008/MGS/02/24',0),(938,13,366,'2024-02-19',1,11,1,0,12390000,1362900,'auto',NULL),(939,10,363,'2024-02-19',1,11,1,0,12390000,1362900,'009/MGS/02/24',0),(940,13,367,'2024-02-20',1,11,1,0,20200000,2222000,'auto',NULL),(941,10,364,'2024-02-20',1,11,1,0,20200000,2222000,'010/MGS/02/24',0),(942,13,368,'2024-02-20',1,11,1,0,19635000,2159850,'auto',NULL),(943,10,365,'2024-02-20',1,11,1,0,19635000,2159850,'011/MGS/02/24',0),(944,13,369,'2024-02-23',1,11,1,0,0,0,'auto',NULL),(945,10,366,'2024-02-23',1,11,1,0,0,0,'012/MGS/02/24',0),(946,13,370,'2024-02-23',1,11,1,0,0,0,'auto',NULL),(947,10,367,'2024-02-23',1,11,1,0,0,0,'013/MGS/02/24',0),(948,13,371,'2024-02-23',1,11,1,0,0,0,'auto',NULL),(949,10,368,'2024-02-23',1,11,1,0,0,0,'012/MGS/02/24',0),(950,13,372,'2024-02-23',1,11,1,0,14500000,1595000,'auto',NULL),(951,10,369,'2024-02-23',1,11,1,0,14500000,1595000,'012/MGS/02/24',0),(952,13,373,'2024-02-26',1,11,1,0,10900901,1199099,'auto',NULL),(953,10,370,'2024-02-26',1,11,1,0,10900901,1199099,'013/MGS/02/24',0),(954,13,374,'2024-02-26',1,11,1,0,179100000,19701000,'auto',NULL),(955,10,371,'2024-02-26',1,11,1,0,179100000,19701000,'014/MGS/02/24',0),(956,13,375,'2024-02-28',1,11,1,0,11000000,1210000,'auto',NULL),(957,10,372,'2024-02-28',1,11,1,0,11000000,1210000,'015/MGS/02/24',0),(958,13,376,'2024-02-28',1,11,1,0,29833333,3281667,'auto',NULL),(959,10,373,'2024-02-28',1,11,1,0,29833333,3281667,'016/MGS/02/24',0),(960,13,377,'2024-03-04',1,11,1,0,0,0,'auto',NULL),(961,10,374,'2024-03-04',1,11,1,0,0,0,'001/MGS/03/24',0),(962,13,378,'2024-03-08',1,11,1,0,4265000,469150,'auto',NULL),(963,10,375,'2024-03-08',1,11,1,0,4265000,469150,'002/MGS/03/24',0),(964,13,379,'2024-03-08',1,11,1,0,225000,24750,'auto',NULL),(965,10,376,'2024-03-08',1,11,1,0,225000,24750,'003/MGS/03/24',0),(966,1,119,'2024-02-27',2,0.5,1,0,-20400000,-102000,'',NULL),(967,13,380,'2024-03-18',1,11,1,0,51750000,5692500,'auto',NULL),(968,10,377,'2024-03-18',1,11,1,0,51750000,5692500,'004/MGS/03/24',0),(969,13,381,'2024-03-18',1,11,1,0,4500000,495000,'auto',NULL),(970,10,378,'2024-03-18',1,11,1,0,4500000,495000,'005/MGS/03/24',0),(971,13,382,'2024-03-18',1,11,1,0,11500000,1265000,'auto',NULL),(972,10,379,'2024-03-18',1,11,1,0,11500000,1265000,'006/MGS/03/24',0),(973,13,383,'2024-03-18',1,11,1,0,1400000,154000,'auto',NULL),(974,10,380,'2024-03-18',1,11,1,0,1400000,154000,'007/MGS/03/24',0),(975,13,384,'2024-03-18',1,11,1,0,1695000,186450,'auto',NULL),(976,10,381,'2024-03-18',1,11,1,0,1695000,186450,'008/MGS/03/24',0),(977,13,385,'2024-03-18',1,11,1,0,12390000,1362900,'auto',NULL),(978,10,382,'2024-03-18',1,11,1,0,12390000,1362900,'009/MGS/03/24',0),(979,13,386,'2024-03-18',1,11,1,0,20200000,2222000,'auto',NULL),(980,10,383,'2024-03-18',1,11,1,0,20200000,2222000,'010/MGS/03/24',0),(981,13,387,'2024-03-18',1,11,1,0,19616250,2157788,'auto',NULL),(982,10,384,'2024-03-18',1,11,1,0,19616250,2157788,'011/MGS/03/24',0),(983,13,388,'2024-03-26',1,11,1,0,14500000,1595000,'auto',NULL),(984,10,385,'2024-03-26',1,11,1,0,14500000,1595000,'012/MGS/03/24',0),(985,13,389,'2024-03-27',1,11,1,0,0,0,'auto',NULL),(986,10,386,'2024-03-27',1,11,1,0,0,0,'013/MGS/03/24',0),(987,13,390,'2024-03-27',1,11,1,0,76449000,8409390,'auto',NULL),(988,10,387,'2024-03-27',1,11,1,0,76449000,8409390,'013/MGS/03/24',0),(989,13,391,'2024-04-01',1,11,1,0,17350000,1908500,'auto',NULL),(990,10,388,'2024-04-01',1,11,1,0,17350000,1908500,'001/MGS/04/24',0),(991,13,392,'2024-04-01',1,11,1,0,10900901,1199099,'auto',NULL),(992,10,389,'2024-04-01',1,11,1,0,10900901,1199099,'002/MGS/04/24',0),(993,13,393,'2024-04-05',1,11,1,0,0,0,'auto',NULL),(994,10,390,'2024-04-05',1,11,1,0,0,0,'003/MGS/04/24',0),(995,13,394,'2024-04-05',1,11,1,0,7304000,803440,'auto',NULL),(996,10,391,'2024-04-05',1,11,1,0,7304000,803440,'003/MGS/04/24',0),(997,13,395,'2024-04-05',1,11,1,0,0,0,'auto',NULL),(998,10,392,'2024-04-05',1,11,1,0,0,0,'004/MGS/04/24',0),(999,13,396,'2024-04-16',1,11,1,0,4500000,495000,'auto',NULL),(1000,10,393,'2024-04-16',1,11,1,0,4500000,495000,'005/MGS/04/24',0),(1001,13,397,'2024-04-16',1,11,1,0,51750000,5692500,'auto',NULL),(1002,10,394,'2024-04-16',1,11,1,0,51750000,5692500,'006/MGS/04/24',0),(1003,13,398,'2024-04-18',1,11,1,0,12390000,1362900,'auto',NULL),(1004,10,395,'2024-04-18',1,11,1,0,12390000,1362900,'007/MGS/04/24',0),(1005,13,399,'2024-04-19',1,11,1,0,11500000,1265000,'auto',NULL),(1006,10,396,'2024-04-19',1,11,1,0,11500000,1265000,'008/MGS/04/24',0),(1007,13,400,'2024-04-19',1,11,1,0,14500000,1595000,'auto',NULL),(1008,10,397,'2024-04-19',1,11,1,0,14500000,1595000,'009/MGS/04/24',0),(1009,13,401,'2024-04-22',1,11,1,0,10900901,1199099,'auto',NULL),(1010,10,398,'2024-04-22',1,11,1,0,10900901,1199099,'010/MGS/04/24',0),(1011,13,402,'2024-04-22',1,11,1,0,20200000,2222000,'auto',NULL),(1012,10,399,'2024-04-22',1,11,1,0,20200000,2222000,'011/MGS/04/24',0),(1013,13,403,'2024-04-22',1,11,1,0,19887500,2187625,'auto',NULL),(1014,10,400,'2024-04-22',1,11,1,0,19887500,2187625,'012/MGS/04/24',0),(1015,13,404,'2024-04-22',1,11,1,0,3232289,355552,'auto',NULL),(1016,10,401,'2024-04-22',1,11,1,0,3232289,355552,'013/MGS/04/24',0),(1017,13,405,'2024-04-23',1,11,1,0,0,0,'auto',NULL),(1018,10,402,'2024-04-23',1,11,1,0,0,0,'014/MGS/04/24',0),(1019,13,406,'2024-05-13',1,11,1,0,0,0,'auto',NULL),(1020,10,403,'2024-05-13',1,11,1,0,0,0,'001/MGS/05/24',0),(1021,13,407,'2024-05-15',1,11,1,0,0,0,'auto',NULL),(1022,10,404,'2024-05-15',1,11,1,0,0,0,'002/MGS/05/24',0),(1023,13,408,'2024-05-15',1,11,1,0,24600000,2706000,'auto',NULL),(1024,10,405,'2024-05-15',1,11,1,0,24600000,2706000,'001/MGS/05/24',0),(1025,13,409,'2024-05-15',1,11,1,0,20200000,2222000,'auto',NULL),(1026,10,406,'2024-05-15',1,11,1,0,20200000,2222000,'002/MGS/05/24',0),(1027,13,410,'2024-05-15',1,11,1,0,20067500,2207425,'auto',NULL),(1028,10,407,'2024-05-15',1,11,1,0,20067500,2207425,'003/MGS/05/24',0),(1029,13,411,'2024-05-16',1,11,1,0,24000000,2640000,'auto',NULL),(1030,10,408,'2024-05-16',1,11,1,0,24000000,2640000,'004/MGS/05/24',0),(1031,13,412,'2024-05-17',1,11,1,0,12390000,1362900,'auto',NULL),(1032,10,409,'2024-05-17',1,11,1,0,12390000,1362900,'005/MGS/05/24',0),(1033,13,413,'2024-05-20',1,11,1,0,11500000,1265000,'auto',NULL),(1034,10,410,'2024-05-20',1,11,1,0,11500000,1265000,'006/MGS/05/24',0),(1035,13,414,'2024-05-20',1,11,1,0,14500000,1595000,'auto',NULL),(1036,10,411,'2024-05-20',1,11,1,0,14500000,1595000,'007/MGS/05/24',0),(1037,13,415,'2024-05-21',1,11,1,0,178378378,19621622,'auto',NULL),(1038,10,412,'2024-05-21',1,11,1,0,178378378,19621622,'008/MGS/05/24',0),(1039,13,416,'2024-05-27',1,11,1,0,0,0,'auto',NULL),(1040,10,413,'2024-05-27',1,11,1,0,0,0,'009/MGS/05/24',0),(1041,13,417,'2024-05-27',1,11,1,0,0,0,'auto',NULL),(1042,10,414,'2024-05-27',1,11,1,0,0,0,'010/MGS/05/24',0),(1043,13,418,'2024-05-27',1,11,1,0,0,0,'auto',NULL),(1044,10,415,'2024-05-27',1,11,1,0,0,0,'011/MGS/05/24',0),(1045,13,419,'2024-05-27',1,11,1,0,57400000,6314000,'auto',NULL),(1046,10,416,'2024-05-27',1,11,1,0,57400000,6314000,'009/MGS/05/24',0),(1047,13,420,'2024-05-27',1,11,1,0,10956000,1205160,'auto',NULL),(1048,10,417,'2024-05-27',1,11,1,0,10956000,1205160,'010/MGS/05/24',0),(1049,13,421,'2024-05-28',1,11,1,0,10900901,1199099,'auto',NULL),(1050,10,418,'2024-05-28',1,11,1,0,10900901,1199099,'011/MGS/05/24',0),(1051,13,422,'2024-05-28',1,11,1,0,3267741,359452,'auto',NULL),(1052,10,419,'2024-05-28',1,11,1,0,3267741,359452,'012/MGS/05/24',0),(1053,13,423,'2024-05-30',1,11,1,0,7266000,799260,'auto',NULL),(1054,10,420,'2024-05-30',1,11,1,0,7266000,799260,'013/MGS/05/24',0),(1055,13,424,'2024-05-30',1,11,1,0,4000000,440000,'auto',NULL),(1056,10,421,'2024-05-30',1,11,1,0,4000000,440000,'014/MGS/05/24',0),(1057,13,425,'2024-05-31',1,11,1,0,4750000,522500,'auto',NULL),(1058,10,422,'2024-05-31',1,11,1,0,4750000,522500,'015/MGS/05/24',0),(1059,13,426,'2024-06-05',1,11,1,0,76944000,8463840,'auto',NULL),(1060,10,423,'2024-06-05',1,11,1,0,76944000,8463840,'001/MGS/06/24',0),(1061,13,427,'2024-06-12',1,11,1,0,0,0,'auto',NULL),(1062,10,424,'2024-06-12',1,11,1,0,0,0,'002/MGS/06/24',0),(1063,13,428,'2024-06-12',1,11,1,0,1500000,165000,'auto',NULL),(1064,10,425,'2024-06-12',1,11,1,0,1500000,165000,'002/MGS/06/24',0),(1065,13,429,'2024-06-13',1,11,1,0,5703500,627385,'auto',NULL),(1066,10,426,'2024-06-13',1,11,1,0,5703500,627385,'003/MGS/06/24',0),(1067,13,430,'2024-06-19',1,11,1,0,12390000,1362900,'auto',NULL),(1068,10,427,'2024-06-19',1,11,1,0,12390000,1362900,'004/MGS/06/24',0),(1069,13,431,'2024-06-19',1,11,1,0,11500000,1265000,'auto',NULL),(1070,10,428,'2024-06-19',1,11,1,0,11500000,1265000,'005/MGS/06/24',0),(1071,13,432,'2024-06-19',1,11,1,0,14500000,1595000,'auto',NULL),(1072,10,429,'2024-06-19',1,11,1,0,14500000,1595000,'006/MGS/06/24',0),(1073,13,433,'2024-06-19',1,11,1,0,20200000,2222000,'auto',NULL),(1074,10,430,'2024-06-19',1,11,1,0,20200000,2222000,'007/MGS/06/24',0),(1075,13,434,'2024-06-19',1,11,1,0,20306250,2233688,'auto',NULL),(1076,10,431,'2024-06-19',1,11,1,0,20306250,2233688,'008/MGS/06/24',0),(1077,13,435,'2024-06-24',1,11,1,0,12000000,1320000,'auto',NULL),(1078,10,432,'2024-06-24',1,11,1,0,12000000,1320000,'009/MGS/06/24',0),(1079,13,436,'2024-06-24',1,11,1,0,17350000,1908500,'auto',NULL),(1080,10,433,'2024-06-24',1,11,1,0,17350000,1908500,'010/MGS/06/24',0),(1081,13,437,'2024-06-26',1,11,1,0,70000000,7700000,'auto',NULL),(1082,10,434,'2024-06-26',1,11,1,0,70000000,7700000,'011/MGS/06/24',0),(1083,13,438,'2024-07-01',1,11,1,0,10900901,1199099,'auto',NULL),(1084,10,435,'2024-07-01',1,11,1,0,10900901,1199099,'001/MGS/07/24',0),(1085,13,439,'2024-07-02',1,11,1,0,4000000,440000,'auto',NULL),(1086,10,436,'2024-07-02',1,11,1,0,4000000,440000,'002/MGS/07/24',0),(1087,13,440,'2024-07-03',1,11,1,0,11836757,1302043,'auto',NULL),(1088,10,437,'2024-07-03',1,11,1,0,11836757,1302043,'003/MGS/07/24',0),(1089,13,441,'2024-07-03',1,11,1,0,17225000,1894750,'auto',NULL),(1090,10,438,'2024-07-03',1,11,1,0,17225000,1894750,'004/MGS/07/24',0),(1091,13,442,'2024-07-03',1,11,1,0,6931500,762465,'auto',NULL),(1092,10,439,'2024-07-03',1,11,1,0,6931500,762465,'005/MGS/07/24',0),(1093,13,443,'2024-07-04',1,11,1,0,20500000,2255000,'auto',NULL),(1094,10,440,'2024-07-04',1,11,1,0,20500000,2255000,'006/MGS/07/24',0),(1095,13,444,'2024-07-04',1,11,1,0,0,0,'auto',NULL),(1096,10,441,'2024-07-04',1,11,1,0,0,0,'007/MGS/07/24',0),(1097,13,445,'2024-07-04',1,11,1,0,0,0,'auto',NULL),(1098,10,442,'2024-07-04',1,11,1,0,0,0,'008/MGS/07/24',0),(1099,13,446,'2024-07-04',1,11,1,0,21500000,2365000,'auto',NULL),(1100,10,443,'2024-07-04',1,11,1,0,21500000,2365000,'009/MGS/07/24',0),(1101,13,447,'2024-07-04',1,11,1,0,0,0,'auto',NULL),(1102,10,444,'2024-07-04',1,11,1,0,0,0,'010/MGS/07/24',0),(1103,13,448,'2024-07-05',1,11,1,0,55000000,6050000,'auto',NULL),(1104,10,445,'2024-07-05',1,11,1,0,55000000,6050000,'011/MGS/07/24',0),(1105,13,449,'2024-07-09',1,11,1,0,12164000,1338040,'auto',NULL),(1106,10,446,'2024-07-09',1,11,1,0,12164000,1338040,'012/MGS/07/24',0),(1107,13,450,'2024-07-10',1,11,1,0,990000,108900,'auto',NULL),(1108,10,447,'2024-07-10',1,11,1,0,990000,108900,'013/MGS/07/24',0),(1109,13,451,'2024-07-11',1,11,1,0,8790000,966900,'auto',NULL),(1110,10,448,'2024-07-11',1,11,1,0,8790000,966900,'014/MGS/07/24',0),(1111,13,452,'2024-07-11',1,11,1,0,1442000,158620,'auto',NULL),(1112,10,449,'2024-07-11',1,11,1,0,1442000,158620,'015/MGS/07/24',0),(1113,13,453,'2024-07-11',1,11,1,0,8000000,880000,'auto',NULL),(1114,10,450,'2024-07-11',1,11,1,0,8000000,880000,'016/MGS/07/24',0),(1115,13,454,'2024-07-12',1,11,1,0,6931500,762465,'auto',NULL),(1116,10,451,'2024-07-12',1,11,1,0,6931500,762465,'017/MGS/07/24',0),(1117,13,455,'2024-07-17',1,11,1,0,12390000,1362900,'auto',NULL),(1118,10,452,'2024-07-17',1,11,1,0,12390000,1362900,'018/MGS/07/24',0),(1119,13,456,'2024-07-17',1,11,1,0,11500000,1265000,'auto',NULL),(1120,10,453,'2024-07-17',1,11,1,0,11500000,1265000,'019/MGS/07/24',0),(1121,13,457,'2024-07-17',1,11,1,0,14500000,1595000,'auto',NULL),(1122,10,454,'2024-07-17',1,11,1,0,14500000,1595000,'020/MGS/07/24',0),(1123,13,458,'2024-07-17',1,11,1,0,82072072,9027928,'auto',NULL),(1124,10,455,'2024-07-17',1,11,1,0,82072072,9027928,'021/MGS/07/24',0),(1125,13,459,'2024-07-22',1,11,1,0,20200000,2222000,'auto',NULL),(1126,10,456,'2024-07-22',1,11,1,0,20200000,2222000,'022/MGS/07/24',0),(1127,13,460,'2024-07-22',1,11,1,0,20290000,2231900,'auto',NULL),(1128,10,457,'2024-07-22',1,11,1,0,20290000,2231900,'023/MGS/07/24',0),(1129,13,461,'2024-07-23',1,11,1,0,46240000,5086400,'auto',NULL),(1130,10,458,'2024-07-23',1,11,1,0,46240000,5086400,'024/MGS/07/24',0),(1131,13,462,'2024-07-22',1,11,1,0,178378378,19621622,'auto',NULL),(1132,10,459,'2024-07-22',1,11,1,0,178378378,19621622,'025/MGS/07/24',0),(1133,13,463,'2024-07-25',1,11,1,0,2500000,275000,'auto',NULL),(1134,10,460,'2024-07-25',1,11,1,0,2500000,275000,'026/MGS/07/24',0),(1135,13,464,'2024-07-29',1,11,1,0,0,0,'auto',NULL),(1136,10,461,'2024-07-29',1,11,1,0,0,0,'027/MGS/07/24',0),(1137,13,465,'2024-07-29',1,11,1,0,990000,108900,'auto',NULL),(1138,10,462,'2024-07-29',1,11,1,0,990000,108900,'028/MGS/07/24',0),(1139,13,466,'2024-07-29',1,11,1,0,4000000,440000,'auto',NULL),(1140,10,463,'2024-07-29',1,11,1,0,4000000,440000,'029/MGS/07/24',0),(1141,13,467,'2024-07-29',1,11,1,0,10900901,1199099,'auto',NULL),(1142,10,464,'2024-07-29',1,11,1,0,10900901,1199099,'030/MGS/07/24',0),(1143,13,468,'2024-07-29',1,11,1,0,0,0,'auto',NULL),(1144,10,465,'2024-07-29',1,11,1,0,0,0,'031/MGS/07/24',0),(1145,13,469,'2024-07-29',1,11,1,0,0,0,'auto',NULL),(1146,10,466,'2024-07-29',1,11,1,0,0,0,'027/MGS/07/24',0),(1147,13,470,'2024-07-29',1,11,1,0,12000000,1320000,'auto',NULL),(1148,10,467,'2024-07-29',1,11,1,0,12000000,1320000,'027/MGS/07/24',0),(1149,13,471,'2024-07-30',1,11,1,0,6631531,729468,'auto',NULL),(1150,10,468,'2024-07-30',1,11,1,0,6631531,729468,'031/MGS/07/24',0),(1151,13,472,'2024-07-30',1,11,1,0,32000000,3520000,'auto',NULL),(1152,10,469,'2024-07-30',1,11,1,0,32000000,3520000,'032/MGS/07/24',0),(1153,13,473,'2024-08-06',1,11,1,0,178378378,19621622,'auto',NULL),(1154,10,470,'2024-08-06',1,11,1,0,178378378,19621622,'001/MGS/08/24',0),(1155,13,474,'2024-08-06',1,11,1,0,13000000,1430000,'auto',NULL),(1156,10,471,'2024-08-06',1,11,1,0,13000000,1430000,'002/MGS/08/24',0),(1157,13,475,'2024-08-06',1,11,1,0,0,0,'auto',NULL),(1158,10,472,'2024-08-06',1,11,1,0,0,0,'003/MGS/08/24',0),(1159,13,476,'2024-08-06',1,11,1,0,50240000,5526400,'auto',NULL),(1160,10,473,'2024-08-06',1,11,1,0,50240000,5526400,'003/MGS/08/24',0),(1161,13,477,'2024-08-12',1,11,1,0,6048000,665280,'auto',NULL),(1162,10,474,'2024-08-12',1,11,1,0,6048000,665280,'004/MGS/08/24',0),(1163,13,478,'2024-08-12',1,11,1,0,20500000,2255000,'auto',NULL),(1164,10,475,'2024-08-12',1,11,1,0,20500000,2255000,'005/MGS/08/24',0),(1165,13,479,'2024-08-12',1,11,1,0,990000,108900,'auto',NULL),(1166,10,476,'2024-08-12',1,11,1,0,990000,108900,'006/MGS/08/24',0),(1167,13,480,'2024-08-12',1,11,1,0,18000000,1980000,'auto',NULL),(1168,10,477,'2024-08-12',1,11,1,0,18000000,1980000,'007/MGS/08/24',0),(1169,13,481,'2024-08-12',1,11,1,0,73210500,8053155,'auto',NULL),(1170,10,478,'2024-08-12',1,11,1,0,73210500,8053155,'008/MGS/08/24',0),(1171,13,482,'2024-08-14',1,11,1,0,0,0,'auto',NULL),(1172,10,479,'2024-08-14',1,11,1,0,0,0,'009/MGS/08/24',0),(1173,13,483,'2024-08-14',1,11,1,0,178378378,19621622,'auto',NULL),(1174,10,480,'2024-08-14',1,11,1,0,178378378,19621622,'009/MGS/08/24',0),(1175,13,484,'2024-08-14',1,11,1,0,6931500,762465,'auto',NULL),(1176,10,481,'2024-08-14',1,11,1,0,6931500,762465,'010/MGS/08/24',0),(1177,13,485,'2024-08-14',1,11,1,0,990000,108900,'auto',NULL),(1178,10,482,'2024-08-14',1,11,1,0,990000,108900,'011/MGS/08/24',0),(1179,13,486,'2024-08-14',1,11,1,0,5000000,550000,'auto',NULL),(1180,10,483,'2024-08-14',1,11,1,0,5000000,550000,'012/MGS/08/24',0),(1181,13,487,'2024-08-23',1,11,1,0,990000,108900,'auto',NULL),(1182,10,484,'2024-08-23',1,11,1,0,990000,108900,'013/MGS/08/24',0),(1183,13,488,'2024-08-22',1,11,1,0,2100000,231000,'auto',NULL),(1184,10,485,'2024-08-22',1,11,1,0,2100000,231000,'014/MGS/08/24',0),(1185,13,489,'2024-08-23',1,11,1,0,8766000,964260,'auto',NULL),(1186,10,486,'2024-08-23',1,11,1,0,8766000,964260,'015/MGS/08/24',0),(1187,13,490,'2024-08-23',1,11,1,0,990000,108900,'auto',NULL),(1188,10,487,'2024-08-23',1,11,1,0,990000,108900,'016/MGS/08/24',0),(1189,13,491,'2024-08-23',1,11,1,0,990000,108900,'auto',NULL),(1190,10,488,'2024-08-23',1,11,1,0,990000,108900,'017/MGS/08/24',0),(1191,13,492,'2024-08-23',1,11,1,0,12390000,1362900,'auto',NULL),(1192,10,489,'2024-08-23',1,11,1,0,12390000,1362900,'018/MGS/08/24',0),(1193,13,493,'2024-08-23',1,11,1,0,11500000,1265000,'auto',NULL),(1194,10,490,'2024-08-23',1,11,1,0,11500000,1265000,'019/MGS/08/24',0),(1195,13,494,'2024-08-23',1,11,1,0,11000000,1210000,'auto',NULL),(1196,10,491,'2024-08-23',1,11,1,0,11000000,1210000,'020/MGS/08/24',0),(1197,13,495,'2024-08-26',1,11,1,0,20200000,2222000,'auto',NULL),(1198,10,492,'2024-08-26',1,11,1,0,20200000,2222000,'021/MGS/08/24',0),(1199,13,496,'2024-08-26',1,11,1,0,19736250,2170988,'auto',NULL),(1200,10,493,'2024-08-26',1,11,1,0,19736250,2170988,'022/MGS/08/24',0),(1201,13,497,'2024-08-28',1,11,1,0,0,0,'auto',NULL),(1202,10,494,'2024-08-28',1,11,1,0,0,0,'023/MGS/08/24',0),(1203,13,498,'2024-08-28',1,11,1,0,0,0,'auto',NULL),(1204,10,495,'2024-08-28',1,11,1,0,0,0,'024/MGS/08/24',0),(1205,13,499,'2024-09-02',1,11,1,0,4000000,440000,'auto',NULL),(1206,10,496,'2024-09-02',1,11,1,0,4000000,440000,'001/MGS/09/24',0),(1207,13,500,'2024-09-02',1,11,1,0,4000000,440000,'auto',NULL),(1208,10,497,'2024-09-02',1,11,1,0,4000000,440000,'002/MGS/09/24',0),(1209,13,501,'2024-09-02',1,11,1,0,4000000,440000,'auto',NULL),(1210,10,498,'2024-09-02',1,11,1,0,4000000,440000,'003/MGS/09/24',0),(1211,13,502,'2024-09-02',1,11,1,0,12000000,1320000,'auto',NULL),(1212,10,499,'2024-09-02',1,11,1,0,12000000,1320000,'004/MGS/09/24',0),(1213,13,503,'2024-09-02',1,11,1,0,10900901,1199099,'auto',NULL),(1214,10,500,'2024-09-02',1,11,1,0,10900901,1199099,'005/MGS/09/24',0),(1215,13,504,'2024-09-02',1,11,1,0,81000000,8910000,'auto',NULL),(1216,10,501,'2024-09-02',1,11,1,0,81000000,8910000,'006/MGS/09/24',0),(1217,13,505,'2024-09-02',1,11,1,0,367500000,40425000,'auto',NULL),(1218,10,502,'2024-09-02',1,11,1,0,367500000,40425000,'007/MGS/09/24',0),(1219,13,506,'2024-09-02',1,11,1,0,1575310,173284,'auto',NULL),(1220,10,503,'2024-09-02',1,11,1,0,1575310,173284,'008/MGS/09/24',0),(1221,13,507,'2024-09-02',1,11,1,0,6833000,751630,'auto',NULL),(1222,10,504,'2024-09-02',1,11,1,0,6833000,751630,'009/MGS/09/24',0),(1223,13,508,'2024-09-02',1,11,1,0,50240000,5526400,'auto',NULL),(1224,10,505,'2024-09-02',1,11,1,0,50240000,5526400,'010/MGS/09/24',0),(1225,13,509,'2024-09-02',1,11,1,0,3100000,341000,'auto',NULL),(1226,10,506,'2024-09-02',1,11,1,0,3100000,341000,'011/MGS/09/24',0),(1227,13,510,'2024-09-02',1,11,1,0,18000000,1980000,'auto',NULL),(1228,10,507,'2024-09-02',1,11,1,0,18000000,1980000,'012/MGS/09/24',0),(1229,13,511,'2024-09-11',1,11,1,0,7500000,825000,'auto',NULL),(1230,10,508,'2024-09-11',1,11,1,0,7500000,825000,'013/MGS/09/24',0),(1231,13,512,'2024-09-13',1,11,1,0,3500000,385000,'auto',NULL),(1232,10,509,'2024-09-13',1,11,1,0,3500000,385000,'014/MGS/09/24',0),(1233,13,513,'2024-09-19',1,11,1,0,94500000,10395000,'auto',NULL),(1234,10,510,'2024-09-19',1,11,1,0,94500000,10395000,'015/MGS/09/24',0),(1235,13,514,'2024-09-19',1,11,1,0,12390000,1362900,'auto',NULL),(1236,10,511,'2024-09-19',1,11,1,0,12390000,1362900,'016/MGS/09/24',0),(1237,13,515,'2024-09-19',1,11,1,0,11500000,1265000,'auto',NULL),(1238,10,512,'2024-09-19',1,11,1,0,11500000,1265000,'017/MGS/09/24',0),(1239,13,516,'2024-09-19',1,11,1,0,11000000,1210000,'auto',NULL),(1240,10,513,'2024-09-19',1,11,1,0,11000000,1210000,'018/MGS/09/24',0),(1241,13,517,'2024-09-20',1,11,1,0,20200000,2222000,'auto',NULL),(1242,10,514,'2024-09-20',1,11,1,0,20200000,2222000,'019/MGS/09/24',0),(1243,13,518,'2024-09-20',1,11,1,0,19283750,2121213,'auto',NULL),(1244,10,515,'2024-09-20',1,11,1,0,19283750,2121213,'020/MGS/09/24',0),(1245,13,519,'2024-09-23',1,11,1,0,0,0,'auto',NULL),(1246,10,516,'2024-09-23',1,11,1,0,0,0,'021/MGS/09/24',0),(1247,13,520,'2024-09-24',1,11,1,0,0,0,'auto',NULL),(1248,10,517,'2024-09-24',1,11,1,0,0,0,'022/MGS/09/24',0),(1249,13,521,'2024-09-24',1,11,1,0,0,0,'auto',NULL),(1250,10,518,'2024-09-24',1,11,1,0,0,0,'023/MGS/09/24',0),(1251,13,522,'2024-09-24',1,11,1,0,0,0,'auto',NULL),(1252,10,519,'2024-09-24',1,11,1,0,0,0,'023/MGS/09/24',0),(1253,13,523,'2024-09-24',1,11,1,0,0,0,'auto',NULL),(1254,10,520,'2024-09-24',1,11,1,0,0,0,'024/MGS/09/24',0),(1255,13,524,'2024-09-24',1,11,1,0,0,0,'auto',NULL),(1256,10,521,'2024-09-24',1,11,1,0,0,0,'025/MGS/09/24',0),(1257,13,525,'2024-09-25',1,11,1,0,0,0,'auto',NULL),(1258,10,522,'2024-09-25',1,11,1,0,0,0,'026/MGS/09/24',0),(1259,13,526,'2024-09-25',1,11,1,0,0,0,'auto',NULL),(1260,10,523,'2024-09-25',1,11,1,0,0,0,'026/MGS/09/24',0),(1261,13,527,'2024-09-25',1,11,1,0,0,0,'auto',NULL),(1262,10,524,'2024-09-25',1,11,1,0,0,0,'027/MGS/09/24',0),(1263,13,528,'2024-09-25',1,11,1,0,0,0,'auto',NULL),(1264,10,525,'2024-09-25',1,11,1,0,0,0,'028/MGS/09/24',0),(1265,13,529,'2024-09-25',1,11,1,0,0,0,'auto',NULL),(1266,10,526,'2024-09-25',1,11,1,0,0,0,'029/MGS/09/24',0),(1267,13,530,'2024-09-24',1,11,1,0,990000,108900,'auto',NULL),(1268,10,527,'2024-09-24',1,11,1,0,990000,108900,'021/MGS/09/24',0),(1269,13,531,'2024-09-24',1,11,1,0,20500000,2255000,'auto',NULL),(1270,10,528,'2024-09-24',1,11,1,0,20500000,2255000,'022/MGS/09/24',0),(1271,13,532,'2024-09-24',1,11,1,0,0,0,'auto',NULL),(1272,10,529,'2024-09-24',1,11,1,0,0,0,'023/MGS/09/24',0),(1273,13,533,'2024-09-24',1,11,1,0,990000,108900,'auto',NULL),(1274,10,530,'2024-09-24',1,11,1,0,990000,108900,'023/MGS/09/24',0),(1275,13,534,'2024-09-24',1,11,1,0,990000,108900,'auto',NULL),(1276,10,531,'2024-09-24',1,11,1,0,990000,108900,'024/MGS/09/24',0),(1277,13,535,'2024-09-24',1,11,1,0,990000,108900,'auto',NULL),(1278,10,532,'2024-09-24',1,11,1,0,990000,108900,'025/MGS/09/24',0),(1279,13,536,'2024-09-24',1,11,1,0,4500000,495000,'auto',NULL),(1280,10,533,'2024-09-24',1,11,1,0,4500000,495000,'026/MGS/09/24',0),(1281,13,537,'2024-09-27',1,11,1,0,990000,108900,'auto',NULL),(1282,10,534,'2024-09-27',1,11,1,0,990000,108900,'027/MGS/09/24',0),(1283,13,538,'2024-09-27',1,11,1,0,990000,108900,'auto',NULL),(1284,10,535,'2024-09-27',1,11,1,0,990000,108900,'028/MGS/09/24',0),(1285,13,539,'2024-09-27',1,11,1,0,0,0,'auto',NULL),(1286,10,536,'2024-09-27',1,11,1,0,0,0,'029/MGS/09/24',0),(1287,13,540,'2024-09-27',1,11,1,0,4000000,440000,'auto',NULL),(1288,10,537,'2024-09-27',1,11,1,0,4000000,440000,'030/MGS/09/24',0),(1289,13,541,'2024-09-27',1,11,1,0,17350000,1908500,'auto',NULL),(1290,10,538,'2024-09-27',1,11,1,0,17350000,1908500,'031/MGS/09/24',0),(1291,13,542,'2024-09-30',1,11,1,0,0,0,'auto',NULL),(1292,10,539,'2024-09-30',1,11,1,0,0,0,'032/MGS/09/24',0),(1293,13,543,'2024-09-30',1,11,1,0,0,0,'auto',NULL),(1294,10,540,'2024-09-30',1,11,1,0,0,0,'033/MGS/09/24',0),(1295,13,544,'2024-09-27',1,11,1,0,12000000,1320000,'auto',NULL),(1296,10,541,'2024-09-27',1,11,1,0,12000000,1320000,'032/MGS/09/24',0),(1297,13,545,'2024-09-30',1,11,1,0,0,0,'auto',NULL),(1298,10,542,'2024-09-30',1,11,1,0,0,0,'033/MGS/09/24',0),(1299,13,546,'2024-09-30',1,11,1,0,0,0,'auto',NULL),(1300,10,543,'2024-09-30',1,11,1,0,0,0,'034/MGS/09/24',0),(1301,13,547,'2024-09-30',1,11,1,0,0,0,'auto',NULL),(1302,10,544,'2024-09-30',1,11,1,0,0,0,'035/MGS/09/24',0),(1303,13,548,'2024-09-30',1,11,1,0,0,0,'auto',NULL),(1304,10,545,'2024-09-30',1,11,1,0,0,0,'036/MGS/09/24',0),(1305,13,549,'2024-09-30',1,11,1,0,0,0,'auto',NULL),(1306,10,546,'2024-09-30',1,11,1,0,0,0,'037/MGS/09/24',0),(1307,13,550,'2024-09-30',1,11,1,0,0,0,'auto',NULL),(1308,10,547,'2024-09-30',1,11,1,0,0,0,'038/MGS/09/24',0),(1309,13,551,'2024-09-30',1,11,1,0,0,0,'auto',NULL),(1310,10,548,'2024-09-30',1,11,1,0,0,0,'039/MGS/09/24',0),(1311,13,552,'2024-09-30',1,11,1,0,0,0,'auto',NULL),(1312,10,549,'2024-09-30',1,11,1,0,0,0,'040/MGS/09/24',0),(1313,13,553,'2024-09-30',1,11,1,0,0,0,'auto',NULL),(1314,10,550,'2024-09-30',1,11,1,0,0,0,'038/MGS/09/24',0),(1315,13,554,'2024-09-30',1,11,1,0,0,0,'auto',NULL),(1316,10,551,'2024-09-30',1,11,1,0,0,0,'039/MGS/09/24',0),(1317,13,555,'2024-09-30',1,11,1,0,0,0,'auto',NULL),(1318,10,552,'2024-09-30',1,11,1,0,0,0,'040/MGS/09/24',0),(1319,13,556,'2024-10-03',1,11,1,0,0,0,'auto',NULL),(1320,10,553,'2024-10-03',1,11,1,0,0,0,'001/MGS/10/24',0),(1321,13,557,'2024-10-03',1,11,1,0,0,0,'auto',NULL),(1322,10,554,'2024-10-03',1,11,1,0,0,0,'002/MGS/10/24',0),(1323,13,558,'2024-10-03',1,11,1,0,0,0,'auto',NULL),(1324,10,555,'2024-10-03',1,11,1,0,0,0,'003/MGS/10/24',0),(1325,13,559,'2024-10-03',1,11,1,0,0,0,'auto',NULL),(1326,10,556,'2024-10-03',1,11,1,0,0,0,'004/MGS/10/24',0),(1327,13,560,'2024-10-03',1,11,1,0,0,0,'auto',NULL),(1328,10,557,'2024-10-03',1,11,1,0,0,0,'005/MGS/10/24',0),(1329,13,561,'2024-10-03',1,11,1,0,0,0,'auto',NULL),(1330,10,558,'2024-10-03',1,11,1,0,0,0,'006/MGS/10/24',0),(1331,13,562,'2024-10-03',1,11,1,0,0,0,'auto',NULL),(1332,10,559,'2024-10-03',1,11,1,0,0,0,'006/MGS/10/24',0),(1333,13,563,'2024-10-03',1,11,1,0,0,0,'auto',NULL),(1334,10,560,'2024-10-03',1,11,1,0,0,0,'007/MGS/10/24',0),(1335,13,564,'2024-10-03',1,11,1,0,0,0,'auto',NULL),(1336,10,561,'2024-10-03',1,11,1,0,0,0,'006/MGS/10/24',0),(1337,13,565,'2024-10-04',1,11,1,0,0,0,'auto',NULL),(1338,10,562,'2024-10-04',1,11,1,0,0,0,'007/MGS/10/24',0),(1339,13,566,'2024-10-04',1,11,1,0,0,0,'auto',NULL),(1340,10,563,'2024-10-04',1,11,1,0,0,0,'008/MGS/10/24',0),(1341,13,567,'2024-10-04',1,11,1,0,0,0,'auto',NULL),(1342,10,564,'2024-10-04',1,11,1,0,0,0,'009/MGS/10/24',0),(1343,13,568,'2024-10-07',1,11,1,0,0,0,'auto',NULL),(1344,10,565,'2024-10-07',1,11,1,0,0,0,'007/MGS/10/24',0),(1345,13,569,'2024-10-07',1,11,1,0,0,0,'auto',NULL),(1346,10,566,'2024-10-07',1,11,1,0,0,0,'008/MGS/10/24',0),(1347,13,570,'2024-10-07',1,11,1,0,0,0,'auto',NULL),(1348,10,567,'2024-10-07',1,11,1,0,0,0,'009/MGS/10/24',0),(1349,13,571,'2024-10-08',1,11,1,0,0,0,'auto',NULL),(1350,10,568,'2024-10-08',1,11,1,0,0,0,'010/MGS/10/24',0),(1351,13,572,'2024-10-08',1,11,1,0,0,0,'auto',NULL),(1352,10,569,'2024-10-08',1,11,1,0,0,0,'011/MGS/10/24',0),(1353,13,573,'2024-10-09',1,11,1,0,0,0,'auto',NULL),(1354,10,570,'2024-10-09',1,11,1,0,0,0,'011/MGS/10/24',0),(1355,13,574,'2024-10-09',1,11,1,0,0,0,'auto',NULL),(1356,10,571,'2024-10-09',1,11,1,0,0,0,'012/MGS/10/24',0),(1357,13,575,'2024-10-10',1,11,1,0,0,0,'auto',NULL),(1358,10,572,'2024-10-10',1,11,1,0,0,0,'013/MGS/10/24',0),(1359,13,576,'2024-10-10',1,11,1,0,0,0,'auto',NULL),(1360,10,573,'2024-10-10',1,11,1,0,0,0,'014/MGS/10/24',0),(1361,13,577,'2024-10-10',1,11,1,0,0,0,'auto',NULL),(1362,10,574,'2024-10-10',1,11,1,0,0,0,'015/MGS/10/24',0),(1363,13,578,'2024-10-10',1,11,1,0,0,0,'auto',NULL),(1364,10,575,'2024-10-10',1,11,1,0,0,0,'016/MGS/10/24',0),(1365,13,579,'2024-10-10',1,11,1,0,0,0,'auto',NULL),(1366,10,576,'2024-10-10',1,11,1,0,0,0,'017/MGS/10/24',0),(1367,13,580,'2024-10-10',1,11,1,0,0,0,'auto',NULL),(1368,10,577,'2024-10-10',1,11,1,0,0,0,'018/MGS/10/24',0),(1369,13,581,'2024-10-10',1,11,1,0,0,0,'auto',NULL),(1370,10,578,'2024-10-10',1,11,1,0,0,0,'018/MGS/10/24',0),(1371,13,582,'2024-10-10',1,11,1,0,0,0,'auto',NULL),(1372,10,579,'2024-10-10',1,11,1,0,0,0,'019/MGS/10/24',0),(1373,13,583,'2024-10-11',1,11,1,0,0,0,'auto',NULL),(1374,10,580,'2024-10-11',1,11,1,0,0,0,'020/MGS/10/24',0),(1375,13,584,'2024-10-03',1,11,1,0,18000000,1980000,'auto',NULL),(1376,10,581,'2024-10-03',1,11,1,0,18000000,1980000,'001/MGS/10/24',0),(1377,13,585,'2024-10-03',1,11,1,0,46405000,5104550,'auto',NULL),(1378,10,582,'2024-10-03',1,11,1,0,46405000,5104550,'002/MGS/10/24',0),(1379,13,586,'2024-10-03',1,11,1,0,990000,108900,'auto',NULL),(1380,10,583,'2024-10-03',1,11,1,0,990000,108900,'003/MGS/10/24',0),(1381,13,587,'2024-10-03',1,11,1,0,21698300,2386813,'auto',NULL),(1382,10,584,'2024-10-03',1,11,1,0,21698300,2386813,'004/MGS/10/24',0),(1383,13,588,'2024-10-14',1,11,1,0,117768500,12954535,'auto',NULL),(1384,10,585,'2024-10-14',1,11,1,0,117768500,12954535,'005/MGS/10/24',0),(1385,13,589,'2024-10-03',1,11,1,0,1120020,123202,'auto',NULL),(1386,10,586,'2024-10-03',1,11,1,0,1120020,123202,'006/MGS/10/24',0),(1387,13,590,'2024-10-07',1,11,1,0,9474666,1042213,'auto',NULL),(1388,10,587,'2024-10-07',1,11,1,0,9474666,1042213,'007/MGS/10/24',0),(1389,13,591,'2024-10-07',1,11,1,0,65420800,7196288,'auto',NULL),(1390,10,588,'2024-10-07',1,11,1,0,65420800,7196288,'008/MGS/10/24',0),(1391,13,592,'2024-10-04',1,11,1,0,50240000,5526400,'auto',NULL),(1392,10,589,'2024-10-04',1,11,1,0,50240000,5526400,'009/MGS/10/24',0),(1393,13,593,'2024-10-08',1,11,1,0,32000000,3520000,'auto',NULL),(1394,10,590,'2024-10-08',1,11,1,0,32000000,3520000,'010/MGS/10/24',0),(1395,13,594,'2024-10-09',1,11,1,0,52800000,5808000,'auto',NULL),(1396,10,591,'2024-10-09',1,11,1,0,52800000,5808000,'011/MGS/10/24',0),(1397,13,595,'2024-10-09',1,11,1,0,10900901,1199099,'auto',NULL),(1398,10,592,'2024-10-09',1,11,1,0,10900901,1199099,'012/MGS/10/24',0),(1399,13,596,'2024-10-11',1,11,1,0,990000,108900,'auto',NULL),(1400,10,593,'2024-10-11',1,11,1,0,990000,108900,'013/MGS/10/24',0),(1401,13,597,'2024-10-15',1,11,1,0,8500000,935000,'auto',NULL),(1402,10,594,'2024-10-15',1,11,1,0,8500000,935000,'014/MGS/10/24',0),(1403,13,598,'2024-10-15',1,11,1,0,8500000,935000,'auto',NULL),(1404,10,595,'2024-10-15',1,11,1,0,8500000,935000,'015/MGS/10/24',0),(1405,13,599,'2024-09-27',1,11,1,0,495000,54450,'auto',NULL),(1406,10,596,'2024-09-27',1,11,1,0,495000,54450,'029/MGS/09/24',0),(1407,13,600,'2024-10-18',1,11,1,0,0,0,'auto',NULL),(1408,10,597,'2024-10-18',1,11,1,0,0,0,'016/MGS/10/24',0),(1409,13,601,'2024-10-21',1,11,1,0,0,0,'auto',NULL),(1410,10,598,'2024-10-21',1,11,1,0,0,0,'017/MGS/10/24',0),(1411,13,602,'2024-10-22',1,11,1,0,0,0,'auto',NULL),(1412,10,599,'2024-10-22',1,11,1,0,0,0,'018/MGS/10/24',0),(1413,13,603,'2024-10-23',1,11,1,0,0,0,'auto',NULL),(1414,10,600,'2024-10-23',1,11,1,0,0,0,'019/MGS/10/24',0),(1415,13,604,'2024-10-23',1,11,1,0,0,0,'auto',NULL),(1416,10,601,'2024-10-23',1,11,1,0,0,0,'020/MGS/10/24',0),(1417,13,605,'2024-10-23',1,11,1,0,0,0,'auto',NULL),(1418,10,602,'2024-10-23',1,11,1,0,0,0,'021/MGS/10/24',0),(1419,13,606,'2024-10-23',1,11,1,0,12390000,1362900,'auto',NULL),(1420,10,603,'2024-10-23',1,11,1,0,12390000,1362900,'017/MGS/10/24',0),(1421,13,607,'2024-10-23',1,11,1,0,19556250,2151188,'auto',NULL),(1422,10,604,'2024-10-23',1,11,1,0,19556250,2151188,'018/MGS/10/24',0),(1423,13,608,'2024-10-23',1,11,1,0,20200000,2222000,'auto',NULL),(1424,10,605,'2024-10-23',1,11,1,0,20200000,2222000,'019/MGS/10/24',0),(1425,13,609,'2024-10-23',1,11,1,0,40500000,4455000,'auto',NULL),(1426,10,606,'2024-10-23',1,11,1,0,40500000,4455000,'020/MGS/10/24',0),(1427,13,610,'2024-10-23',1,11,1,0,94500000,10395000,'auto',NULL),(1428,10,607,'2024-10-23',1,11,1,0,94500000,10395000,'021/MGS/10/24',0),(1429,13,611,'2024-10-24',1,11,1,0,4000000,440000,'auto',NULL),(1430,10,608,'2024-10-24',1,11,1,0,4000000,440000,'022/MGS/10/24',0),(1431,13,612,'2024-10-24',1,11,1,0,11500000,1265000,'auto',NULL),(1432,10,609,'2024-10-24',1,11,1,0,11500000,1265000,'023/MGS/10/24',0),(1433,13,613,'2024-10-24',1,11,1,0,11000000,1210000,'auto',NULL),(1434,10,610,'2024-10-24',1,11,1,0,11000000,1210000,'024/MGS/10/24',0),(1435,13,614,'2024-10-24',1,11,1,0,0,0,'auto',NULL),(1436,10,611,'2024-10-24',1,11,1,0,0,0,'025/MGS/10/24',0),(1437,13,615,'2024-10-24',1,11,1,0,8100000,891000,'auto',NULL),(1438,10,612,'2024-10-24',1,11,1,0,8100000,891000,'025/MGS/10/24',0),(1439,13,616,'2024-10-24',1,11,1,0,13800000,1518000,'auto',NULL),(1440,10,613,'2024-10-24',1,11,1,0,13800000,1518000,'026/MGS/10/24',0),(1441,13,617,'2024-10-25',1,11,1,0,0,0,'auto',NULL),(1442,10,614,'2024-10-25',1,11,1,0,0,0,'027/MGS/10/24',0),(1443,13,618,'2024-10-25',1,11,1,0,0,0,'auto',NULL),(1444,10,615,'2024-10-25',1,11,1,0,0,0,'028/MGS/10/24',0),(1445,13,619,'2024-10-25',1,11,1,0,0,0,'auto',NULL),(1446,10,616,'2024-10-25',1,11,1,0,0,0,'029/MGS/10/24',0),(1447,13,620,'2024-10-25',1,11,1,0,990000,108900,'auto',NULL),(1448,10,617,'2024-10-25',1,11,1,0,990000,108900,'030/MGS/10/24',0),(1449,13,621,'2024-10-25',1,11,1,0,990000,108900,'auto',NULL),(1450,10,618,'2024-10-25',1,11,1,0,990000,108900,'031/MGS/10/24',0),(1451,13,622,'2024-10-25',1,11,1,0,990000,108900,'auto',NULL),(1452,10,619,'2024-10-25',1,11,1,0,990000,108900,'032/MGS/10/24',0),(1453,13,623,'2024-10-28',1,11,1,0,15100000,1661000,'auto',NULL),(1454,10,620,'2024-10-28',1,11,1,0,15100000,1661000,'033/MGS/10/24',0),(1455,13,624,'2024-10-28',1,11,1,0,13863000,1524930,'auto',NULL),(1456,10,621,'2024-10-28',1,11,1,0,13863000,1524930,'027/MGS/10/24',0),(1457,13,625,'2024-10-29',1,11,1,0,11000000,1210000,'auto',NULL),(1458,10,622,'2024-10-29',1,11,1,0,11000000,1210000,'028/MGS/10/24',0),(1459,13,626,'2024-07-16',1,11,1,0,0,0,'auto',NULL),(1460,10,623,'2024-07-16',1,11,1,0,0,0,'033/MGS/07/24',0),(1461,13,627,'2024-10-31',1,11,1,0,10849150,1193407,'auto',NULL),(1462,10,624,'2024-10-31',1,11,1,0,10849150,1193407,'034/MGS/10/24',0),(1463,13,628,'2024-11-04',1,11,1,0,1215000,133650,'auto',NULL),(1464,10,625,'2024-11-04',1,11,1,0,1215000,133650,'001/MGS/11/24',0),(1465,13,629,'2024-11-04',1,11,1,0,8500000,935000,'auto',NULL),(1466,10,626,'2024-11-04',1,11,1,0,8500000,935000,'002/MGS/11/24',0),(1467,13,630,'2024-11-06',1,11,1,0,12232901,1345619,'auto',NULL),(1468,10,627,'2024-11-06',1,11,1,0,12232901,1345619,'003/MGS/11/24',0),(1469,13,631,'2024-11-06',1,11,1,0,0,0,'auto',NULL),(1470,10,628,'2024-11-06',1,11,1,0,0,0,'004/MGS/11/24',0),(1471,13,632,'2024-11-06',1,11,1,0,0,0,'auto',NULL),(1472,10,629,'2024-11-06',1,11,1,0,0,0,'005/MGS/11/24',0),(1473,13,633,'2024-11-06',1,11,1,0,145180000,15969800,'auto',NULL),(1474,10,630,'2024-11-06',1,11,1,0,145180000,15969800,'006/MGS/11/24',0),(1475,13,634,'2024-11-06',1,11,1,0,84967742,9346452,'auto',NULL),(1476,10,631,'2024-11-06',1,11,1,0,84967742,9346452,'007/MGS/11/24',0),(1477,13,635,'2024-11-07',1,11,1,0,49200000,5412000,'auto',NULL),(1478,10,632,'2024-11-07',1,11,1,0,49200000,5412000,'008/MGS/11/24',0),(1479,13,636,'2024-11-07',1,11,1,0,1215000,133650,'auto',NULL),(1480,10,633,'2024-11-07',1,11,1,0,1215000,133650,'009/MGS/11/24',0),(1481,13,637,'2024-11-07',1,11,1,0,20500000,2255000,'auto',NULL),(1482,10,634,'2024-11-07',1,11,1,0,20500000,2255000,'010/MGS/11/24',0),(1483,13,638,'2024-11-07',1,11,1,0,0,0,'auto',NULL),(1484,10,635,'2024-11-07',1,11,1,0,0,0,'011/MGS/11/24',0),(1485,13,639,'2024-11-07',1,11,1,0,0,0,'auto',NULL),(1486,10,636,'2024-11-07',1,11,1,0,0,0,'012/MGS/11/24',0),(1487,13,640,'2024-11-07',1,11,1,0,0,0,'auto',NULL),(1488,10,637,'2024-11-07',1,11,1,0,0,0,'004/MGS/11/24',0),(1489,13,641,'2024-11-07',1,11,1,0,18000000,1980000,'auto',NULL),(1490,10,638,'2024-11-07',1,11,1,0,18000000,1980000,'005/MGS/11/24',0),(1491,13,642,'2024-11-07',1,11,1,0,0,0,'auto',NULL),(1492,10,639,'2024-11-07',1,11,1,0,0,0,'004/MGS/11/24',0),(1493,13,643,'2024-11-07',1,11,1,0,0,0,'auto',NULL),(1494,10,640,'2024-11-07',1,11,1,0,0,0,'012/MGS/11/24',0),(1495,13,644,'2024-11-12',1,11,1,0,33623225,3698555,'auto',NULL),(1496,10,641,'2024-11-12',1,11,1,0,33623225,3698555,'004/MGS/11/24',0),(1497,13,645,'2024-11-12',1,11,1,0,23460250,2580628,'auto',NULL),(1498,10,642,'2024-11-12',1,11,1,0,23460250,2580628,'011/MGS/11/24',0),(1499,13,646,'2024-11-12',1,11,1,0,85000000,9350000,'auto',NULL),(1500,10,643,'2024-11-12',1,11,1,0,85000000,9350000,'012/MGS/11/24',0),(1501,13,647,'2024-11-15',1,11,1,0,8500000,935000,'auto',NULL),(1502,10,644,'2024-11-15',1,11,1,0,8500000,935000,'013/MGS/11/24',0),(1503,13,648,'2024-11-15',1,11,1,0,25000000,2750000,'auto',NULL),(1504,10,645,'2024-11-15',1,11,1,0,25000000,2750000,'014/MGS/11/24',0),(1505,13,649,'2024-11-15',1,11,1,0,1974000,217140,'auto',NULL),(1506,10,646,'2024-11-15',1,11,1,0,1974000,217140,'015/MGS/11/24',0),(1507,13,650,'2024-11-15',1,11,1,0,744677,81914,'auto',NULL),(1508,10,647,'2024-11-15',1,11,1,0,744677,81914,'016/MGS/11/24',0),(1509,13,651,'2024-11-18',1,11,1,0,11500000,1265000,'auto',NULL),(1510,10,648,'2024-11-18',1,11,1,0,11500000,1265000,'017/MGS/11/24',0),(1511,13,652,'2024-11-18',1,11,1,0,11000000,1210000,'auto',NULL),(1512,10,649,'2024-11-18',1,11,1,0,11000000,1210000,'018/MGS/11/24',0),(1513,13,653,'2024-11-18',1,11,1,0,19698750,2166863,'auto',NULL),(1514,10,650,'2024-11-18',1,11,1,0,19698750,2166863,'019/MGS/11/24',0),(1515,13,654,'2024-11-18',1,11,1,0,20200000,2222000,'auto',NULL),(1516,10,651,'2024-11-18',1,11,1,0,20200000,2222000,'020/MGS/11/24',0),(1517,13,655,'2024-11-18',1,11,1,0,0,0,'auto',NULL),(1518,10,652,'2024-11-18',1,11,1,0,0,0,'021/MGS/11/24',0),(1519,13,656,'2024-11-18',1,11,1,0,0,0,'auto',NULL),(1520,10,653,'2024-11-18',1,11,1,0,0,0,'021/MGS/11/24',0),(1521,13,657,'2024-11-18',1,11,1,0,0,0,'auto',NULL),(1522,10,654,'2024-11-18',1,11,1,0,0,0,'022/MGS/11/24',0),(1523,13,658,'2024-11-18',1,11,1,0,0,0,'auto',NULL),(1524,10,655,'2024-11-18',1,11,1,0,0,0,'023/MGS/11/24',0),(1525,13,659,'2024-11-18',1,11,1,0,0,0,'auto',NULL),(1526,10,656,'2024-11-18',1,11,1,0,0,0,'024/MGS/11/24',0),(1527,13,660,'2024-11-18',1,11,1,0,0,0,'auto',NULL),(1528,10,657,'2024-11-18',1,11,1,0,0,0,'025/MGS/11/24',0),(1529,13,661,'2024-11-21',1,11,1,0,12390000,1362900,'auto',NULL),(1530,10,658,'2024-11-21',1,11,1,0,12390000,1362900,'021/MGS/11/24',0),(1531,13,662,'2024-11-24',1,11,1,0,395064000,43457040,'auto',NULL),(1532,10,659,'2024-11-24',1,11,1,0,395064000,43457040,'022/MGS/11/24',0),(1533,13,663,'2024-11-26',1,11,1,0,0,0,'auto',NULL),(1534,10,660,'2024-11-26',1,11,1,0,0,0,'023/MGS/11/24',0),(1535,13,664,'2024-11-26',1,11,1,0,184459459,20290540,'auto',NULL),(1536,10,661,'2024-11-26',1,11,1,0,184459459,20290540,'023/MGS/11/24',0),(1537,13,665,'2024-12-02',1,11,1,0,93588000,10294680,'auto',NULL),(1538,10,662,'2024-12-02',1,11,1,0,93588000,10294680,'001/MGS/12/24',0),(1539,13,666,'2024-12-03',1,11,1,0,11000000,1210000,'auto',NULL),(1540,10,663,'2024-12-03',1,11,1,0,11000000,1210000,'002/MGS/12/24',0),(1541,13,667,'2024-12-03',1,11,1,0,8500000,935000,'auto',NULL),(1542,10,664,'2024-12-03',1,11,1,0,8500000,935000,'003/MGS/12/24',0),(1543,13,668,'2024-12-03',1,11,1,0,1215000,133650,'auto',NULL),(1544,10,665,'2024-12-03',1,11,1,0,1215000,133650,'004/MGS/12/24',0),(1545,13,669,'2024-12-03',1,11,1,0,21698300,2386813,'auto',NULL),(1546,10,666,'2024-12-03',1,11,1,0,21698300,2386813,'005/MGS/12/24',0),(1547,13,670,'2024-12-04',1,11,1,0,1215000,133650,'auto',NULL),(1548,10,667,'2024-12-04',1,11,1,0,1215000,133650,'006/MGS/12/24',0),(1549,13,671,'2024-12-04',1,11,1,0,1215000,133650,'auto',NULL),(1550,10,668,'2024-12-04',1,11,1,0,1215000,133650,'007/MGS/12/24',0),(1551,13,672,'2024-12-04',1,11,1,0,1215000,133650,'auto',NULL),(1552,10,669,'2024-12-04',1,11,1,0,1215000,133650,'008/MGS/12/24',0),(1553,13,673,'2024-12-05',1,11,1,0,30400000,3344000,'auto',NULL),(1554,10,670,'2024-12-05',1,11,1,0,30400000,3344000,'011/MGS/12/24',0),(1555,13,674,'2024-12-09',1,11,1,0,5800000,638000,'auto',NULL),(1556,10,671,'2024-12-09',1,11,1,0,5800000,638000,'012/MGS/12/24',0),(1557,13,675,'2024-12-09',1,11,1,0,12232901,1345619,'auto',NULL),(1558,10,672,'2024-12-09',1,11,1,0,12232901,1345619,'013/MGS/12/24',0),(1559,13,676,'2024-12-10',1,11,1,0,104350000,11478500,'auto',NULL),(1560,10,673,'2024-12-10',1,11,1,0,104350000,11478500,'009/MGS/12/24',0),(1561,13,677,'2024-12-10',1,11,1,0,0,0,'auto',NULL),(1562,10,674,'2024-12-10',1,11,1,0,0,0,'014/MGS/12/24',0),(1563,13,678,'2024-12-10',1,11,1,0,18000000,1980000,'auto',NULL),(1564,10,675,'2024-12-10',1,11,1,0,18000000,1980000,'010/MGS/12/24',0),(1565,13,679,'2024-12-11',1,11,1,0,0,0,'auto',NULL),(1566,10,676,'2024-12-11',1,11,1,0,0,0,'014/MGS/12/24',0),(1567,13,680,'2024-12-13',1,11,1,0,19888750,2187763,'auto',NULL),(1568,10,677,'2024-12-13',1,11,1,0,19888750,2187763,'015/MGS/12/24',0),(1569,13,681,'2024-12-13',1,11,1,0,20200000,2222000,'auto',NULL),(1570,10,678,'2024-12-13',1,11,1,0,20200000,2222000,'016/MGS/12/24',0),(1571,13,682,'2024-12-16',1,11,1,0,8500000,935000,'auto',NULL),(1572,10,679,'2024-12-16',1,11,1,0,8500000,935000,'017/MGS/12/24',0),(1573,13,683,'2024-12-17',1,11,1,0,3500000,385000,'auto',NULL),(1574,10,680,'2024-12-17',1,11,1,0,3500000,385000,'018/MGS/12/24',0),(1575,13,684,'2024-12-17',1,11,1,0,3500000,385000,'auto',NULL),(1576,10,681,'2024-12-17',1,11,1,0,3500000,385000,'019/MGS/12/24',0),(1577,13,685,'2024-12-17',1,11,1,0,0,0,'auto',NULL),(1578,10,682,'2024-12-17',1,11,1,0,0,0,'020/MGS/12/24',0),(1579,13,686,'2024-12-17',1,11,1,0,17100000,1881000,'auto',NULL),(1580,10,683,'2024-12-17',1,11,1,0,17100000,1881000,'020/MGS/12/24',0),(1581,13,687,'2024-12-17',1,11,1,0,20500000,2255000,'auto',NULL),(1582,10,684,'2024-12-17',1,11,1,0,20500000,2255000,'021/MGS/12/24',0),(1583,13,688,'2024-12-17',1,11,1,0,1215000,133650,'auto',NULL),(1584,10,685,'2024-12-17',1,11,1,0,1215000,133650,'022/MGS/12/24',0),(1585,13,689,'2024-12-17',1,11,1,0,26970000,2966700,'auto',NULL),(1586,10,686,'2024-12-17',1,11,1,0,26970000,2966700,'023/MGS/12/24',0),(1587,13,690,'2024-12-17',1,11,1,0,164279279,18070721,'auto',NULL),(1588,10,687,'2024-12-17',1,11,1,0,164279279,18070721,'024/MGS/12/24',0),(1589,13,691,'2024-12-17',1,11,1,0,173850000,19123500,'auto',NULL),(1590,10,688,'2024-12-17',1,11,1,0,173850000,19123500,'025/MGS/12/24',0),(1591,13,692,'2024-12-18',1,11,1,0,64133333,7054667,'auto',NULL),(1592,10,689,'2024-12-18',1,11,1,0,64133333,7054667,'031/MGS/12/24',0),(1593,13,693,'2024-12-18',1,11,1,0,73890500,8127955,'auto',NULL),(1594,10,690,'2024-12-18',1,11,1,0,73890500,8127955,'032/MGS/12/24',0),(1595,13,694,'2024-12-18',1,11,1,0,11500000,1265000,'auto',NULL),(1596,10,691,'2024-12-18',1,11,1,0,11500000,1265000,'033/MGS/12/24',0),(1597,13,695,'2024-12-18',1,11,1,0,11000000,1210000,'auto',NULL),(1598,10,692,'2024-12-18',1,11,1,0,11000000,1210000,'034/MGS/12/24',0),(1599,13,696,'2024-12-18',1,11,1,0,3500000,385000,'auto',NULL),(1600,10,693,'2024-12-18',1,11,1,0,3500000,385000,'035/MGS/12/24',0),(1601,13,697,'2024-12-19',1,11,1,0,0,0,'auto',NULL),(1602,10,694,'2024-12-19',1,11,1,0,0,0,'036/MGS/12/24',0),(1603,13,698,'2024-12-19',1,11,1,0,2467741,271452,'auto',NULL),(1604,10,695,'2024-12-19',1,11,1,0,2467741,271452,'036/MGS/12/24',0),(1605,13,699,'2024-12-19',1,11,1,0,8500000,935000,'auto',NULL),(1606,10,696,'2024-12-19',1,11,1,0,8500000,935000,'037/MGS/12/24',0),(1607,13,700,'2024-12-19',1,11,1,0,8500000,935000,'auto',NULL),(1608,10,697,'2024-12-19',1,11,1,0,8500000,935000,'038/MGS/12/24',0),(1609,13,701,'2024-12-19',1,11,1,0,11000000,1210000,'auto',NULL),(1610,10,698,'2024-12-19',1,11,1,0,11000000,1210000,'039/MGS/12/24',0),(1611,13,702,'2024-12-23',1,11,1,0,12232901,1345619,'auto',NULL),(1612,10,699,'2024-12-23',1,11,1,0,12232901,1345619,'040/MGS/12/24',0),(1613,13,703,'2024-12-23',1,11,1,0,17350000,1908500,'auto',NULL),(1614,10,700,'2024-12-23',1,11,1,0,17350000,1908500,'041/MGS/12/24',0),(1615,13,704,'2024-12-23',1,11,1,0,0,0,'auto',NULL),(1616,10,701,'2024-12-23',1,11,1,0,0,0,'042/MGS/12/24',0),(1617,13,705,'2024-12-23',1,11,1,0,0,0,'auto',NULL),(1618,10,702,'2024-12-23',1,11,1,0,0,0,'043/MGS/12/24',0),(1619,13,706,'2024-12-23',1,11,1,0,0,0,'auto',NULL),(1620,10,703,'2024-12-23',1,11,1,0,0,0,'044/MGS/12/24',0),(1621,13,707,'2024-12-23',1,11,1,0,0,0,'auto',NULL),(1622,10,704,'2024-12-23',1,11,1,0,0,0,'045/MGS/12/24',0),(1623,13,708,'2024-12-24',1,11,1,0,23199000,2551890,'auto',NULL),(1624,10,705,'2024-12-24',1,11,1,0,23199000,2551890,'042/MGS/12/24',0),(1625,13,709,'2024-12-24',1,11,1,0,25000000,2750000,'auto',NULL),(1626,10,706,'2024-12-24',1,11,1,0,25000000,2750000,'044/MGS/12/24',0),(1627,13,710,'2024-12-24',1,11,1,0,17000000,1870000,'auto',NULL),(1628,10,707,'2024-12-24',1,11,1,0,17000000,1870000,'043/MGS/12/24',0),(1629,13,711,'2024-12-30',1,11,1,0,153000000,16830000,'auto',NULL),(1630,10,708,'2024-12-30',1,11,1,0,153000000,16830000,'063/MGS/12/24',0),(1631,13,712,'2024-12-30',1,11,1,0,22500000,2475000,'auto',NULL),(1632,10,709,'2024-12-30',1,11,1,0,22500000,2475000,'045/MGS/12/24',0),(1633,13,713,'2024-12-30',1,11,1,0,22500000,2475000,'auto',NULL),(1634,10,710,'2024-12-30',1,11,1,0,22500000,2475000,'046/MGS/12/24',0),(1635,13,714,'2024-12-30',1,11,1,0,22500000,2475000,'auto',NULL),(1636,10,711,'2024-12-30',1,11,1,0,22500000,2475000,'047/MGS/12/24',0),(1637,13,715,'2024-12-30',1,11,1,0,22500000,2475000,'auto',NULL),(1638,10,712,'2024-12-30',1,11,1,0,22500000,2475000,'061/MGS/12/24',0),(1639,13,716,'2024-12-30',1,11,1,0,40500000,4455000,'auto',NULL),(1640,10,713,'2024-12-30',1,11,1,0,40500000,4455000,'062/MGS/12/24',0),(1641,13,717,'2024-12-30',1,11,1,0,4000000,440000,'auto',NULL),(1642,10,714,'2024-12-30',1,11,1,0,4000000,440000,'067/MGS/12/24',0),(1643,13,718,'2024-12-30',1,11,1,0,4000000,440000,'auto',NULL),(1644,10,715,'2024-12-30',1,11,1,0,4000000,440000,'068/MGS/12/24',0),(1645,13,719,'2025-01-01',1,11,1,0,0,0,'auto',NULL),(1646,10,716,'2025-01-01',1,11,1,0,0,0,'001/MGS/01/25',0),(1647,13,720,'2025-01-03',1,11,1,0,126290000,13891900,'auto',NULL),(1648,10,717,'2025-01-03',1,11,1,0,126290000,13891900,'014/MGS/12/24',0),(1649,13,721,'2025-01-28',1,12,1,0,0,0,'auto',NULL),(1650,10,718,'2025-01-28',1,12,1,0,0,0,'002/MGS/01/25',0),(1651,13,722,'2025-01-30',1,12,1,0,0,0,'auto',NULL),(1652,10,719,'2025-01-30',1,12,1,0,0,0,'002/MGS/01/25',0),(1653,13,723,'2025-01-31',1,12,1,0,9166667,1100000,'26',NULL),(1654,10,720,'2025-01-31',1,12,1,0,0,0,'002/MGS/01/25',0),(1655,13,724,'2025-01-06',1,12,1,0,1113750,133650,'auto',NULL),(1656,10,721,'2025-01-06',1,12,1,0,1113750,133650,'002/MGS/01/25',0),(1657,13,725,'2025-01-06',1,12,1,0,1113750,133650,'auto',NULL),(1658,10,722,'2025-01-06',1,12,1,0,1113750,133650,'003/MGS/01/25',0),(1659,13,726,'2025-01-06',1,12,1,0,34255833,4110700,'auto',NULL),(1660,10,723,'2025-01-06',1,12,1,0,34255833,4110700,'004/MGS/01/25',0),(1661,13,727,'2025-01-06',1,12,1,0,49751344,5970161,'auto',NULL),(1662,10,724,'2025-01-06',1,12,1,0,49751344,5970161,'005/MGS/01/25',0),(1663,13,728,'2025-01-13',1,12,1,0,18231354,2187762,'auto',NULL),(1664,10,725,'2025-01-13',1,12,1,0,18231354,2187762,'006/MGS/01/25',0),(1665,13,729,'2025-01-13',1,12,1,0,18516667,2222000,'auto',NULL),(1666,10,726,'2025-01-13',1,12,1,0,18516667,2222000,'007/MGS/01/25',0),(1667,13,730,'2025-01-13',1,12,1,0,10541667,1265000,'auto',NULL),(1668,10,727,'2025-01-13',1,12,1,0,10541667,1265000,'008/MGS/01/25',0),(1669,13,731,'2025-01-13',1,12,1,0,10083333,1210000,'auto',NULL),(1670,10,728,'2025-01-13',1,12,1,0,10083333,1210000,'009/MGS/01/25',0),(1671,13,732,'2025-01-24',1,12,1,0,0,0,'auto',NULL),(1672,10,729,'2025-01-24',1,12,1,0,0,0,'010/MGS/01/25',0),(1673,13,733,'2025-01-15',1,12,1,0,12375000,1485000,'auto',NULL),(1674,10,730,'2025-01-15',1,12,1,0,12375000,1485000,'010/MGS/01/25',0),(1675,13,734,'2025-01-23',1,12,1,0,10083333,1210000,'auto',NULL),(1676,10,731,'2025-01-23',1,12,1,0,10083333,1210000,'011/MGS/01/25',0),(1677,13,735,'2025-01-24',1,12,1,0,0,0,'auto',NULL),(1678,10,732,'2025-01-24',1,12,1,0,0,0,'012/MGS/01/25',0),(1679,13,736,'2025-01-24',1,12,1,0,0,0,'auto',NULL),(1680,10,733,'2025-01-24',1,12,1,0,0,0,'013/MGS/01/25',0),(1681,13,737,'2025-01-24',1,12,1,0,0,0,'auto',NULL),(1682,10,734,'2025-01-24',1,12,1,0,0,0,'014/MGS/01/25',0),(1683,13,738,'2025-01-24',1,12,1,0,0,0,'auto',NULL),(1684,10,735,'2025-01-24',1,12,1,0,0,0,'015/MGS/01/25',0),(1685,13,739,'2025-01-24',1,12,1,0,0,0,'auto',NULL),(1686,10,736,'2025-01-24',1,12,1,0,0,0,'016/MGS/01/25',0),(1687,13,740,'2025-01-24',1,12,1,0,0,0,'auto',NULL),(1688,10,737,'2025-01-24',1,12,1,0,0,0,'017/MGS/01/25',0),(1689,13,741,'2025-01-24',1,12,1,0,0,0,'auto',NULL),(1690,10,738,'2025-01-24',1,12,1,0,0,0,'018/MGS/01/25',0),(1691,13,742,'2025-01-24',1,12,1,0,0,0,'auto',NULL),(1692,10,739,'2025-01-24',1,12,1,0,0,0,'019/MGS/01/25',0),(1693,13,743,'2025-01-24',1,12,1,0,0,0,'auto',NULL),(1694,10,740,'2025-01-24',1,12,1,0,0,0,'020/MGS/01/25',0),(1695,13,744,'2025-01-24',1,12,1,0,0,0,'auto',NULL),(1696,10,741,'2025-01-24',1,12,1,0,0,0,'021/MGS/01/25',0),(1697,13,745,'2025-01-24',1,12,1,0,0,0,'auto',NULL),(1698,10,742,'2025-01-24',1,12,1,0,0,0,'022/MGS/01/25',0),(1699,13,746,'2025-01-24',1,12,1,0,0,0,'auto',NULL),(1700,10,743,'2025-01-24',1,12,1,0,0,0,'023/MGS/01/25',0),(1701,13,747,'2025-02-06',1,12,1,0,0,0,'auto',NULL),(1702,10,744,'2025-02-06',1,12,1,0,0,0,'013/MGS/02/25',0),(1703,13,748,'2025-02-07',1,12,1,0,0,0,'auto',NULL),(1704,10,745,'2025-02-07',1,12,1,0,0,0,'013/MGS/02/25',0),(1705,13,749,'2025-02-10',1,12,1,0,6444166,773300,'auto',NULL),(1706,10,746,'2025-02-10',1,12,1,0,6444166,773300,'014/MGS/02/25',0),(1707,13,750,'2025-02-07',1,12,1,0,124891800,14987016,'auto',NULL),(1708,10,747,'2025-02-07',1,12,1,0,124891800,14987016,'013/MGS/02/25',0),(1709,13,751,'2025-02-07',1,12,1,0,0,0,'auto',NULL),(1710,10,748,'2025-02-07',1,12,1,0,0,0,'015/MGS/02/25',0),(1711,13,752,'2025-02-07',1,12,1,0,51087725,6130527,'auto',NULL),(1712,10,749,'2025-02-07',1,12,1,0,51087725,6130527,'015/MGS/02/25',0),(1713,13,753,'2025-02-07',1,12,1,0,0,0,'auto',NULL),(1714,10,750,'2025-02-07',1,12,1,0,0,0,'016/MGS/02/25',0),(1715,13,754,'2025-02-07',1,12,1,0,127552850,15306342,'auto',NULL),(1716,10,751,'2025-02-07',1,12,1,0,127552850,15306342,'016/MGS/02/25',0),(1717,13,755,'2025-02-13',1,12,1,0,11000000,1320000,'auto',NULL),(1718,10,752,'2025-02-13',1,12,1,0,11000000,1320000,'025/MGS/02/25',0),(1719,13,756,'2025-02-14',1,12,1,0,6353875,762465,'auto',NULL),(1720,10,753,'2025-02-14',1,12,1,0,6353875,762465,'026/MGS/02/25',0),(1721,13,757,'2025-02-06',1,12,1,0,1113750,133650,'auto',NULL),(1722,10,754,'2025-02-06',1,12,1,0,1113750,133650,'001/MGS/02/25',0),(1723,13,758,'2025-02-06',1,12,1,0,16500000,1980000,'auto',NULL),(1724,10,755,'2025-02-06',1,12,1,0,16500000,1980000,'002/MGS/02/25',0),(1725,13,759,'2025-02-06',1,12,1,0,16500000,1980000,'auto',NULL),(1726,10,756,'2025-02-06',1,12,1,0,16500000,1980000,'003/MGS/02/25',0),(1727,13,760,'2025-02-06',1,12,1,0,907500,108900,'auto',NULL),(1728,10,757,'2025-02-06',1,12,1,0,907500,108900,'004/MGS/02/25',0),(1729,13,761,'2025-02-06',1,12,1,0,907500,108900,'auto',NULL),(1730,10,758,'2025-02-06',1,12,1,0,907500,108900,'005/MGS/02/25',0),(1731,13,762,'2025-02-06',1,12,1,0,907500,108900,'auto',NULL),(1732,10,759,'2025-02-06',1,12,1,0,907500,108900,'006/MGS/02/25',0),(1733,13,763,'2025-02-06',1,12,1,0,3666667,440000,'auto',NULL),(1734,10,760,'2025-02-06',1,12,1,0,3666667,440000,'008/MGS/02/25',0),(1735,13,764,'2025-02-06',1,12,1,0,11357500,1362900,'auto',NULL),(1736,10,761,'2025-02-06',1,12,1,0,11357500,1362900,'009/MGS/02/25',0),(1737,13,765,'2025-02-06',1,12,1,0,15675000,1881000,'auto',NULL),(1738,10,762,'2025-02-06',1,12,1,0,15675000,1881000,'010/MGS/02/25',0),(1739,13,766,'2025-02-06',1,12,1,0,18791666,2255000,'auto',NULL),(1740,10,763,'2025-02-06',1,12,1,0,18791666,2255000,'011/MGS/02/25',0),(1741,13,767,'2025-02-06',1,12,1,0,16701667,2004200,'auto',NULL),(1742,10,764,'2025-02-06',1,12,1,0,16701667,2004200,'012/MGS/02/25',0),(1743,13,768,'2025-02-17',1,12,1,0,7791667,935000,'auto',NULL),(1744,10,765,'2025-02-17',1,12,1,0,7791667,935000,'017/MGS/02/25',0),(1745,13,769,'2025-02-18',1,12,1,0,1113750,133650,'auto',NULL),(1746,10,766,'2025-02-18',1,12,1,0,1113750,133650,'018/MGS/02/25',0),(1747,13,770,'2025-02-18',1,12,1,0,1113750,133650,'auto',NULL),(1748,10,767,'2025-02-18',1,12,1,0,1113750,133650,'019/MGS/02/25',0),(1749,13,771,'2025-02-18',1,12,1,0,1113750,133650,'auto',NULL),(1750,10,768,'2025-02-18',1,12,1,0,1113750,133650,'020/MGS/02/25',0),(1751,13,772,'2025-02-18',1,12,1,0,0,0,'auto',NULL),(1752,10,769,'2025-02-18',1,12,1,0,0,0,'027/MGS/02/25',0),(1753,13,773,'2025-02-18',1,12,1,0,682621,81915,'auto',NULL),(1754,10,770,'2025-02-18',1,12,1,0,682621,81915,'022/MGS/02/25',0),(1755,13,774,'2025-02-18',1,12,1,0,790403,94848,'auto',NULL),(1756,10,771,'2025-02-18',1,12,1,0,790403,94848,'023/MGS/02/25',0),(1757,13,775,'2025-02-18',1,12,1,0,1005967,120716,'auto',NULL),(1758,10,772,'2025-02-18',1,12,1,0,1005967,120716,'024/MGS/02/25',0),(1759,13,776,'2025-02-18',1,12,1,0,826330,99160,'auto',NULL),(1760,10,773,'2025-02-18',1,12,1,0,826330,99160,'021/MGS/02/25',0),(1761,13,777,'2025-02-18',1,12,1,0,10541667,1265000,'auto',NULL),(1762,10,774,'2025-02-18',1,12,1,0,10541667,1265000,'027/MGS/02/25',0),(1763,13,778,'2025-02-18',1,12,1,0,10083333,1210000,'auto',NULL),(1764,10,775,'2025-02-18',1,12,1,0,10083333,1210000,'028/MGS/02/25',0),(1765,13,779,'2025-02-18',1,12,1,0,0,0,'auto',NULL),(1766,10,776,'2025-02-18',1,12,1,0,0,0,'029/MGS/02/25',0),(1767,13,780,'2025-02-18',1,12,1,0,7791667,935000,'auto',NULL),(1768,10,777,'2025-02-18',1,12,1,0,7791667,935000,'030/MGS/02/25',0),(1769,13,781,'2025-02-18',1,12,1,0,7791667,935000,'auto',NULL),(1770,10,778,'2025-02-18',1,12,1,0,7791667,935000,'031/MGS/02/25',0),(1771,13,782,'2025-02-18',1,12,1,0,9945054,1193406,'auto',NULL),(1772,10,779,'2025-02-18',1,12,1,0,9945054,1193406,'032/MGS/02/25',0),(1773,13,783,'2025-02-04',1,12,1,0,11183334,1342000,'auto',NULL),(1774,10,780,'2025-02-04',1,12,1,0,11183334,1342000,'007/MGS/02/25',0),(1775,13,784,'2025-01-06',1,12,1,0,7791667,935000,'auto',NULL),(1776,10,781,'2025-01-06',1,12,1,0,7791667,935000,'001/MGS/01/25',0),(1777,13,785,'2025-03-06',1,12,1,0,80642649,9677118,'auto',NULL),(1778,10,782,'2025-03-06',1,12,1,0,80642649,9677118,'014/MGS/03/25',0),(1779,13,786,'2025-03-13',1,12,1,0,0,0,'auto',NULL),(1780,10,783,'2025-03-13',1,12,1,0,0,0,'037/MGS/03/25',0),(1781,13,787,'2025-03-13',1,12,1,0,141287666,16954520,'auto',NULL),(1782,10,784,'2025-03-13',1,12,1,0,141287666,16954520,'037/MGS/03/25',0),(1783,13,788,'2025-03-03',1,12,1,0,1113750,133650,'auto',NULL),(1784,10,785,'2025-03-03',1,12,1,0,1113750,133650,'001/MGS/03/25',0),(1785,13,789,'2025-03-03',1,12,1,0,907500,108900,'auto',NULL),(1786,10,786,'2025-03-03',1,12,1,0,907500,108900,'002/MGS/03/25',0),(1787,13,790,'2025-03-03',1,12,1,0,907500,108900,'auto',NULL),(1788,10,787,'2025-03-03',1,12,1,0,907500,108900,'003/MGS/03/25',0),(1789,13,791,'2025-03-03',1,12,1,0,907500,108900,'auto',NULL),(1790,10,788,'2025-03-03',1,12,1,0,907500,108900,'004/MGS/03/25',0),(1791,13,792,'2025-03-03',1,12,1,0,3666667,440000,'auto',NULL),(1792,10,789,'2025-03-03',1,12,1,0,3666667,440000,'005/MGS/03/25',0),(1793,13,793,'2025-03-06',1,12,1,0,11357500,1362900,'auto',NULL),(1794,10,790,'2025-03-06',1,12,1,0,11357500,1362900,'006/MGS/03/25',0),(1795,13,794,'2025-03-06',1,12,1,0,15675000,1881000,'auto',NULL),(1796,10,791,'2025-03-06',1,12,1,0,15675000,1881000,'007/MGS/03/25',0),(1797,13,795,'2025-03-06',1,12,1,0,18791666,2255000,'auto',NULL),(1798,10,792,'2025-03-06',1,12,1,0,18791666,2255000,'008/MGS/03/25',0),(1799,13,796,'2025-03-06',1,12,1,0,71717250,8606070,'auto',NULL),(1800,10,793,'2025-03-06',1,12,1,0,71717250,8606070,'009/MGS/03/25',0),(1801,13,797,'2025-03-06',1,12,1,0,119770160,14372419,'auto',NULL),(1802,10,794,'2025-03-06',1,12,1,0,119770160,14372419,'010/MGS/03/25',0),(1803,13,798,'2025-03-06',1,12,1,0,9166667,1100000,'auto',NULL),(1804,10,795,'2025-03-06',1,12,1,0,9166667,1100000,'011/MGS/03/25',0),(1805,13,799,'2025-04-08',1,12,1,0,0,0,'auto',NULL),(1806,10,796,'2025-04-08',1,12,1,0,0,0,'001/MGS/04/25',0),(1807,13,800,'2025-03-06',1,12,1,0,159225000,19107000,'auto',NULL),(1808,10,797,'2025-03-06',1,12,1,0,159225000,19107000,'012/MGS/03/25',0),(1809,13,801,'2025-03-06',1,12,1,0,3906309,468757,'auto',NULL),(1810,10,798,'2025-03-06',1,12,1,0,3906309,468757,'015/MGS/03/25',0),(1811,13,802,'2025-03-06',1,12,1,0,7791667,935000,'auto',NULL),(1812,10,799,'2025-03-06',1,12,1,0,7791667,935000,'016/MGS/03/25',0),(1813,13,803,'2025-04-08',1,12,1,0,0,0,'auto',NULL),(1814,10,800,'2025-04-08',1,12,1,0,0,0,'001/MGS/04/25',0),(1815,13,804,'2025-03-06',1,12,1,0,7791667,935000,'auto',NULL),(1816,10,801,'2025-03-06',1,12,1,0,7791667,935000,'017/MGS/03/25',0),(1817,13,805,'2025-03-06',1,12,1,0,7791667,935000,'auto',NULL),(1818,10,802,'2025-03-06',1,12,1,0,7791667,935000,'018/MGS/03/25',0),(1819,13,806,'2025-03-06',1,12,1,0,1054167,126500,'auto',NULL),(1820,10,803,'2025-03-06',1,12,1,0,1054167,126500,'019/MGS/03/25',0),(1821,13,807,'2025-03-06',1,12,1,0,1054167,126500,'auto',NULL),(1822,10,804,'2025-03-06',1,12,1,0,1054167,126500,'020/MGS/03/25',0),(1823,13,808,'2025-03-06',1,12,1,0,10541667,1265000,'auto',NULL),(1824,10,805,'2025-03-06',1,12,1,0,10541667,1265000,'021/MGS/03/25',0),(1825,13,809,'2025-03-06',1,12,1,0,0,0,'auto',NULL),(1826,10,806,'2025-03-06',1,12,1,0,0,0,'038/MGS/03/25',0),(1827,13,810,'2025-03-06',1,12,1,0,10083333,1210000,'auto',NULL),(1828,10,807,'2025-03-06',1,12,1,0,10083333,1210000,'022/MGS/03/25',0),(1829,13,811,'2025-03-06',1,12,1,0,18785938,2254313,'auto',NULL),(1830,10,808,'2025-03-06',1,12,1,0,18785938,2254313,'025/MGS/03/25',0),(1831,13,812,'2025-03-06',1,12,1,0,18516667,2222000,'auto',NULL),(1832,10,809,'2025-03-06',1,12,1,0,18516667,2222000,'026/MGS/03/25',0),(1833,13,813,'2025-03-06',1,12,1,0,687500,82500,'auto',NULL),(1834,10,810,'2025-03-06',1,12,1,0,687500,82500,'027/MGS/03/25',0),(1835,13,814,'2025-03-06',1,12,1,0,1054167,126500,'auto',NULL),(1836,10,811,'2025-03-06',1,12,1,0,1054167,126500,'028/MGS/03/25',0),(1837,13,815,'2025-03-06',1,12,1,0,1054167,126500,'auto',NULL),(1838,10,812,'2025-03-06',1,12,1,0,1054167,126500,'029/MGS/03/25',0),(1839,13,816,'2025-03-06',1,12,1,0,1054167,126500,'auto',NULL),(1840,10,813,'2025-03-06',1,12,1,0,1054167,126500,'030/MGS/03/25',0),(1841,13,817,'2025-03-06',1,12,1,0,1054167,126500,'auto',NULL),(1842,10,814,'2025-03-06',1,12,1,0,1054167,126500,'031/MGS/03/25',0),(1843,13,818,'2025-03-06',1,12,1,0,1054167,126500,'auto',NULL),(1844,10,815,'2025-03-06',1,12,1,0,1054167,126500,'032/MGS/03/25',0),(1845,13,819,'2025-03-06',1,12,1,0,1054167,126500,'auto',NULL),(1846,10,816,'2025-03-06',1,12,1,0,1054167,126500,'033/MGS/03/25',0),(1847,13,820,'2025-03-06',1,12,1,0,19890108,2386813,'auto',NULL),(1848,10,817,'2025-03-06',1,12,1,0,19890108,2386813,'034/MGS/03/25',0),(1849,13,821,'2025-04-10',1,12,1,0,7791667,935000,'auto',NULL),(1850,10,818,'2025-04-10',1,12,1,0,7791667,935000,'001/MGS/04/25',0),(1851,13,822,'2025-04-10',1,12,1,0,40285681,4834282,'auto',NULL),(1852,10,819,'2025-04-10',1,12,1,0,40285681,4834282,'002/MGS/04/25',0),(1853,13,823,'2025-04-29',1,12,1,0,18516667,2222000,'auto',NULL),(1854,10,820,'2025-04-29',1,12,1,0,18516667,2222000,'003/MGS/04/25',0),(1855,13,824,'2025-04-29',1,12,1,0,907500,108900,'auto',NULL),(1856,10,821,'2025-04-29',1,12,1,0,907500,108900,'004/MGS/04/25',0),(1857,13,825,'2025-04-29',1,12,1,0,907500,108900,'auto',NULL),(1858,10,822,'2025-04-29',1,12,1,0,907500,108900,'005/MGS/04/25',0),(1859,13,826,'2025-04-29',1,12,1,0,907500,108900,'auto',NULL),(1860,10,823,'2025-04-29',1,12,1,0,907500,108900,'006/MGS/04/25',0),(1861,13,827,'2025-04-29',1,12,1,0,366667,44000,'auto',NULL),(1862,10,824,'2025-04-29',1,12,1,0,366667,44000,'007/MGS/04/25',0),(1863,13,828,'2025-04-29',1,12,1,0,15675000,1881000,'auto',NULL),(1864,10,825,'2025-04-29',1,12,1,0,15675000,1881000,'008/MGS/04/25',0),(1865,13,829,'2025-04-29',1,12,1,0,18791666,2255000,'auto',NULL),(1866,10,826,'2025-04-29',1,12,1,0,18791666,2255000,'009/MGS/04/25',0),(1867,13,830,'2025-04-29',1,12,1,0,159225000,19107000,'auto',NULL),(1868,10,827,'2025-04-29',1,12,1,0,159225000,19107000,'011/MGS/04/25',0),(1869,13,831,'2025-04-29',1,12,1,0,15675000,1881000,'auto',NULL),(1870,10,828,'2025-04-29',1,12,1,0,15675000,1881000,'012/MGS/04/25',0),(1871,13,832,'2025-04-29',1,12,1,0,13306451,1596774,'auto',NULL),(1872,10,829,'2025-04-29',1,12,1,0,13306451,1596774,'013/MGS/04/25',0),(1873,13,833,'2025-04-29',1,12,1,0,9580644,1149677,'auto',NULL),(1874,10,830,'2025-04-29',1,12,1,0,9580644,1149677,'014/MGS/04/25',0),(1875,13,834,'2025-04-29',1,12,1,0,1054167,126500,'auto',NULL),(1876,10,831,'2025-04-29',1,12,1,0,1054167,126500,'015/MGS/04/25',0),(1877,13,835,'2025-04-29',1,12,1,0,1054167,126500,'auto',NULL),(1878,10,832,'2025-04-29',1,12,1,0,1054167,126500,'016/MGS/04/25',0),(1879,13,836,'2025-04-29',1,12,1,0,10541667,1265000,'auto',NULL),(1880,10,833,'2025-04-29',1,12,1,0,10541667,1265000,'017/MGS/04/25',0),(1881,13,837,'2025-04-29',1,12,1,0,10083333,1210000,'auto',NULL),(1882,10,834,'2025-04-29',1,12,1,0,10083333,1210000,'018/MGS/04/25',0),(1883,13,838,'2025-04-29',1,12,1,0,7791667,935000,'auto',NULL),(1884,10,835,'2025-04-29',1,12,1,0,7791667,935000,'019/MGS/04/25',0),(1885,13,839,'2025-04-29',1,12,1,0,7791667,935000,'auto',NULL),(1886,10,836,'2025-04-29',1,12,1,0,7791667,935000,'020/MGS/04/25',0),(1887,13,840,'2025-04-29',1,12,1,0,10315457,1237855,'auto',NULL),(1888,10,837,'2025-04-29',1,12,1,0,10315457,1237855,'021/MGS/04/25',0),(1889,13,841,'2025-04-29',1,12,1,0,14850000,1782000,'auto',NULL),(1890,10,838,'2025-04-29',1,12,1,0,14850000,1782000,'022/MGS/04/25',0),(1891,13,842,'2025-04-29',1,12,1,0,819677,98361,'auto',NULL),(1892,10,839,'2025-04-29',1,12,1,0,819677,98361,'023/MGS/04/25',0),(1893,13,843,'2025-04-29',1,12,1,0,10083333,1210000,'auto',NULL),(1894,10,840,'2025-04-29',1,12,1,0,10083333,1210000,'024/MGS/04/25',0),(1895,13,844,'2025-04-29',1,12,1,0,11357500,1362900,'auto',NULL),(1896,10,841,'2025-04-29',1,12,1,0,11357500,1362900,'025/MGS/04/25',0),(1897,13,845,'2025-04-29',1,12,1,0,7791667,935000,'auto',NULL),(1898,10,842,'2025-04-29',1,12,1,0,7791667,935000,'026/MGS/04/25',0),(1899,13,846,'2025-05-05',1,12,1,0,187846542,22541585,'auto',NULL),(1900,10,843,'2025-05-05',1,12,1,0,187846542,22541585,'014/MGS/05/25',0),(1901,13,847,'2025-05-19',1,12,1,0,113797751,13655730,'auto',NULL),(1902,10,844,'2025-05-19',1,12,1,0,113797751,13655730,'043/MGS/05/25',0),(1903,13,848,'2025-05-26',1,12,1,0,907500,108900,'auto',NULL),(1904,10,845,'2025-05-26',1,12,1,0,907500,108900,'001/MGS/05/25',0),(1905,13,849,'2025-05-26',1,12,1,0,907500,108900,'auto',NULL),(1906,10,846,'2025-05-26',1,12,1,0,907500,108900,'002/MGS/05/25',0),(1907,13,850,'2025-05-26',1,12,1,0,907500,108900,'auto',NULL),(1908,10,847,'2025-05-26',1,12,1,0,907500,108900,'003/MGS/05/25',0),(1909,13,851,'2025-05-26',1,12,1,0,1054167,126500,'auto',NULL),(1910,10,848,'2025-05-26',1,12,1,0,1054167,126500,'004/MGS/05/25',0),(1911,13,852,'2025-05-26',1,12,1,0,1054167,126500,'auto',NULL),(1912,10,849,'2025-05-26',1,12,1,0,1054167,126500,'005/MGS/05/25',0),(1913,13,853,'2025-05-26',1,12,1,0,907500,108900,'auto',NULL),(1914,10,850,'2025-05-26',1,12,1,0,907500,108900,'006/MGS/05/25',0),(1915,13,854,'2025-05-26',1,12,1,0,18791666,2255000,'auto',NULL),(1916,10,851,'2025-05-26',1,12,1,0,18791666,2255000,'009/MGS/05/25',0),(1917,13,855,'2025-05-26',1,12,1,0,93601292,11232155,'auto',NULL),(1918,10,852,'2025-05-26',1,12,1,0,93601292,11232155,'010/MGS/05/25',0),(1919,13,856,'2025-05-22',1,12,1,0,163513513,19621622,'auto',NULL),(1920,10,853,'2025-05-22',1,12,1,0,163513513,19621622,'044/MGS/05/25',0),(1921,13,857,'2025-05-26',1,12,1,0,18150000,2178000,'auto',NULL),(1922,10,854,'2025-05-26',1,12,1,0,18150000,2178000,'045/MGS/05/25',0),(1923,13,858,'2025-06-05',1,12,1,0,2291667,275000,'auto',NULL),(1924,10,855,'2025-06-05',1,12,1,0,2291667,275000,'015/MGS/06/25',0),(1925,13,859,'2025-06-30',1,12,1,0,907500,108900,'auto',NULL),(1926,10,856,'2025-06-30',1,12,1,0,907500,108900,'001/MGS/06/25',0),(1927,13,860,'2025-06-30',1,12,1,0,907500,108900,'auto',NULL),(1928,10,857,'2025-06-30',1,12,1,0,907500,108900,'002/MGS/06/25',0),(1929,13,861,'2025-06-30',1,12,1,0,907500,108900,'auto',NULL),(1930,10,858,'2025-06-30',1,12,1,0,907500,108900,'003/MGS/06/25',0),(1931,13,862,'2025-06-30',1,12,1,0,1054167,126500,'auto',NULL),(1932,10,859,'2025-06-30',1,12,1,0,1054167,126500,'004/MGS/06/25',0),(1933,13,863,'2025-06-30',1,12,1,0,1054167,126500,'auto',NULL),(1934,10,860,'2025-06-30',1,12,1,0,1054167,126500,'005/MGS/06/25',0),(1935,13,864,'2025-06-30',1,12,1,0,907500,108900,'auto',NULL),(1936,10,861,'2025-06-30',1,12,1,0,907500,108900,'006/MGS/06/25',0),(1937,13,865,'2025-06-30',1,12,1,0,18791666,2255000,'auto',NULL),(1938,10,862,'2025-06-30',1,12,1,0,18791666,2255000,'008/MGS/06/25',0),(1939,13,866,'2025-06-30',1,12,1,0,140250000,16830000,'auto',NULL),(1940,10,863,'2025-06-30',1,12,1,0,140250000,16830000,'009/MGS/06/25',0),(1941,13,867,'2025-06-30',1,12,1,0,9739583,1168750,'auto',NULL),(1942,10,864,'2025-06-30',1,12,1,0,9739583,1168750,'010/MGS/06/25',0),(1943,13,868,'2025-07-09',1,12,1,0,44744334,5369320,'auto',NULL),(1944,10,865,'2025-07-09',1,12,1,0,44744334,5369320,'027/MGS/07/25',0),(1945,13,869,'2025-11-05',1,12,1,0,44572918,5348750,'auto',NULL),(1946,10,866,'2025-11-05',1,12,1,0,44572918,5348750,'020/MGS/11/25',0),(1947,13,870,'2025-11-05',1,12,1,0,20441667,2453000,'auto',NULL),(1948,10,867,'2025-11-05',1,12,1,0,20441667,2453000,'021/MGS/11/25',0);

--
-- Table structure for table `1_useronline`
--

CREATE TABLE `1_useronline` (
  `id` int NOT NULL AUTO_INCREMENT,
  `timestamp` int NOT NULL DEFAULT '0',
  `ip` varchar(40) CHARACTER SET utf8mb3 COLLATE utf8mb3_unicode_ci NOT NULL DEFAULT '',
  `file` varchar(100) CHARACTER SET utf8mb3 COLLATE utf8mb3_unicode_ci NOT NULL DEFAULT '',
  PRIMARY KEY (`id`),
  KEY `timestamp` (`timestamp`),
  KEY `ip` (`ip`)
) ENGINE=InnoDB DEFAULT CHARSET=utf8mb3 COLLATE=utf8mb3_unicode_ci;

--
-- Dumping data for table `1_useronline`
--


--
-- Table structure for table `1_voided`
--

CREATE TABLE `1_voided` (
  `type` int NOT NULL DEFAULT '0',
  `id` int NOT NULL DEFAULT '0',
  `date_` date NOT NULL DEFAULT '0000-00-00',
  `memo_` tinytext CHARACTER SET utf8mb3 COLLATE utf8mb3_unicode_ci NOT NULL,
  UNIQUE KEY `id` (`type`,`id`)
) ENGINE=InnoDB DEFAULT CHARSET=utf8mb3 COLLATE=utf8mb3_unicode_ci;

--
-- Dumping data for table `1_voided`
--

INSERT INTO `1_voided` (`type`, `id`, `date_`, `memo_`) VALUES (0,1,'2023-02-09',''),(1,4,'2022-08-01','Dokumen dimasukkan ulan.'),(1,5,'2023-02-15',''),(1,6,'2022-08-01','Dokumen dimasukkan ulan.'),(1,17,'2022-10-05','Dokumen dimasukkan ulan.'),(1,24,'2023-02-15',''),(1,30,'2023-02-15',''),(1,31,'2022-12-21','Dokumen dimasukkan ulan.'),(1,32,'2023-02-15',''),(1,33,'2023-02-15',''),(1,34,'2023-02-15',''),(1,35,'2023-02-15',''),(1,36,'2023-02-15',''),(1,40,'2023-02-15',''),(1,43,'2023-02-15',''),(1,47,'2023-02-15',''),(1,54,'2023-02-16',''),(1,62,'2023-02-16',''),(1,64,'2023-02-17',''),(2,1,'2022-08-10',''),(2,2,'2022-08-10',''),(2,3,'2023-02-09',''),(2,4,'2022-08-10',''),(2,5,'2023-02-09',''),(2,6,'2023-02-09',''),(2,7,'2023-02-09',''),(2,8,'2022-06-29','Dokumen dimasukkan ulan.'),(2,10,'2023-02-01',''),(2,11,'2023-02-01',''),(2,12,'2022-08-18','Dokumen dimasukkan ulan.'),(2,13,'2022-08-18','Dokumen dimasukkan ulan.'),(2,14,'2023-02-14',''),(2,16,'2022-06-29','Dokumen dimasukkan ulan.'),(2,17,'2023-02-16',''),(4,3,'2023-02-01',''),(4,4,'2023-02-14',''),(4,5,'2023-02-08',''),(4,6,'2023-02-09',''),(4,8,'2023-02-09',''),(4,10,'2023-02-09',''),(4,13,'2023-02-14',''),(4,36,'2024-02-16',''),(10,1,'2022-07-14',''),(10,14,'2022-08-04',''),(10,15,'2022-08-05',''),(10,16,'2022-08-05',''),(10,17,'2022-08-05',''),(10,18,'2022-08-05',''),(10,20,'2022-08-09',''),(10,26,'2022-08-16',''),(10,27,'2022-08-16',''),(10,28,'2022-08-16',''),(10,29,'2022-08-16',''),(10,30,'2022-08-16',''),(10,31,'2022-08-16',''),(10,32,'2022-08-16',''),(10,46,'2022-09-27',''),(10,50,'2023-02-09',''),(10,52,'2022-10-12',''),(10,53,'2022-10-12',''),(10,54,'2022-10-12',''),(10,55,'2022-11-11',''),(10,59,'2022-10-20',''),(10,71,'2022-11-26',''),(10,78,'2022-12-06',''),(10,79,'2022-12-06',''),(10,80,'2022-12-06',''),(10,81,'2022-12-06',''),(10,82,'2022-12-09',''),(10,87,'2022-12-09',''),(10,89,'2022-12-12',''),(10,90,'2022-12-12',''),(10,95,'2022-12-20',''),(10,96,'2022-12-20',''),(10,102,'2022-12-25',''),(10,103,'2022-12-25',''),(10,104,'2022-12-25',''),(10,108,'2022-12-27',''),(10,115,'2022-12-29',''),(10,118,'2022-12-31','Seharusnya pt. daya graha'),(10,119,'2022-12-30',''),(10,120,'2022-12-30',''),(10,127,'2023-02-07',''),(10,129,'2023-02-16',''),(10,130,'2023-02-16',''),(10,131,'2023-02-09',''),(10,132,'2023-02-09',''),(10,136,'2023-02-16',''),(10,144,'2023-03-09',''),(10,148,'2023-07-25',''),(10,149,'2023-03-17',''),(10,150,'2023-03-21',''),(10,159,'2023-03-26',''),(10,160,'2023-03-26',''),(10,161,'2023-03-26',''),(10,162,'2023-03-26',''),(10,163,'2023-03-26',''),(10,164,'2023-03-26',''),(10,165,'2023-03-26',''),(10,168,'2023-03-28',''),(10,169,'2023-03-27',''),(10,170,'2023-04-05',''),(10,171,'2023-04-05',''),(10,172,'2023-04-05',''),(10,173,'2023-04-05',''),(10,174,'2023-03-28',''),(10,175,'2023-03-28',''),(10,180,'2023-04-11',''),(10,181,'2023-04-11',''),(10,189,'2023-05-05',''),(10,207,'2023-07-18',''),(10,210,'2023-07-25',''),(10,211,'2023-07-25',''),(10,212,'2023-07-25',''),(10,215,'2023-09-01',''),(10,219,'2023-08-04',''),(10,220,'2023-08-04',''),(10,221,'2023-08-04',''),(10,225,'2023-08-08',''),(10,226,'2023-08-08',''),(10,229,'2023-08-18',''),(10,233,'2023-09-18',''),(10,235,'2023-09-18',''),(10,236,'2023-09-18',''),(10,240,'2023-09-18',''),(10,241,'2023-09-18',''),(10,249,'2023-09-27',''),(10,250,'2023-09-22',''),(10,260,'2023-10-11',''),(10,262,'2023-10-16',''),(10,264,'2023-10-18',''),(10,270,'2023-10-20',''),(10,273,'2023-10-27',''),(10,274,'2023-10-23',''),(10,276,'2023-10-27',''),(10,279,'2023-11-13',''),(10,281,'2023-11-28',''),(10,286,'2023-11-10',''),(10,293,'2023-11-15',''),(10,295,'2023-11-16',''),(10,300,'2023-11-17',''),(10,304,'2023-11-21',''),(10,314,'2023-12-12',''),(10,330,'2023-12-29',''),(10,334,'2022-12-31',''),(10,335,'2024-01-02',''),(10,338,'2024-01-05',''),(10,339,'2024-01-05',''),(10,340,'2024-01-09',''),(10,355,'2024-02-15',''),(10,357,'2024-02-15',''),(10,360,'2024-02-15',''),(10,366,'2024-02-23',''),(10,367,'2024-02-23',''),(10,368,'2024-02-23',''),(10,374,'2024-03-27',''),(10,386,'2024-03-27',''),(10,390,'2024-04-05',''),(10,392,'2024-05-27',''),(10,402,'2024-05-15',''),(10,403,'2024-05-15',''),(10,404,'2024-05-15',''),(10,413,'2024-05-27',''),(10,414,'2024-05-27',''),(10,415,'2024-05-27',''),(10,424,'2024-06-12',''),(10,441,'2024-09-02',''),(10,442,'2024-09-02',''),(10,444,'2024-08-06',''),(10,461,'2024-07-29',''),(10,465,'2024-07-29',''),(10,466,'2024-07-29',''),(10,472,'2024-08-06',''),(10,479,'2024-08-14',''),(10,494,'2024-08-30',''),(10,495,'2024-08-28',''),(10,516,'2024-09-27',''),(10,517,'2024-09-27',''),(10,518,'2024-09-24',''),(10,519,'2024-09-27',''),(10,520,'2024-09-27',''),(10,521,'2024-09-27',''),(10,522,'2024-09-25',''),(10,523,'2024-09-27',''),(10,524,'2024-09-27',''),(10,525,'2024-09-27',''),(10,526,'2024-09-27',''),(10,529,'2024-09-27',''),(10,536,'2024-10-15',''),(10,539,'2024-09-30',''),(10,540,'2024-09-30',''),(10,542,'2024-12-19',''),(10,543,'2024-12-19',''),(10,544,'2024-12-19',''),(10,545,'2024-12-19',''),(10,546,'2024-12-19',''),(10,547,'2024-09-30',''),(10,548,'2024-09-30',''),(10,549,'2024-09-30',''),(10,550,'2024-10-02',''),(10,551,'2024-10-02',''),(10,552,'2024-10-02',''),(10,553,'2024-10-10',''),(10,554,'2024-10-10',''),(10,555,'2024-10-10',''),(10,556,'2024-10-14',''),(10,557,'2024-10-10',''),(10,558,'2024-10-03',''),(10,559,'2024-10-03',''),(10,560,'2024-10-03',''),(10,561,'2024-10-14',''),(10,562,'2024-10-07',''),(10,563,'2024-10-07',''),(10,564,'2024-10-07',''),(10,565,'2024-10-10',''),(10,566,'2024-10-10',''),(10,567,'2024-10-14',''),(10,568,'2024-10-14',''),(10,569,'2024-10-09',''),(10,570,'2024-10-14',''),(10,571,'2024-10-14',''),(10,572,'2024-10-14',''),(10,573,'2024-10-14',''),(10,574,'2024-10-14',''),(10,575,'2024-10-14',''),(10,576,'2024-10-14',''),(10,577,'2024-10-10',''),(10,578,'2024-10-14',''),(10,579,'2024-10-14',''),(10,580,'2024-10-14',''),(10,597,'2024-12-19',''),(10,598,'2024-10-23',''),(10,599,'2024-10-23',''),(10,600,'2024-10-23',''),(10,601,'2024-10-23',''),(10,602,'2024-10-23',''),(10,611,'2024-10-24',''),(10,614,'2024-10-28',''),(10,615,'2024-10-29',''),(10,616,'2024-11-14',''),(10,623,'2024-12-19',''),(10,628,'2024-11-07',''),(10,629,'2024-11-07',''),(10,635,'2024-11-12',''),(10,636,'2024-11-07',''),(10,637,'2024-11-07',''),(10,639,'2024-11-07',''),(10,640,'2024-11-12',''),(10,652,'2024-11-18',''),(10,653,'2024-11-24',''),(10,654,'2024-11-24',''),(10,655,'2024-11-24',''),(10,656,'2024-11-24',''),(10,657,'2024-11-24',''),(10,660,'2024-11-29',''),(10,674,'2024-12-10',''),(10,676,'2025-01-03',''),(10,682,'2024-12-17',''),(10,694,'2024-12-19',''),(10,701,'2024-12-24',''),(10,702,'2024-12-24',''),(10,703,'2024-12-24',''),(10,704,'2024-12-24',''),(10,716,'2025-02-21',''),(10,718,'2025-01-28',''),(10,719,'2025-01-30',''),(10,720,'2025-02-04',''),(10,729,'2025-02-04',''),(10,732,'2025-04-23','ganti no invoice'),(10,733,'2025-04-23','ganti no invoice'),(10,734,'2025-04-23','ganti no invoice'),(10,735,'2025-04-23','ganti no invoice'),(10,736,'2025-04-23','ganti no invoice'),(10,737,'2025-04-23','ganti no invoice'),(10,738,'2025-02-12',''),(10,739,'2025-02-12',''),(10,740,'2025-02-12',''),(10,741,'2025-02-12',''),(10,742,'2025-02-12',''),(10,743,'2025-02-12',''),(10,744,'2025-02-07',''),(10,745,'2025-02-12',''),(10,748,'2025-02-12',''),(10,750,'2025-02-12',''),(10,769,'2025-02-18',''),(10,776,'2025-03-11','free trial'),(10,783,'2025-03-13',''),(10,796,'2025-04-08',''),(10,800,'2025-04-08',''),(10,806,'2025-04-08',''),(12,1,'2022-07-14',''),(12,2,'2022-07-14',''),(12,3,'2023-02-09',''),(12,4,'2023-02-09',''),(12,10,'2022-08-05',''),(12,11,'2022-08-05',''),(12,12,'2022-08-05',''),(12,15,'2023-02-09',''),(12,16,'2023-02-09',''),(12,19,'2023-01-31',''),(12,20,'2023-02-09',''),(12,26,'2023-02-14',''),(12,27,'2023-02-09',''),(12,28,'2023-02-09',''),(12,31,'2023-02-09',''),(12,34,'2022-11-14',''),(12,35,'2022-11-14',''),(12,36,'2022-11-14',''),(12,37,'2022-11-14',''),(12,38,'2022-11-14',''),(12,43,'2023-02-09',''),(12,48,'2023-02-15',''),(12,65,'2023-02-15',''),(13,1,'2022-07-06',''),(13,14,'2022-08-04',''),(13,15,'2022-08-04',''),(13,16,'2022-08-05',''),(13,17,'2022-08-05',''),(13,18,'2022-08-05',''),(13,19,'2022-08-05',''),(13,20,'2022-08-05',''),(13,22,'2022-08-09',''),(13,28,'2022-08-15',''),(13,29,'2022-08-15',''),(13,30,'2022-08-15',''),(13,31,'2022-08-15',''),(13,32,'2022-08-16',''),(13,33,'2022-08-16',''),(13,34,'2022-08-16',''),(13,48,'2022-09-27',''),(13,52,'2022-10-07',''),(13,54,'2022-10-12',''),(13,55,'2022-10-12',''),(13,56,'2022-10-12',''),(13,57,'2022-10-12',''),(13,61,'2022-10-20',''),(13,73,'2022-11-26',''),(13,80,'2022-12-05',''),(13,81,'2022-12-05',''),(13,82,'2022-12-06',''),(13,83,'2022-12-06',''),(13,84,'2022-12-06',''),(13,89,'2022-12-09',''),(13,91,'2022-12-09',''),(13,92,'2022-12-09',''),(13,97,'2022-12-20',''),(13,98,'2022-12-20',''),(13,104,'2022-12-25',''),(13,105,'2022-12-25',''),(13,106,'2022-12-25',''),(13,110,'2022-12-27',''),(13,117,'2022-12-29',''),(13,120,'2022-12-29',''),(13,121,'2022-12-30',''),(13,122,'2022-12-30',''),(13,129,'2023-02-07',''),(13,131,'2023-02-08',''),(13,132,'2023-02-08',''),(13,133,'2022-11-04',''),(13,134,'2022-11-04',''),(13,138,'2023-02-16',''),(13,146,'2023-03-09',''),(13,150,'2023-03-15',''),(13,151,'2023-03-17',''),(13,152,'2023-03-17',''),(13,161,'2023-03-25',''),(13,162,'2023-03-25',''),(13,163,'2023-03-25',''),(13,164,'2023-03-25',''),(13,165,'2023-03-25',''),(13,166,'2023-03-25',''),(13,167,'2023-03-25',''),(13,170,'2023-03-31',''),(13,171,'2023-03-31',''),(13,172,'2023-03-31',''),(13,173,'2023-03-31',''),(13,174,'2023-03-31',''),(13,175,'2023-03-31',''),(13,176,'2023-03-27',''),(13,177,'2023-03-27',''),(13,182,'2023-04-11',''),(13,183,'2023-04-11',''),(13,191,'2023-05-05',''),(13,209,'2023-07-18',''),(13,212,'2023-05-25',''),(13,213,'2023-06-25',''),(13,214,'2023-07-25',''),(13,217,'2023-07-25',''),(13,221,'2023-08-03',''),(13,222,'2023-08-03',''),(13,223,'2023-08-03',''),(13,226,'2023-08-07',''),(13,228,'2023-08-07',''),(13,229,'2023-08-07',''),(13,232,'2023-08-18',''),(13,236,'2023-09-11',''),(13,238,'2023-09-18',''),(13,239,'2023-09-18',''),(13,243,'2023-09-14',''),(13,244,'2023-09-14',''),(13,252,'2023-09-22',''),(13,253,'2023-09-22',''),(13,263,'2023-10-11',''),(13,265,'2023-10-13',''),(13,267,'2023-10-16',''),(13,273,'2023-10-20',''),(13,276,'2023-10-23',''),(13,277,'2023-10-23',''),(13,279,'2023-10-23',''),(13,282,'2023-11-06',''),(13,284,'2023-11-07',''),(13,289,'2023-11-10',''),(13,296,'2023-10-27',''),(13,298,'2023-10-09',''),(13,303,'2023-10-20',''),(13,307,'2023-11-21',''),(13,317,'2023-12-07',''),(13,333,'2023-12-29',''),(13,337,'2023-12-29',''),(13,338,'2023-12-29',''),(13,341,'2024-01-03',''),(13,342,'2024-01-05',''),(13,343,'2024-01-03',''),(13,358,'2024-02-07',''),(13,360,'2024-02-13',''),(13,363,'2024-02-15',''),(13,369,'2024-02-23',''),(13,370,'2024-02-23',''),(13,371,'2024-02-23',''),(13,377,'2024-03-04',''),(13,389,'2024-03-27',''),(13,393,'2024-04-05',''),(13,395,'2024-04-05',''),(13,405,'2024-04-23',''),(13,406,'2024-05-13',''),(13,407,'2024-05-15',''),(13,416,'2024-05-27',''),(13,417,'2024-05-27',''),(13,418,'2024-05-27',''),(13,427,'2024-06-12',''),(13,444,'2024-07-04',''),(13,445,'2024-07-04',''),(13,447,'2024-07-04',''),(13,464,'2024-07-29',''),(13,468,'2024-07-29',''),(13,469,'2024-07-29',''),(13,475,'2024-08-06',''),(13,482,'2024-08-14',''),(13,497,'2024-08-28',''),(13,498,'2024-08-28',''),(13,519,'2024-09-23',''),(13,520,'2024-09-24',''),(13,521,'2024-09-24',''),(13,522,'2024-09-24',''),(13,523,'2024-09-24',''),(13,524,'2024-09-24',''),(13,525,'2024-09-25',''),(13,526,'2024-09-25',''),(13,527,'2024-09-25',''),(13,528,'2024-09-25',''),(13,529,'2024-09-25',''),(13,532,'2024-09-24',''),(13,539,'2024-09-27',''),(13,542,'2024-09-30',''),(13,543,'2024-09-30',''),(13,545,'2024-09-30',''),(13,546,'2024-09-30',''),(13,547,'2024-09-30',''),(13,548,'2024-09-30',''),(13,549,'2024-09-30',''),(13,550,'2024-09-30',''),(13,551,'2024-09-30',''),(13,552,'2024-09-30',''),(13,553,'2024-09-30',''),(13,554,'2024-09-30',''),(13,555,'2024-09-30',''),(13,556,'2024-10-03',''),(13,557,'2024-10-03',''),(13,558,'2024-10-03',''),(13,559,'2024-10-03',''),(13,560,'2024-10-03',''),(13,561,'2024-10-03',''),(13,562,'2024-10-03',''),(13,563,'2024-10-03',''),(13,564,'2024-10-03',''),(13,565,'2024-10-04',''),(13,566,'2024-10-04',''),(13,567,'2024-10-04',''),(13,568,'2024-10-07',''),(13,569,'2024-10-07',''),(13,570,'2024-10-07',''),(13,571,'2024-10-08',''),(13,572,'2024-10-08',''),(13,573,'2024-10-09',''),(13,574,'2024-10-09',''),(13,575,'2024-10-10',''),(13,576,'2024-10-10',''),(13,577,'2024-10-10',''),(13,578,'2024-10-10',''),(13,579,'2024-10-10',''),(13,580,'2024-10-10',''),(13,581,'2024-10-10',''),(13,582,'2024-10-10',''),(13,583,'2024-10-11',''),(13,600,'2024-10-18',''),(13,601,'2024-10-21',''),(13,602,'2024-10-22',''),(13,603,'2024-10-23',''),(13,604,'2024-10-23',''),(13,605,'2024-10-23',''),(13,614,'2024-10-24',''),(13,617,'2024-10-25',''),(13,618,'2024-10-25',''),(13,619,'2024-10-25',''),(13,626,'2024-07-16',''),(13,631,'2024-11-06',''),(13,632,'2024-11-06',''),(13,638,'2024-11-07',''),(13,639,'2024-11-07',''),(13,640,'2024-11-07',''),(13,642,'2024-11-07',''),(13,643,'2024-11-07',''),(13,655,'2024-11-18',''),(13,656,'2024-11-18',''),(13,657,'2024-11-18',''),(13,658,'2024-11-18',''),(13,659,'2024-11-18',''),(13,660,'2024-11-18',''),(13,663,'2024-11-26',''),(13,677,'2024-12-10',''),(13,679,'2024-12-11',''),(13,685,'2024-12-17',''),(13,697,'2024-12-19',''),(13,704,'2024-12-23',''),(13,705,'2024-12-23',''),(13,706,'2024-12-23',''),(13,707,'2024-12-23',''),(13,719,'2025-01-01',''),(13,721,'2025-01-28',''),(13,722,'2025-01-30',''),(13,732,'2025-01-24',''),(13,735,'2025-01-24',''),(13,736,'2025-01-24',''),(13,737,'2025-01-24',''),(13,738,'2025-01-24',''),(13,739,'2025-01-24',''),(13,740,'2025-01-24',''),(13,741,'2025-01-24',''),(13,742,'2025-01-24',''),(13,743,'2025-01-24',''),(13,744,'2025-01-24',''),(13,745,'2025-01-24',''),(13,746,'2025-01-24',''),(13,747,'2025-02-06',''),(13,748,'2025-02-07',''),(13,751,'2025-02-07',''),(13,753,'2025-02-07',''),(13,772,'2025-02-18',''),(13,779,'2025-02-18',''),(13,786,'2025-03-13',''),(13,799,'2025-04-08',''),(13,803,'2025-04-08',''),(13,809,'2025-03-06',''),(20,1,'2023-02-17',''),(20,2,'2023-01-30',''),(20,3,'2023-01-30',''),(20,8,'2022-08-03','Dokumen dimasukkan ulan.'),(20,9,'2022-08-03','Dokumen dimasukkan ulan.'),(20,14,'2023-01-31',''),(20,30,'2023-02-01',''),(20,51,'2022-10-13','Dokumen dimasukkan ulan.'),(20,53,'2023-02-09',''),(20,62,'2023-02-14',''),(20,64,'2023-02-15',''),(20,65,'2023-02-17',''),(20,86,'2023-02-15',''),(20,92,'2023-02-15',''),(20,95,'2023-02-16',''),(20,96,'2023-02-17',''),(20,97,'2023-02-17',''),(20,101,'2023-02-16',''),(20,103,'2023-02-17',''),(20,112,'2023-02-17',''),(20,113,'2023-02-17',''),(20,114,'2023-02-16',''),(20,115,'2023-02-17',''),(20,116,'2023-02-16',''),(20,119,'2023-02-17',''),(20,122,'2023-02-17',''),(20,123,'2023-02-17',''),(20,124,'2023-02-17',''),(20,125,'2023-02-17',''),(20,126,'2023-02-17',''),(20,127,'2023-02-17',''),(20,128,'2023-02-17',''),(20,129,'2023-02-17',''),(20,143,'2024-01-04',''),(20,147,'2024-01-04','Dokumen dimasukkan ulan.'),(22,1,'2023-02-16',''),(22,2,'2022-08-10',''),(22,3,'2022-08-10',''),(22,4,'2022-08-10',''),(22,5,'2022-07-01',''),(22,6,'2022-08-10',''),(22,7,'2022-08-10',''),(22,8,'2023-02-16',''),(22,9,'2023-02-16',''),(22,10,'2023-02-17',''),(22,11,'2023-02-15',''),(22,20,'2023-01-31',''),(22,21,'2023-01-31',''),(22,22,'2023-01-31',''),(22,38,'2023-02-01',''),(22,41,'2023-02-15',''),(22,60,'2023-02-09',''),(22,69,'2023-02-14',''),(22,71,'2023-02-15',''),(22,72,'2023-02-17',''),(22,88,'2023-02-10',''),(22,94,'2023-02-14',''),(22,95,'2023-02-15',''),(22,101,'2023-02-15',''),(22,104,'2023-02-16',''),(22,106,'2023-02-17',''),(22,107,'2023-02-17',''),(22,108,'2023-02-15',''),(22,109,'2023-02-15',''),(22,113,'2023-02-16',''),(22,115,'2023-02-17',''),(22,124,'2023-02-17',''),(22,125,'2023-02-17',''),(22,126,'2023-02-16',''),(22,127,'2023-02-17',''),(22,128,'2023-02-16',''),(22,131,'2023-02-17',''),(22,134,'2023-02-17',''),(22,135,'2023-02-17',''),(22,136,'2023-02-17',''),(22,137,'2023-02-17',''),(22,138,'2023-02-17',''),(22,139,'2023-02-17',''),(22,140,'2023-02-17',''),(22,141,'2023-02-17',''),(25,1,'2023-02-17',''),(25,2,'2023-01-30',''),(25,3,'2023-01-30',''),(25,4,'2023-01-30',''),(25,7,'2023-01-30',''),(25,14,'2023-01-31',''),(25,30,'2023-02-01',''),(25,32,'2023-02-01',''),(25,37,'2023-02-08',''),(25,50,'2023-02-08',''),(25,54,'2023-02-08',''),(25,56,'2023-02-09',''),(25,65,'2023-02-14',''),(25,67,'2023-02-15',''),(25,68,'2023-02-17',''),(25,69,'2023-02-09',''),(25,90,'2023-02-15',''),(25,96,'2023-02-15',''),(25,99,'2023-02-16',''),(25,100,'2023-02-17',''),(25,101,'2023-02-17',''),(25,105,'2023-02-16',''),(25,107,'2023-02-17',''),(25,108,'2023-02-15',''),(25,117,'2023-02-17',''),(25,118,'2023-02-17',''),(25,119,'2023-02-16',''),(25,120,'2023-02-16',''),(25,121,'2023-02-17',''),(25,122,'2023-02-16',''),(25,125,'2023-02-17',''),(25,128,'2023-02-17',''),(25,129,'2023-02-17',''),(25,130,'2023-02-17',''),(25,131,'2023-02-17',''),(25,132,'2023-02-17',''),(25,133,'2023-02-17',''),(25,134,'2023-02-17',''),(25,135,'2023-02-17',''),(25,136,'2023-02-17',''),(25,144,'2023-02-17','');

--
-- Table structure for table `1_wo_costing`
--

CREATE TABLE `1_wo_costing` (
  `id` int NOT NULL AUTO_INCREMENT,
  `workorder_id` int NOT NULL DEFAULT '0',
  `cost_type` tinyint(1) NOT NULL DEFAULT '0',
  `trans_type` int NOT NULL DEFAULT '0',
  `trans_no` int NOT NULL DEFAULT '0',
  `factor` double NOT NULL DEFAULT '1',
  PRIMARY KEY (`id`)
) ENGINE=InnoDB DEFAULT CHARSET=utf8mb3 COLLATE=utf8mb3_unicode_ci;

--
-- Dumping data for table `1_wo_costing`
--


--
-- Table structure for table `1_wo_issue_items`
--

CREATE TABLE `1_wo_issue_items` (
  `id` int NOT NULL AUTO_INCREMENT,
  `stock_id` varchar(40) CHARACTER SET utf8mb3 COLLATE utf8mb3_unicode_ci DEFAULT NULL,
  `issue_id` int DEFAULT NULL,
  `qty_issued` double DEFAULT NULL,
  `unit_cost` double NOT NULL DEFAULT '0',
  PRIMARY KEY (`id`)
) ENGINE=InnoDB DEFAULT CHARSET=utf8mb3 COLLATE=utf8mb3_unicode_ci;

--
-- Dumping data for table `1_wo_issue_items`
--


--
-- Table structure for table `1_wo_issues`
--

CREATE TABLE `1_wo_issues` (
  `issue_no` int NOT NULL AUTO_INCREMENT,
  `workorder_id` int NOT NULL DEFAULT '0',
  `reference` varchar(100) CHARACTER SET utf8mb3 COLLATE utf8mb3_unicode_ci DEFAULT NULL,
  `issue_date` date DEFAULT NULL,
  `loc_code` varchar(5) CHARACTER SET utf8mb3 COLLATE utf8mb3_unicode_ci DEFAULT NULL,
  `workcentre_id` int DEFAULT NULL,
  PRIMARY KEY (`issue_no`),
  KEY `workorder_id` (`workorder_id`)
) ENGINE=InnoDB DEFAULT CHARSET=utf8mb3 COLLATE=utf8mb3_unicode_ci;

--
-- Dumping data for table `1_wo_issues`
--


--
-- Table structure for table `1_wo_manufacture`
--

CREATE TABLE `1_wo_manufacture` (
  `id` int NOT NULL AUTO_INCREMENT,
  `reference` varchar(100) CHARACTER SET utf8mb3 COLLATE utf8mb3_unicode_ci DEFAULT NULL,
  `workorder_id` int NOT NULL DEFAULT '0',
  `quantity` double NOT NULL DEFAULT '0',
  `date_` date NOT NULL DEFAULT '0000-00-00',
  PRIMARY KEY (`id`),
  KEY `workorder_id` (`workorder_id`)
) ENGINE=InnoDB DEFAULT CHARSET=utf8mb3 COLLATE=utf8mb3_unicode_ci;

--
-- Dumping data for table `1_wo_manufacture`
--


--
-- Table structure for table `1_wo_requirements`
--

CREATE TABLE `1_wo_requirements` (
  `id` int NOT NULL AUTO_INCREMENT,
  `workorder_id` int NOT NULL DEFAULT '0',
  `stock_id` char(20) CHARACTER SET utf8mb3 COLLATE utf8mb3_unicode_ci NOT NULL DEFAULT '',
  `workcentre` int NOT NULL DEFAULT '0',
  `units_req` double NOT NULL DEFAULT '1',
  `unit_cost` double NOT NULL DEFAULT '0',
  `loc_code` char(5) CHARACTER SET utf8mb3 COLLATE utf8mb3_unicode_ci NOT NULL DEFAULT '',
  `units_issued` double NOT NULL DEFAULT '0',
  PRIMARY KEY (`id`),
  KEY `workorder_id` (`workorder_id`)
) ENGINE=InnoDB DEFAULT CHARSET=utf8mb3 COLLATE=utf8mb3_unicode_ci;

--
-- Dumping data for table `1_wo_requirements`
--


--
-- Table structure for table `1_workcentres`
--

CREATE TABLE `1_workcentres` (
  `id` int NOT NULL AUTO_INCREMENT,
  `name` char(40) CHARACTER SET utf8mb3 COLLATE utf8mb3_unicode_ci NOT NULL DEFAULT '',
  `description` char(50) CHARACTER SET utf8mb3 COLLATE utf8mb3_unicode_ci NOT NULL DEFAULT '',
  `inactive` tinyint(1) NOT NULL DEFAULT '0',
  PRIMARY KEY (`id`),
  UNIQUE KEY `name` (`name`)
) ENGINE=InnoDB DEFAULT CHARSET=utf8mb3 COLLATE=utf8mb3_unicode_ci;

--
-- Dumping data for table `1_workcentres`
--


--
-- Table structure for table `1_workorders`
--

CREATE TABLE `1_workorders` (
  `id` int NOT NULL AUTO_INCREMENT,
  `wo_ref` varchar(60) CHARACTER SET utf8mb3 COLLATE utf8mb3_unicode_ci NOT NULL DEFAULT '',
  `loc_code` varchar(5) CHARACTER SET utf8mb3 COLLATE utf8mb3_unicode_ci NOT NULL DEFAULT '',
  `units_reqd` double NOT NULL DEFAULT '1',
  `stock_id` varchar(20) CHARACTER SET utf8mb3 COLLATE utf8mb3_unicode_ci NOT NULL DEFAULT '',
  `date_` date NOT NULL DEFAULT '0000-00-00',
  `type` tinyint NOT NULL DEFAULT '0',
  `required_by` date NOT NULL DEFAULT '0000-00-00',
  `released_date` date NOT NULL DEFAULT '0000-00-00',
  `units_issued` double NOT NULL DEFAULT '0',
  `closed` tinyint(1) NOT NULL DEFAULT '0',
  `released` tinyint(1) NOT NULL DEFAULT '0',
  `additional_costs` double NOT NULL DEFAULT '0',
  PRIMARY KEY (`id`),
  UNIQUE KEY `wo_ref` (`wo_ref`)
) ENGINE=InnoDB DEFAULT CHARSET=utf8mb3 COLLATE=utf8mb3_unicode_ci;

--
-- Dumping data for table `1_workorders`
--


--
-- Table structure for table `xx_reports`
--

CREATE TABLE `xx_reports` (
  `id` varchar(10) COLLATE utf8mb3_unicode_ci NOT NULL DEFAULT '',
  `typ` varchar(10) COLLATE utf8mb3_unicode_ci NOT NULL DEFAULT '',
  `attrib` text COLLATE utf8mb3_unicode_ci NOT NULL
) ENGINE=MyISAM DEFAULT CHARSET=utf8mb3 COLLATE=utf8mb3_unicode_ci;

--
-- Dumping data for table `xx_reports`
--

INSERT INTO `xx_reports` (`id`, `typ`, `attrib`) VALUES ('6','item','Line|PH|1|1|1|1|1'),('F2','funct','atime|2007-09-21|Bauer|Actual Time|function atime() {return date(\"h:i a\");}'),('F1','funct','RepDate|2007-09-26|Joe|Date|function RepDate() {return today().\" \".now();}'),('F4','funct','oldgroup|2007-09-26|bauer|Value of old group|function oldgroup($it){return $it->group_old;}'),('F5','funct','Newgroup|2007-09-26|Hunt|New group value|function newgroup($it){return $it->group_new;}'),('B1','block','block1|2007-09-27|Bauer|Block 1'),('6','item','Line|GF|1|1|1|400|1'),('6','item','DB|DE|Helvetica|9|6|50|0|account_code||||||||'),('6','item','Term|GH|Helvetica|9|50|50|0|Newgroup||||||||'),('F6','funct','rec_count|2007-09-26|bauer|total number of records|function rec_count($it) {return $it->count;}'),('6','item','String|RF|Helvetica|9|20|50|0|Gran Total||||||||'),('6','item','String|GF|Helvetica|9|20|50|0|Sum:||||||||'),('6','item','DB|DE|Helvetica|9|30|300|0|name||||||||'),('6','item','DB|DE|Helvetica|9|20|400|0|class_name||||||||'),('6','item','DB|DE|Helvetica|9|50|100|0|account_name||||||||'),('F7','funct','subcount|2007-09-26|bauer|total number of records of a group|function subcount($it) {return $it->subcount;}'),('6','select','select * from 1_chart_master,1_chart_types,1_chart_class where account_type=id and class_id=cid order by account_code'),('6','item','Line|GH|1|1|1|1|1'),('6','item','Line|RH|1|1|1|1|1'),('6','item','Line|RF|1|1|1|1|1'),('6','item','Term|RH|Helvetica-Bold|16|50|50|0|RepTitle||||||||'),('F8','funct','RepTitle|2007-09-26|Joe|Report Title|function RepTitle($it) \r\n{ return $it->long_name; }'),('6','item','String|RH|Helvetica|8|30|50|-12|Print Out Date:||||||||'),('6','item','Term|RH|Helvetica|8|30|120|-12|RepDate||||||||'),('6','item','String|RH|Helvetica|8|30|50|-24|Fiscal Year:||||||||'),('6','item','String|RH|Helvetica|8|30|50|-36|Select:||||||||'),('6','item','Term|GF|Helvetica|9|4r|200|0|subcount||||||||'),('6','item','Term|RF|Helvetica|9|4r|200|0|rec_count||||||||'),('6','item','String|PH|Helvetica-Bold|9|20|50|0|Account||||||||'),('6','item','String|PH|Helvetica-Bold|9|50|100|0|Account Name||||||||'),('6','item','String|PH|Helvetica-Bold|9|20|300|0|Type||||||||'),('6','item','String|PH|Helvetica-Bold|9|20l|400|0|Class||||||||'),('6','item','Term|RH|Helvetica|9|50|400|0|Company||||||||'),('6','item','Term|RH|Helvetica|9|50l|400|-12|Username||||||||'),('6','item','Term|RH|Helvetica|9|50|400|-36|PageNo||||||||'),('F9','funct','PageNo|2012-11-10|Joe|Page Number|function PageNo($it){return &quot;Page   &quot;.$it-&gt;pdf-&gt;getNumPages();}'),('B1','item','String|PH|Helvetica|7|20|100|0|Stringitem||||||||'),('6','item','Term|RH|Helvetica|8|50|400|-24|Host||||||||'),('F13','funct','Host|2007-09-26|Hunt|Host name|function Host(){return $_SERVER[\'SERVER_NAME\'];}'),('6','group','name|nopage'),('6','item','Term|RH|Helvetica|8|50|120|-24|FiscalYear||||||||'),('F12','funct','FiscalYear|2007-09-26|Hunt|Get current Fiscal Year|function FiscalYear(){$y=get_current_fiscalyear();return sql2date($y[\'begin\']) . \" - \" . sql2date($y[\'end\']);}'),('F11','funct','Username|2007-09-26|Hunt|Get Username|function Username(){return $_SESSION[\"wa_current_user\"]->name;}'),('F10','funct','Company|2007-09-26|Hunt|Company Name|function Company(){ return get_company_pref(\'coy_name\'); }'),('6','info','Accounts|2012-11-10|Hunt|Accounts List (example report)|portrait|a4|class');

--
-- Dumping events for database 'mirzuno_finance'
--

--
-- Dumping routines for database 'mirzuno_finance'
--


